-- https://www.phpmyadmin.net/
--
-- Waktu pembuatan: 25 Jul 2023 pada 15.23
-- Versi server: 10.3.39-MariaDB-cll-lve
-- Versi PHP: 8.1.16

START TRANSACTION;



--
-- Database: `anzfammy_eperpus_2022`
--

-- --------------------------------------------------------

--
-- Struktur dari tabel `categories`
--

CREATE TABLE `categories` (
  `cat_id` bigint(11) UNSIGNED NOT NULL,
  `cat_code` varchar(255) NOT NULL,
  `cat_name` varchar(255) NOT NULL,
  `cat_status` int(3) NOT NULL
) ENGINE=InnoDB DEFAULT CHARSET=utf8 COLLATE=utf8_general_ci;

-- --------------------------------------------------------

--
-- Struktur dari tabel `customizations`
--

CREATE TABLE `customizations` (
  `custom_id` bigint(11) UNSIGNED NOT NULL,
  `front_title` varchar(255) DEFAULT NULL,
  `front_description` longtext DEFAULT NULL
) ENGINE=InnoDB DEFAULT CHARSET=utf8 COLLATE=utf8_general_ci;

--
-- Dumping data untuk tabel `customizations`
--

INSERT INTO `customizations` (`custom_id`, `front_title`, `front_description`) VALUES
(1, 'https://www.google.com/maps/embed/v1/place?q=Simpang+lima+semarang,+Jalan+Simpang+Lima,+Mugassari,+Kota+Semarang,+Jawa+Tengah,+Indonesia&key=AIzaSyBFw0Qbyq9zTFTd-tUY6dZWTgaQzuU17R8', 'Digital Library AnZFam (DILANZ) adalah Perpustakaan Digital dengan berbagai macam kategori Buku Elektronik (E-Book) yang selalu ter-update yang dapat memperluas pengetahuan dan wawasan anda. kunjungi: app.anzfam.com');

-- --------------------------------------------------------

--
-- Struktur dari tabel `e_categories`
--

CREATE TABLE `e_categories` (
  `ecat_id` varchar(255) NOT NULL,
  `ecat_name` varchar(255) NOT NULL,
  `ecat_status` int(3) NOT NULL
) ENGINE=InnoDB DEFAULT CHARSET=utf8 COLLATE=utf8_general_ci;

--
-- Dumping data untuk tabel `e_categories`
--

INSERT INTO `e_categories` (`ecat_id`, `ecat_name`, `ecat_status`) VALUES
('2e7bca88-57bd-4915-a10c-d6f8a6b04300', 'Kamus', 1),
('4631e5e2-5ebb-499d-9415-f6650774240c', 'Pengetahuan Islam', 1),
('588e8c54-637a-494f-b26d-30c8e76aaef5', 'Buku Sekolah Elektronik (BSE Teks)', 1),
('aa599dc9-eb63-4cdb-b227-ebbd720c49b1', 'Motivasi', 1),
('daeae7e6-8cb3-4134-b06b-a247e1529d63', 'Bisnis', 1),
('fa379ef2-bd2d-40a2-bf2e-6c3ada424c51', 'Pengetahuan Umum', 1);

-- --------------------------------------------------------

--
-- Struktur dari tabel `e_collections`
--

CREATE TABLE `e_collections` (
  `ecol_id` varchar(255) NOT NULL,
  `ecol_u` varchar(255) NOT NULL,
  `ecat_id` varchar(255) NOT NULL,
  `esubcat_id` varchar(255) NOT NULL,
  `ecol_title` text NOT NULL,
  `ecol_slug` text NOT NULL,
  `ecol_desc` longtext DEFAULT NULL,
  `ecol_author` varchar(255) DEFAULT NULL,
  `ecol_edition` varchar(255) DEFAULT NULL,
  `ecol_publishedin` varchar(255) DEFAULT NULL,
  `ecol_publishedat` varchar(255) DEFAULT NULL,
  `ecol_issbn` varchar(255) DEFAULT NULL,
  `ecol_publisher` varchar(255) DEFAULT NULL,
  `ecol_ebook` varchar(255) DEFAULT NULL,
  `ecol_cover` varchar(255) DEFAULT NULL,
  `ecol_coverin` int(2) DEFAULT NULL,
  `ecol_coveracc` varchar(255) DEFAULT NULL,
  `ecol_extension` varchar(255) DEFAULT NULL,
  `ecol_size` varchar(255) DEFAULT NULL,
  `ecol_storage` int(2) DEFAULT NULL,
  `ecol_acc` varchar(255) DEFAULT NULL,
  `ecol_status` int(3) NOT NULL,
  `ecol_topstatus` varchar(3) DEFAULT NULL,
  `created_at` datetime NOT NULL,
  `ecol_by` int(11) NOT NULL,
  `red_counter` int(11) DEFAULT NULL
) ENGINE=InnoDB DEFAULT CHARSET=utf8 COLLATE=utf8_general_ci;

--
-- Dumping data untuk tabel `e_collections`
--

INSERT INTO `e_collections` (`ecol_id`, `ecol_u`, `ecat_id`, `esubcat_id`, `ecol_title`, `ecol_slug`, `ecol_desc`, `ecol_author`, `ecol_edition`, `ecol_publishedin`, `ecol_publishedat`, `ecol_issbn`, `ecol_publisher`, `ecol_ebook`, `ecol_cover`, `ecol_coverin`, `ecol_coveracc`, `ecol_extension`, `ecol_size`, `ecol_storage`, `ecol_acc`, `ecol_status`, `ecol_topstatus`, `created_at`, `ecol_by`, `red_counter`) VALUES
('04a1c053-cfb1-40bf-84fa-bd6bb93eb48a', '25960ece-08bd-41e1-839b-e58e052ebf0e', '588e8c54-637a-494f-b26d-30c8e76aaef5', '383516d9-a86f-4d59-bbae-361191195365', 'Buku Siswa Ilmu Pengetahuan Alam (IPA) Semester 1', 'buku-siswa-ilmu-pengetahuan-alam-ipa-semester-1', 'buku Siswa Mapel IPA Semester 1', '5c01b415-a5a4-4d0d-93a6-68d7ced5562b', 'Cetakan Ke-4', 'a32ab0ed-6ab7-4448-9d8d-59a0f059c469', '2017', ' 978-602-427-001-8', '024e0646-b14e-47bd-803e-36e9dcec1a79', '1hbI77O_m2TFhsXFaHoSarAEdGSjdRVSI', '1OldkqdBpsWMHjdNrG7HLPNfUjjP7QMC1', 20, 'dilanz.anzfam@gmail.com', 'pdf', '18022198', 20, 'dilanz.anzfam@gmail.com', 1, '11', '2022-10-19 13:01:06', 1, 77),
('060d6fa1-60be-479c-a8a7-1e6b1a6c73c5', '2f59e7a0-ceff-46da-8709-aa0566d5d3d0', 'daeae7e6-8cb3-4134-b06b-a247e1529d63', 'ff7af783-3bc0-4e66-bb3c-1fcabf24a68c', 'STRATEGI SUKSES JUALAN DI GROUP TELEGRAM', 'strategi-sukses-jualan-di-group-telegram', 'Saat membaca Ebook ini, mungkin salah satu keinginan Anda adalah\r\ningin punya bisnis yang orderannya lancar.\r\nYa, gak sepi pembeli dan selalu ada transaksi.\r\nKebetulan, kalau memang itu tujuannya, insyaAllah isi ebook ini bisa\r\nmemberikan sedikit pencerahan.\r\nKarena itu, silahkan luangkan waktu untuk menghabiskan Ebook ini.\r\nTidak lama koq, hanya beberapa menit saja.', '557bb9cf-6ecc-4e54-9ed9-59b262316d0b', '', '', '', '', '', '18-Bbm4_twLOo9oPHteN_Mz2vSSbev_EH', '11fVY-sPWALPdFkxEWnPCtVMlS3ofvL8I', 20, 'dilanz.anzfam@gmail.com', 'pdf', '626978', 20, 'dilanz.anzfam@gmail.com', 1, '100', '2023-04-09 06:42:43', 1, 12),
('0756be47-56a8-482e-9079-74dd1f9caf1e', '6f50a1a2-f928-4087-aab1-7bc1a246b11b', '4631e5e2-5ebb-499d-9415-f6650774240c', 'ccb19e8d-8d11-48f1-9688-0d502d3555df', 'Kaya Raya ala Abdurrahman bin Auf', 'kaya-raya-ala-abdurrahman-bin-auf', 'Ada satu cerita yang menarik\r\ntentang kegagalan miskinnya\r\nAbdurrahman bin Auf.\r\nKondisinya saat itu sehabis\r\nperang, dan ia bingung: mau\r\ndiapain lagi harta ini dalam jalan\r\nAllah? Karena ketika perang, kan\r\nhartanya bisa disumbangkan\r\nuntuk perang. Setelah perang, ia\r\njadi bingung.', 'd86d3ee7-bca3-49a3-a42c-17ca7433cb3c', '', '', '', '', '', '1Cw4-GPNuF9PuoxSAAm7GKaGUAny5Mp82', '1pysFnoHX5lpIAcyfQffqaGvWdYaDF_sV', 20, 'dilanz.anzfam@gmail.com', 'pdf', '1858530', 20, 'dilanz.anzfam@gmail.com', 1, '11', '2023-04-09 06:38:27', 1, 31),
('0c128571-dde3-4e72-b6d9-bae4fe266dd8', '88361896-5140-4e68-aba4-613b2064cf87', 'fa379ef2-bd2d-40a2-bf2e-6c3ada424c51', 'b8932f99-b0d1-46c7-a990-2f4e967dd5b8', 'Biologi Campbell', 'biologi-campbell', 'Neil Campbell mengombinasikan\r\nsifat investigatif seorang peneliti\r\ndengan jiwa seorang guru yang\r\nberpengalaman dan penuh perhatian.\r\nIa memperoleh gelar M.A. di bidang\r\nZoologi dari UCLA dan Ph.D. di\r\nbidang Biologi Tumbuhan dari\r\nUniversity of California, Riverside,', '6a7ce9d3-69ce-470c-aedf-835ba2c7eb88', 'Edisi Ke-8 Jilid 1', 'a32ab0ed-6ab7-4448-9d8d-59a0f059c469', '2010', '', 'f8f12d49-1988-48c3-b118-a06953010570', '1yfeexwgpFosMb51SirxRZcFGnxoT8Vd_', '1Zs0j3eSotGvvrs35BFZ_nd0ZHOJb05jj', 20, 'dilanz.anzfam@gmail.com', 'pdf', '68070542', 20, 'dilanz.anzfam@gmail.com', 1, '100', '2023-04-09 06:29:06', 1, 21),
('0ca020d6-e6ad-4b40-90de-2fbd9f7befef', 'ce319e31-8d74-4f90-8157-5b72964a3dec', '4631e5e2-5ebb-499d-9415-f6650774240c', 'ccb19e8d-8d11-48f1-9688-0d502d3555df', '75 Kesalahan Bacaan Alfatihah', '75-kesalahan-bacaan-alfatihah', 'ika diperhatikan, dalam solat, Surah Al-Fatihah merupakan satu-satunya surah yang diwajibkan untuk dibaca dalam setiap rakaat sehingga ia termasuk dalam salah satu dari 13 rukun solat. Ketika membacanya pula, ia hendaklah menurut tertib mengikut susunan ayat yang betul serta tajwidnya hendaklah dijaga sesempurna mungkin.', '14d8f16e-9cbc-4320-99ff-0049ba9ac2d8', 'Versi 1', '', '2011', '', '', '1zMd1KcMvTRvxxoppXBhHafp_C3abOj9g', '1EjQUOj8ajY7Jhg4qBT2pB4zAAwLWU2XE', 20, 'dilanz.anzfam@gmail.com', 'pdf', '2779949', 20, 'dilanz.anzfam@gmail.com', 1, '100', '2022-10-24 09:10:34', 1, 15),
('0f705d43-c82e-4b39-914c-94d37e3c2b15', '359131bd-a90d-40fe-85fe-12f8d4c65c03', '4631e5e2-5ebb-499d-9415-f6650774240c', 'bbb5d077-4153-4876-8ae4-3c08e19cd31e', '853 Nama Bayi Islam', '853-nama-bayi-islam', '', '', '', '', '', '', '', '1186ZtBFCRsEa9KTnYgZhpfcBm0d489q8', '1SHlbbo7ol3D0izOZoW5IYljGQ03BsA6Z', 20, 'dilanz.anzfam@gmail.com', 'pdf', '207053', 20, 'dilanz.anzfam@gmail.com', 1, '100', '2022-10-24 09:39:15', 1, 24),
('11f25ccf-14bd-406d-9295-ccf4f86911dc', 'bd299461-9847-4406-856b-9c54fbf89c45', '4631e5e2-5ebb-499d-9415-f6650774240c', '1b6bfec7-1953-40a3-b89a-05c953cb7531', 'Terjemah Talbis Iblis', 'terjemah-talbis-iblis', 'Terjemah Kitab Talbis Iblis oleh Ibnul Jauzi, pernerjemah Kathur Suhardi', 'f4b465a7-fc5c-43fc-97ff-dc0fbc2b068b', 'Cetakan Ke-11', 'b87f32f2-5d4a-4624-a291-f964bbc6605f', '2010', '978-979-592-099-5', '17347406-d327-4c19-885d-ec056f5f25f5', '1A5ZeXh5neK5kV99cMdJZgBCi9aV83f0f', '1YItGp2xuWSCxpHYFCsaF3mcgKpterZDu', 20, 'dilanz.anzfam@gmail.com', 'pdf', '56170324', 20, 'dilanz.anzfam@gmail.com', 1, '10', '2022-10-24 10:08:09', 1, 28),
('12c2363f-6ba6-447e-a20b-50cd9699009f', '9325c3c1-2420-4077-ae7b-1a516699a32a', '4631e5e2-5ebb-499d-9415-f6650774240c', 'ccb19e8d-8d11-48f1-9688-0d502d3555df', 'Landasan Psikologis Pendidikan Islam', 'landasan-psikologis-pendidikan-islam', '', 'd99acedc-fc08-4aaf-8343-2bb37d89e692', '', '', '216', '', '225ca4d5-19b1-4b20-89fc-b86711087d9b', '1w8FO1XgkSQpZczv2MhmGu_nzPEjaItRv', '1kEksOLvHD0h3QlDlCMRuAk7y0LCZh3eT', 20, 'dilanz.anzfam@gmail.com', 'pdf', '1638117', 20, 'dilanz.anzfam@gmail.com', 1, '10', '2022-10-24 09:17:47', 1, 28),
('16ed051c-90c0-417f-9680-f555d4e91213', '581b962c-e10b-4d80-b575-a6f8d615adb3', '4631e5e2-5ebb-499d-9415-f6650774240c', 'ccb19e8d-8d11-48f1-9688-0d502d3555df', 'Buku Pintar Ayat-ayat Alquran', 'buku-pintar-ayat-ayat-alquran', '', '790db43b-cc6e-4bce-bfb6-5f90c6fcfc3d', 'Edisi Revisi', 'a32ab0ed-6ab7-4448-9d8d-59a0f059c469', '2014', '', '', '1X07lyoCDyqIJFc5_TgW0Ii5J3y59NgKA', '1i7UKGdI8_pFi2lc8WgkSJDSqFlmV50P2', 20, 'dilanz.anzfam@gmail.com', 'pdf', '5276020', 20, 'dilanz.anzfam@gmail.com', 1, '10', '2022-10-24 09:37:26', 1, 44),
('1e991ac5-6cf6-4754-8c2f-40d66e1094e6', '77ae607a-6c66-4952-9718-80cabcc3f4ba', '4631e5e2-5ebb-499d-9415-f6650774240c', 'ccb19e8d-8d11-48f1-9688-0d502d3555df', 'Dear Allah, Ternyata Engkau Dekat', 'dear-allah-ternyata-engkau-dekat', '', 'f140c973-aac2-44fa-9aee-c4e10dbdb1d7', 'Cetakan ke -1', 'a32ab0ed-6ab7-4448-9d8d-59a0f059c469', '2017', '', 'ca0e4a5e-f6ba-4853-8a09-ed3522e83b5b', '17JpjFT9dFli9XbDrVBAz8TIJ6S1US53M', '1Uz1C-6qaKn_MPzcrrsOb-rxdfbE-hWtH', 20, 'dilanz.anzfam@gmail.com', 'pdf', '5958515', 20, 'dilanz.anzfam@gmail.com', 1, '10', '2022-10-23 09:56:04', 1, 25),
('202738f4-2699-45bb-bff7-86ba83df3949', '600d57a8-237b-4c74-a966-8ad288beba55', '4631e5e2-5ebb-499d-9415-f6650774240c', '67612118-dc48-4f0d-a0c4-c7d0a96e772d', 'Karakteristik Istri Sholihah', 'karakteristik-istri-sholihah', '\"Dan sungguh kami telah mengutus para rosul sebelum kamu\r\n(Muhammad) dan kami jadikan bagi mereka itu memiliki istriistri dan keturunan.\" (Ar-Ro\'d : 38 )', 'cc53b5f4-3587-43b9-90ae-0f6c1b25b4cf', '', '', '', '', '346b1b89-4ca3-4a83-b988-0550e1fc6f0f', '1D4u1v9lhEUTM3iayijMu6Ry9exhFBKeD', '1Zu0AoZHjpOjG1D_BiuoMPzoB-YweBQWi', 20, 'dilanz.anzfam@gmail.com', 'pdf', '888514', 20, 'dilanz.anzfam@gmail.com', 1, '11', '2022-10-15 22:26:06', 1, 19),
('205398ba-0b0d-43b8-adf4-430f89a5d5ac', 'a488331d-582b-4f31-883c-583494eecafe', '4631e5e2-5ebb-499d-9415-f6650774240c', 'ccb19e8d-8d11-48f1-9688-0d502d3555df', 'Bahasa Arab Mudah, Metode Balik Tangan', 'bahasa-arab-mudah-metode-balik-tangan', 'Buku kecil ini disusun untuk siapa saja yang ingin belajar bahasa Arab dari latar belakang nol putol, dalam artian belum pernah sama sekali belajar bahasa Arab. Keunggulan buku kecil ini, hanya memuat bab yang paling mendasar dengan ungkapan yang paling mudah, ringkas, dan ringan untuk dipahami oleh kalangan awam', '60da219a-fba4-4caf-b1af-24d20fa002c7', 'Cetakan IV', '7d377cf4-64c7-4a3a-9c5e-4bc6f8ae04fd', '2017', '', '31235bae-9abc-4857-8250-507b0f0c49b2', '1wq03EedfQlpgtG2tQH9un3zXgs273reF', '1nkjP4l2f7dWWpf2YFnwQq_MbY79UQ4EH', 20, 'dilanz.anzfam@gmail.com', 'pdf', '782388', 20, 'dilanz.anzfam@gmail.com', 1, '10', '2022-10-24 09:13:57', 1, 31),
('223ad182-4aa8-4064-9915-509b955f8976', '11503c6b-6964-48b1-9590-0677a0008e8f', '4631e5e2-5ebb-499d-9415-f6650774240c', '7c07a5c6-0b34-4f55-a5f6-91dff2ab85a2', '30 Tanya-Jawab Seputar Qurban', '30-tanya-jawab-seputar-qurban', '', '7ed95e07-bcce-4a4b-9c09-bc86cc625588', '', '533c8c9d-8438-4b0b-8b50-12bd1240ac1b', '2009', '', 'fc792c28-bc6b-43fe-803d-f4fcc9fc9b81', '1yuSZissXjv81_QojxyqSPsYcmgG-j1jk', '1rS_cBoUalbL5WFpIgkx7oFoTerwcpLe_', 20, 'dilanz.anzfam@gmail.com', 'pdf', '2132357', 20, 'dilanz.anzfam@gmail.com', 1, '10', '2022-10-24 09:22:23', 1, 24),
('2695a408-a964-4e4c-ac02-6a9b25911daa', 'c65813c9-a79f-469d-844b-16f834a671b7', '4631e5e2-5ebb-499d-9415-f6650774240c', 'ccb19e8d-8d11-48f1-9688-0d502d3555df', '5 Tips Keluarga Bahagia', '5-tips-keluarga-bahagia', '', '', '', '', '', '', '', '1QmuiSG2MfpqwGmptSOU0rXEcqfUq6651', '1gSLPt2v2ELREjqV3Cn2P9gg6psrrUHe_', 20, 'dilanz.anzfam@gmail.com', 'pdf', '473913', 20, 'dilanz.anzfam@gmail.com', 1, '100', '2022-10-23 09:45:00', 1, 20),
('28225ac1-488c-409c-b586-8c34f8778b7c', '8e889e55-015c-4176-a701-7afcb0930593', '4631e5e2-5ebb-499d-9415-f6650774240c', '1b6bfec7-1953-40a3-b89a-05c953cb7531', 'Dalailul Khoirot Wa Syawariqul Anwar Bisanadi At Thoriqoh Al Qodiriyyah', 'dalailul-khoirot-wa-syawariqul-anwar-bisanadi-at-thoriqoh-al-qodiriyyah', 'Dalalailul Khoirot Wa Syawariqul Anwaar Fi Dzikrissholati \'Alannabi Al Mukhtar Shollallohu Alaihi Wasallam, Lil Imam Abi Abdillah Muhammadibni Suulaiman Al Jazuli Bisanadi Wa Riwayati At Thoriqoh Al Qodiriyyah Al \'Aliyyah.', '6fe05fcc-de56-4010-aa12-2e9eaf0b2b2d', 'Cetakan ke -2 ', '9dae756d-4716-468f-a0f0-01f3de389ca5', '2021', '', '7a91d443-549e-4642-bf11-e3c1a63e551c', '1IKDvP9m7WG9qNjwD4jBUrL6bX1NGli5m', '1pGDMwjCTqc2KrPW0EVOEyA-W29kZrHLg', 20, 'dilanz.anzfam@gmail.com', 'pdf', '32200372', 20, 'dilanz.anzfam@gmail.com', 1, '11', '2022-10-15 22:42:27', 1, 22),
('2859454b-53e0-4c18-be63-e7dfebbe9b06', '81ea72b9-bba9-4670-be0b-910ce6b4202c', '4631e5e2-5ebb-499d-9415-f6650774240c', 'ccb19e8d-8d11-48f1-9688-0d502d3555df', 'Halal & Haram dalam Islam', 'halal-haram-dalam-islam', '', '434014d9-4b3d-4e02-bce1-16a9219bdf1f', '', '', '', '', '', '1ohduPdmSe-EtsVHM3nULE_f316rIN_Y5', '1vKm0-lcEUwtXxRJzYcEh6eHpDOQJ4pC1', 20, 'dilanz.anzfam@gmail.com', 'pdf', '3838919', 20, 'dilanz.anzfam@gmail.com', 1, '100', '2022-10-24 09:41:42', 1, 14),
('29c5577e-3780-4d88-bab7-e552172a04a9', 'b1f218e6-a0b8-41fa-a3b5-d8791dde1d41', '4631e5e2-5ebb-499d-9415-f6650774240c', '49c0e19c-6434-4cb4-98b2-97035f2aa57e', 'Sang Rasul Terkasih Muhammad Saw.', 'sang-rasul-terkasih-muhammad-saw', 'Beliau begitu bercahaya, bahkan kondisi bathinnya dapat terlihat dari fisiknya', '1ae57ae7-e40a-42bf-a1e9-98020738fae2', 'Edisi 1', '993c3ccb-20f7-41c0-9065-b3c420bbfdb9', '2014', '', '1bb50e68-0661-4a76-bc7c-2c5726f6fe8d', '1cyRJg9OfuNVisvImVOSYicp7XcfBuhU7', '1uCa13DlEuevoNwsjoBzrX8_NI3uGCndP', 20, 'dilanz.anzfam@gmail.com', 'pdf', '6197161', 20, 'dilanz.anzfam@gmail.com', 1, '11', '2022-10-23 09:02:25', 1, 16),
('2c880099-c00d-46bf-9c3b-03f0aa687d1b', 'af344298-325f-4031-abe8-4b5308714753', '4631e5e2-5ebb-499d-9415-f6650774240c', 'dd793d43-8d81-4c75-90c5-28da9700e6d0', 'Panduan Ramadhan Bekal Meraih Ramadhan Penuh Berkah ', 'panduan-ramadhan-bekal-meraih-ramadhan-penuh-berkah', 'Puasa memiliki keutamaan yang besar. Bulan Ramadhan pun demikian adalah bulan yang penuh kemuliaan. Untuk memasuki bulan yang mulia\r\nini, tentu kita harus punya persiapan yang matang. Bekal utama yang mesti\r\nada adalah bekal ilmu.', '0a226c71-52b8-4153-96d5-755087c247ab', 'Cetakan Ke-7', '1058c838-6b7a-4886-86cd-e3e26acf134d', '2014', '', '94ad1b17-8b56-4e05-9c58-62de9c4fb4a7', '1knLkfLG4ft1_vNAfzi5gttW42nbs-bEb', '1Fom3NME1weKW0qcRoBL00_f-hyAmNnG4', 20, 'dilanz.anzfam@gmail.com', 'pdf', '1384290', 20, 'dilanz.anzfam@gmail.com', 1, '100', '2022-10-18 09:58:14', 1, 12),
('31b68c55-daba-4aeb-9ae7-7fc0c9a9ee3e', '3fd81ec7-43dc-47c1-98b4-73bbc761361d', '588e8c54-637a-494f-b26d-30c8e76aaef5', '383516d9-a86f-4d59-bbae-361191195365', 'Buku Guru Ilmu Pengetahuan Alama (IPA)', 'buku-guru-ilmu-pengetahuan-alama-ipa', 'Buku Guru Mapel Ilmu Pengetahuan Alam kelas VII', '5c01b415-a5a4-4d0d-93a6-68d7ced5562b', 'Cetakan ke -4', 'a32ab0ed-6ab7-4448-9d8d-59a0f059c469', '2017', '978-602-282-996-6', '024e0646-b14e-47bd-803e-36e9dcec1a79', '1LKDYDYE6ZhlXeclFA1XCsr7OmJz0KvLa', '1910rGnSjBG2GShNzNzWjIheKC72Va_4_', 20, 'dilanz.anzfam@gmail.com', 'pdf', '23146084', 20, 'dilanz.anzfam@gmail.com', 1, '11', '2022-10-19 13:08:14', 1, 13),
('35466f1c-16c5-4706-bb20-e29b6ac70c40', '2fe9d8e5-8788-4ff2-8f49-aba26a4e0bf0', '4631e5e2-5ebb-499d-9415-f6650774240c', 'ccb19e8d-8d11-48f1-9688-0d502d3555df', '37 Masalah Populer', '37-masalah-populer', 'Ikhtilaf dan Mazhab - Bid’ah - Memahami Ayat dan Hadits Mutasyabihat – Beramal Dengan Hadits Dha’if - Isbal - Jenggot - Kesaksian Untuk Jenazah - Merubah Dhamir (Kata Ganti) Pada Kalimat “Allahummaghfir lahu” - Duduk di Atas Kubur - Azab Kubur Talqin Mayat - Amal Orang Hidup Untuk Orang Yang Sudah Wafat - Bacaan al-Qur’an Untuk Mayat - Membaca alQur’an di Sisi Kubur - Keutamaan Surat Yasin - Membaca al-Qur’an Bersama - Tawassul - Khutbah Idul Fithri dan Idul Adha - Shalat di Masjid Ada Kubur - Doa Qunut Pada Shalat Shubuh - Shalat Qabliyah Jum’at - Bersalaman Setelah Shalat - Zikir Jahr Setelah Shalat - Berdoa Setelah Shalat - Doa Bersama - Berzikir Menggunakan Tasbih - Mengangkat Tangan Ketika Berdoa - Mengusap Wajah Setelah Berdoa - Malam Nishfu Sya’ban - ‘Aqiqah Setelah Dewasa - Memakai Emas Bagi Laki-Laki - Poto - Peringatan Maulid Nabi Muhammad Saw - Benarkah Ayah dan Ibu Nabi Kafir? - as-Siyadah (Mengucapkan “Sayyidina Muhammad Saw”) - Salaf dan Salafi - Syi’ah.', '7ed95e07-bcce-4a4b-9c09-bc86cc625588', '', '', '', '', '', '1IDl1HVXyEQnv7oT6agKRi4qVKGejq9qx', '1SxCz6jUzm3SY3a3_vaWWWHDmfMeArkyZ', 20, 'dilanz.anzfam@gmail.com', 'pdf', '3200977', 20, 'dilanz.anzfam@gmail.com', 1, '10', '2022-10-23 09:23:59', 1, 20),
('383bac3a-6b93-4d86-a9d9-25ce55eb6067', 'e0e5f302-8811-4d52-ad2d-32b598d8b82e', '4631e5e2-5ebb-499d-9415-f6650774240c', 'ccb19e8d-8d11-48f1-9688-0d502d3555df', 'ISLAM DALAM SEJARAH', 'islam-dalam-sejarah', 'ebagai agama yang menyejarah tampilan Islam di setiap situasi dan kondisi yang melingkupinya\r\nmemiliki keragaman dan keunikan masing-masing. Keragaman\r\ndan keunikan itu muncul dalam berbagai aspek, baik akademis\r\nmaupun praksis. Buku ini memuat beberapa tulisan yang berusaha\r\nmemotret sebagian wujud ajaran Islam yang telah menyejaran\r\ndan membumi itu', '0ee0e90b-4bf6-49fd-a84b-aedcf68dc0e7', 'Cetakan 1', 'cf1b4858-7077-40e3-9514-f3afdb6e122a', '2018', '', '0c9383c2-d124-40f2-8fc1-93582cb480ba', '1UAMGmnZ15KpPYsXRE4nAwCBBkHbxMYGA', '1OgRGYjjoOd0dfTGVUDZE0Gu6kHq9ikPV', 20, 'dilanz.anzfam@gmail.com', 'pdf', '1457979', 20, 'dilanz.anzfam@gmail.com', 1, '100', '2023-04-07 10:06:06', 1, 11),
('3eafdf19-1fe6-473c-a0eb-356b623c4283', 'edb34f06-a03b-44cd-9590-baab6d25bdd9', '588e8c54-637a-494f-b26d-30c8e76aaef5', '383516d9-a86f-4d59-bbae-361191195365', 'Buku Guru Pendidikan Pancasila dan Kwarganegaraan (PKN)', 'buku-guru-pendidikan-pancasila-dan-kwarganegaraan-pkn', 'Buku Guru Mata Pelajaran Pendidikan Pancasila dan Kwarganegaraan kelas VII', '424ab2fe-80ef-4d9b-a63a-2756c1069c54', 'Cetakan Ke-4', 'a32ab0ed-6ab7-4448-9d8d-59a0f059c469', '2017', '978-602-282-965-2 ', '024e0646-b14e-47bd-803e-36e9dcec1a79', '1hlxU2gf-tSVkc9I-k1oL7hQXPwM2dP9x', '1n7S_Xs35xHmtWQ5lnO0mY0rRZgG0Vokx', 20, 'dilanz.anzfam@gmail.com', 'pdf', '1480965', 20, 'dilanz.anzfam@gmail.com', 1, '11', '2022-10-19 14:38:11', 1, 17),
('3fa0be6d-7f1a-49ec-b04b-22123267eb5d', '68635cd6-08f0-4371-9664-770cfbc130f1', '4631e5e2-5ebb-499d-9415-f6650774240c', 'ccb19e8d-8d11-48f1-9688-0d502d3555df', '7 Jurus Ampuh Bebas Hutang', '7-jurus-ampuh-bebas-hutang', 'Yang bikin pusing mayoritas pembaca disini adalah hutang senilai puluhan juta, ratusan juta bahkan milyaran!. Atau juga yang sebel sampai ke ubun-ubun kartu kredit tiap bulan dicicil bertahun-tahun tapi gak lunas-lunas! Hehe.. Ya iyalah, sistem bunga berbunga di kartu kredit itulah yang bikin jebakan hutang tak berkesudahan', 'c3ca4a0a-2016-4552-9055-2c43447fad05', '', '', '', '', '', '11vJITfGPH0m8TELyTH9FWdbkbeZ_RIoi', '1FF48FdaS2RVRAojHPPdMA0cfb9e19f7O', 20, 'dilanz.anzfam@gmail.com', 'pdf', '1124443', 20, 'dilanz.anzfam@gmail.com', 1, '100', '2022-10-23 09:20:10', 1, 15),
('400fc2a3-48f8-4fad-8961-2571320131a7', '432044ee-382c-4d58-b1d6-1a17a01ecc30', '4631e5e2-5ebb-499d-9415-f6650774240c', 'ccb19e8d-8d11-48f1-9688-0d502d3555df', 'Psikologi Islam - Teori dan Penelitian', 'psikologi-islam-teori-dan-penelitian', 'Buku edisi kedua ini merupakan revisi dan pengembangan dari skripsi yang berjudul “Suatu Tinjauan Pemikiran An-Nabhani Tentang Kepribadian”, yang telah di sahkan pada bulan Mei 2007 di Fakultas Psikologi UNISBA. Tujuan penulisan tersebut untuk mendeskripsikan pemikiran Taqiyuddin An-Nabhani tentang kepribadian, dalam upaya menempatkannya sebagai kajian ilmiah di psikologi Islami.', 'ee50415b-5c2d-4ff3-9dd5-e0a69773ee93', 'Edisi Kedua', '', '2012', '', '', '1DfYMiOLWVKC-Hg9XZMweopYs51dXbc8B', '1QYpN7fZ3-ZWgCB80vgn4YmpFzvYccQz6', 20, 'dilanz.anzfam@gmail.com', 'pdf', '1488605', 20, 'dilanz.anzfam@gmail.com', 1, '100', '2022-10-24 09:00:57', 1, 13),
('415ef1ff-20e4-48a4-8f75-43c5b211d06e', 'c0032b56-eec1-4dcc-a70f-01347f754c95', '4631e5e2-5ebb-499d-9415-f6650774240c', 'ccb19e8d-8d11-48f1-9688-0d502d3555df', 'Bahagia Tanpa Riba', 'bahagia-tanpa-riba', 'Ringkasan', '', '', '', '', '', '', '15-jVkvhPA0NmOyMZSiZCENDUdGYJPjdu', '13qY-sgbt_7dX4c9yneEKPwh8zH9Jj5Fc', 20, 'dilanz.anzfam@gmail.com', 'pdf', '595274', 20, 'dilanz.anzfam@gmail.com', 1, '100', '2022-10-23 09:35:30', 1, 13),
('438458f6-fd9f-46c7-be1d-b83b16066206', '797da3a7-cebf-4dbe-b0df-82d7f6afb4cb', 'daeae7e6-8cb3-4134-b06b-a247e1529d63', 'ff7af783-3bc0-4e66-bb3c-1fcabf24a68c', 'BELAJAR FACEBOOK ADS UNTUK PEMULA', 'belajar-facebook-ads-untuk-pemula', 'Ada 5 materi yang akan saya bahas di ebook ini :\r\n1. Mengapa menggunakan Facebook Ads\r\n2. 4 Kategori Facebook Ads dan jenis-jenisnya\r\n3. Apa saja yang perlu Anda siapkan untuk pasang iklan\r\n4. Cara Pasang Iklan Facebook Ads dengan Ads Manager\r\n5. 5 Tips Sukses Beriklan di Facebook\r\nMateri ini merupakan tahap pengenalan FB Ads dan Langkah-langkah langsung\r\nmembuat sebuah iklan FB Ads. Dan sedikit nanti ada tips-tips sukses beriklan\r\ndengan FB ads', '8b7ae30e-9b63-4af9-ba2b-190ce25191fa', '', '', '', '', '', '1-plt1WYcO3j8oQJuHqYjHca0FV6jJ4xI', '11rSaw5jAa8TqZiycriACkjD3_Dg4IXQC', 20, 'dilanz.anzfam@gmail.com', 'pdf', '1381013', 20, 'dilanz.anzfam@gmail.com', 1, '100', '2023-04-09 06:58:57', 1, 4),
('45854708-1b13-490d-83b2-5242bc674bde', '3de5ae15-8dff-4906-b7d8-b361109c1815', '4631e5e2-5ebb-499d-9415-f6650774240c', 'ccb19e8d-8d11-48f1-9688-0d502d3555df', 'Semua Orang Bisa Naik Haji', 'semua-orang-bisa-naik-haji', 'BERHAJI, kata tersebut mungkin terdengar begitu berat, begitu musykil, dan tak terjangkau bagi sebagian orang. Meskipun masuk ke dalam Rukun Islam, hal yang wajib dilakukan oleh seorang Muslim, berhaji ke Tanah Suci sering jadi perkara yang dinanti-nanti atau justru ditunda-tunda oleh sebagian Muslim.', '6e38923b-c9ab-45a8-8c01-b4f27db2557e', 'Cetakan Pertama', 'cf1b4858-7077-40e3-9514-f3afdb6e122a', '2017', ' 978-602-5583-01-8', '18d70e80-8028-4fe0-be3b-db121367947a', '1kgoXIbqWhSJ4n5sVrnA9KCrqY8qZJjXv', '1EzlHFjr-V6AubUpkoU4_PdpiglHbBRtK', 20, 'dilanz.anzfam@gmail.com', 'pdf', '5659574', 20, 'dilanz.anzfam@gmail.com', 1, '100', '2022-10-18 10:48:40', 1, 15),
('46ca1273-da7a-46f1-a91c-a2d4c75a962c', '4249fd50-cc46-4cbc-ba96-477055f2ac45', '4631e5e2-5ebb-499d-9415-f6650774240c', '1b6bfec7-1953-40a3-b89a-05c953cb7531', 'Ar - Ruh Li Ibnil Qoyyim Al Jauziyah', 'ar-ruh-li-ibnil-qoyyim-al-jauziyah', 'Kitab Berbahasa Arab Gundul.', '1bbc44cd-5dad-4b92-ad9e-f86509dff013', '', 'a2cb6264-a1bb-4872-b5be-63a948af274e', '', '9953-72081-9', 'fdaf2d38-3a04-47b4-8446-12d860e161a9', '1c2rllIaDt3MxoESvWRyf5IQcYekxBvey', '1zmVhwZHZXd2jNGBVbQ7ZU3lZ-xePiBhy', 20, 'dilanz.anzfam@gmail.com', 'pdf', '8314027', 20, 'dilanz.anzfam@gmail.com', 1, '10', '2022-10-15 23:40:58', 1, 30),
('483d0117-6fed-4a25-8427-834ffadaaef0', 'f6b00f63-8a8e-4daf-bfbd-a5907fd5e9bc', '4631e5e2-5ebb-499d-9415-f6650774240c', 'd2521e0d-d748-49c6-8443-5134bed139bd', 'Find Out Rasulullah Habits - The Daily Routine of Prophet Muhammad SAW', 'find-out-rasulullah-habits-the-daily-routine-of-prophet-muhammad-saw', '“Tahukah kalian bahwa di dunia ini ada dua kitab yang sangat terkenal di mana-mana, sangat banyak dipelajari oleh kaum muslimin dari timur ke barat, yang satu mempelajari ilmu Nahu dan satu lagi membahas tentang ilmu Siroh Nabawiyah. Kedua kitab itu adalah AlJurumiyah dan Burdah Imam Bushiri.”', '72200029-3b18-4580-8f45-d38ff13d49e6', '', '', '2017', '', '', '1oAnS4uGBFmpPEtZnW5V8r_PVqCGHADrI', '1cj2Iovv6cFlKRdzELit_S_wsyb2wDdbA', 20, 'dilanz.anzfam@gmail.com', 'pdf', '1014446', 20, 'dilanz.anzfam@gmail.com', 1, '10', '2022-10-25 08:20:48', 1, 21),
('4b73691e-1a85-4824-ab73-fe4f3638fd28', '8d44bf13-a882-4624-aebb-b8321dc97f23', '4631e5e2-5ebb-499d-9415-f6650774240c', 'dd793d43-8d81-4c75-90c5-28da9700e6d0', 'Buku Panduan Ramadhan Untuk Anak', 'buku-panduan-ramadhan-untuk-anak', 'Dampingi anak menghidupkan bulan Ramadhan. Tips untuk orang tua | Penanda harian | Checklist ibadah\r\nTopik Ngobrol Harian | Ide Quality Time', '3ba0f14a-f2eb-42bf-a41b-7dee98bdb12b', '', '', '', '', '', '10469HApYq5g-ha8GLGfT1pzHmW6ZJ5jj', '1ge6PdETDt7Fidyq6yN2rPCAhKmyaaCy6', 20, 'dilanz.anzfam@gmail.com', 'pdf', '2992744', 20, 'dilanz.anzfam@gmail.com', 1, '11', '2022-10-18 10:02:04', 1, 12),
('4cb958f2-db6c-4e47-90bb-ab8a2a3a7509', '4d420280-2812-43ce-8e46-a8feca93c704', '4631e5e2-5ebb-499d-9415-f6650774240c', 'dd793d43-8d81-4c75-90c5-28da9700e6d0', 'Fiqih Puasa: Ibu Hamil & Menyusui Bolehkah Bayar Fidyah Saja', 'fiqih-puasa-ibu-hamil-menyusui-bolehkah-bayar-fidyah-saja', '10 pembahasan yang akan kita\r\nbahas dalam buku ini.\r\n\r\n1. Pengertian Puasa\r\n2. Keutamaan Puasa\r\n3. Macam-macam Puasa\r\n4. Syarat Puasa\r\n5. Rukun Puasa\r\n6. Sunnah-sunnah Puasa\r\n7. Pembatal Puasa\r\n8. Ibu Hamil & Menyusui\r\n9. Orang Yang Boleh Tidak Puasa', 'beaf3934-d5f4-4b8c-bfd6-ac7259746250', 'Cetakan Pertama', '38eac7ed-f4df-4bbb-a07c-fcae469cddfb', '2020', '', '7a2dc436-358c-4cb7-b721-5f61f79e711c', '1XospGuGEiwV_ZO_vf1P3VhPVNCAar3hW', '1HBNIAg7XUpHma4U7FCj8xUv52w6HRxm0', 20, 'dilanz.anzfam@gmail.com', 'pdf', '955129', 20, 'dilanz.anzfam@gmail.com', 1, '100', '2023-04-09 06:08:19', 1, 6),
('4d5cfd7b-2e13-4f83-8c15-77b60c67cde5', '28cfd85e-1318-4a10-b407-254b70e093b3', '4631e5e2-5ebb-499d-9415-f6650774240c', '2aa4d9b5-81b8-4d0b-87a9-df264d4783c7', 'Ensiklopedi Fiqih Wanita Jilid 1', 'ensiklopedi-fiqih-wanita-jilid-1', 'Disajikan secara mudah, lengkap, aktual dan menentramkan disertai dali - dalil Al-Quran dan As-Sunnah.', '3d7643af-fda4-42ff-bd26-4ca17130640b', 'Jilid 1', '', '', '', '5083bcb4-da52-490c-92f4-fc8a71e7ca52', '16_6MRT6onBVCKbp6DkGh8hnS6BuFqJRv', '1HFUg3_X5WvH7IzHo1OuOg1r-n24hqCzD', 20, 'dilanz.anzfam@gmail.com', 'pdf', '21631557', 20, 'dilanz.anzfam@gmail.com', 1, '100', '2022-10-25 08:03:12', 1, 1),
('4da838f5-9b34-4f31-9536-7bc7a9b37b89', '503bde77-56fa-40ea-bd57-e46bd0d159f6', 'daeae7e6-8cb3-4134-b06b-a247e1529d63', '6aaa8ffb-ec10-41ba-befa-0975a2a8339d', 'Marketing Ramadhan', 'marketing-ramadhan', 'Teknik marketing dibulan Ramadhan, mulai dari Konten Youtube, Jual Produk, dll', '', '', '', '2020', '', '5f6946f8-c729-4293-9fb0-15904be1ba0b', '1gFYwdeGwcLLCKFruTNRKcsFrWwfmbeo2', '1_Au4W4DZIHci0tXDmVjFas2T8aZPxSAG', 20, 'dilanz.anzfam@gmail.com', 'pdf', '30002919', 20, 'dilanz.anzfam@gmail.com', 1, '100', '2023-04-09 06:19:50', 1, 7),
('4dd37c3a-941c-4ff7-a94b-f93f6e1ab6a9', '93469fb7-911d-4e25-af2e-61a2dde9c4a4', '4631e5e2-5ebb-499d-9415-f6650774240c', 'ccb19e8d-8d11-48f1-9688-0d502d3555df', 'Menuju Hati yang Khusyu', 'menuju-hati-yang-khusyu', 'Diuraikan secara mendasar, meliputi ilmu syari’at, ilmu thoriqoh, ilmu hakikat dan ilmu ma’rifat yang diaplikasikan kepada realita dan fenomena, buku ini akan mampu menjadi pencerahan bagi pembacanya. Baik secara rasional di kala sedang dibaca maupun spiritual manakala isi yang sudah difahami mampu ditindaklanjuti dengan amal dan ibadah.', '18b756e7-3140-42ea-a6b0-c20991acffe2', 'Cetakan perdana', '126b7678-4f71-43f4-a613-120b77111460', '2006', '', 'abfac7d8-af9d-42cc-8244-f9e66340313b', '1ixCU0zmfLMLMyBZA_kKqRkShKvmBjCQH', '19JRHfQjoGKMzgZi77lIhRP_Iw7tLUJ8U', 20, 'dilanz.anzfam@gmail.com', 'pdf', '1025619', 20, 'dilanz.anzfam@gmail.com', 1, '10', '2022-10-24 09:06:16', 1, 17),
('4ddb3e34-82b9-4423-83f6-cfe5b1c514be', '60be8fb7-3761-4d35-b52e-9137f64284e7', '4631e5e2-5ebb-499d-9415-f6650774240c', 'bbb5d077-4153-4876-8ae4-3c08e19cd31e', 'Fikih Puasa untuk Anak', 'fikih-puasa-untuk-anak', 'Buku ini berisi 21 materi yang membahas keutamaan\r\nRamadan, keutamaan puasa, hukum puasa (dengan\r\npendekatan pada fikih Syafii), doa dan dzikir pada\r\nbulan Ramadan, skedul anak selama Ramadan, cara\r\nanak khatam Alquran, serta hal-hal sia-sia dan maksiat yang mesti dijauhi saat berpuasa. ', '0a226c71-52b8-4153-96d5-755087c247ab', 'Edisi Revisi', '', '2020', '', '', '1n2y8BN0lngAsDxSoc8uBEEyHLV206NZb', '1y7vJoL3h8L_m9XF_APcALO-R7c2U1Dma', 20, 'dilanz.anzfam@gmail.com', 'pdf', '3638757', 20, 'dilanz.anzfam@gmail.com', 1, '100', '2023-03-27 17:40:43', 1, 6),
('528e6916-e381-481b-80e0-c99443e2dad7', 'aad398aa-7c4d-4c10-808d-d6169922dd7d', '4631e5e2-5ebb-499d-9415-f6650774240c', 'ccb19e8d-8d11-48f1-9688-0d502d3555df', 'HIMPUNAN DOA NABI-NABI DALAM AL-QURAN', 'himpunan-doa-nabi-nabi-dalam-al-quran', '', '', '', '', '', '', '', '1yhwgatLW03xkhIj_Bb2f7g3BWcJHGC9C', '1hFeCQHH_ULF3RS8k1DE-I0xDWJp0KPXf', 20, 'dilanz.anzfam@gmail.com', 'pdf', '7357539', 20, 'dilanz.anzfam@gmail.com', 1, '100', '2022-10-23 09:43:21', 1, 14),
('5c3c2d60-e3d4-4bd3-990e-7aeb0def25a4', '40041d45-8adb-47e2-8994-6ec2f7969820', '4631e5e2-5ebb-499d-9415-f6650774240c', '1b6bfec7-1953-40a3-b89a-05c953cb7531', 'Mengenal Lebih Dekat Dalailul Khairat', 'mengenal-lebih-dekat-dalailul-khairat', 'Untaian Sholawat Paling Indah Keada Rasululloh S.A.W', '7c33b5c3-46c0-46a4-9db2-a00353d58b7b', '', '', '', '', '', '1i8ta-zqtlKoFNN8jZR04lXnrJBGP1Lrp', '10KXmDcsRaG1vGMqtMaEzpc7pND2S3pZA', 20, 'dilanz.anzfam@gmail.com', 'pdf', '541422', 20, 'dilanz.anzfam@gmail.com', 1, '10', '2022-10-15 22:56:21', 1, 23),
('60d13e63-64a5-46b9-883a-fccb9f81cce1', 'ff837b57-2966-42d8-823e-53b6d1b121a1', '4631e5e2-5ebb-499d-9415-f6650774240c', 'ccb19e8d-8d11-48f1-9688-0d502d3555df', 'Cara Spiritual Bayar Hutang', 'cara-spiritual-bayar-hutang', 'Dalam Ebook Pertama ini saya membahas tentang bagaimana melunasi hutang selunas lunasnya. Itu karena banyak yang inbox pada saya orang yang tertekan dan stres berat karena hutang yang diembannnya dengan berbagai alasan.', '7c29c2b5-6941-4bcb-a0b9-e3ecd3a6d137', '', '', '', '', '', '1tKFkJ_Cs7Cq8hOCcgD2bEh0F4Iibo6rL', '1KRIKXBsbCqUhloU21fpAEI9g5-ipzPh-', 20, 'dilanz.anzfam@gmail.com', 'pdf', '590811', 20, 'dilanz.anzfam@gmail.com', 1, '100', '2022-10-23 09:47:27', 1, 13),
('62bdae6a-0a38-44cc-b040-8f627641a876', '7dd0a9c8-93f1-41f4-85bf-86a476f9d8df', '4631e5e2-5ebb-499d-9415-f6650774240c', 'bbb5d077-4153-4876-8ae4-3c08e19cd31e', '10 Kaidah Emas Dalam Mendidik Anak', '10-kaidah-emas-dalam-mendidik-anak', '', 'c57e1649-d4bf-4418-a0b9-8b22b7799170', 'Serial ke-10', '', '2021', '', '6a9c274c-96e5-494f-a929-c1dc641dcb15', '1zGpIhqsKGWYyZUqGtC_yQOOfJgJX1ULT', '1ddE2mqTdl9gBd1rK7T5kDFFFQCY8M0D5', 20, 'dilanz.anzfam@gmail.com', 'pdf', '823703', 20, 'dilanz.anzfam@gmail.com', 1, '100', '2023-03-27 17:17:00', 1, 10),
('6313b36e-6607-4051-bd98-f7204dbeaae1', '1ca8d393-62b9-490a-a8c1-f948e7606c68', '4631e5e2-5ebb-499d-9415-f6650774240c', 'ccb19e8d-8d11-48f1-9688-0d502d3555df', 'Kupas Tuntas Hukum MLM Dalam Sudut pandang Islam', 'kupas-tuntas-hukum-mlm-dalam-sudut-pandang-islam', 'MULTI LEVEL MARKETING atau lebih sering disingkat dengan MLM, merupakan sebuah\r\nfenomena abad 21. Hampir setiap minggu, ada saja perusahaan MLM baru yang muncul di\r\ndunia. Artinya, ini sudah merupakan tren dan menjadi bagian dari kehidupan bermasyarakat', '71acfaef-3693-41dd-bc16-5818a45ca2ec', '', '', '', '', '', '1D6Lntc4Jw7mEsMaBr6SyV5HSk2ErWBbG', '1Q6ilhX7O7zOe5v7nK50C_xUErYiQWr_T', 20, 'dilanz.anzfam@gmail.com', 'pdf', '2432677', 20, 'dilanz.anzfam@gmail.com', 1, '100', '2022-10-23 09:14:10', 1, 14),
('6b51f733-573e-4143-8c07-68706da87d86', '483f1bdd-05da-4d02-ba13-f20663c29fe4', '588e8c54-637a-494f-b26d-30c8e76aaef5', '383516d9-a86f-4d59-bbae-361191195365', 'Buku Siswa Bahasa Inggris VII', 'buku-siswa-bahasa-inggris-vii', 'Buku Siswa Mapel Bahasa inggris Kelas 7', 'fcf49ef9-31c5-450a-b181-ae6f532d8459', 'Cetakan ke -4', 'a32ab0ed-6ab7-4448-9d8d-59a0f059c469', '2017', 'ISBN 978-602-282-977-5', '024e0646-b14e-47bd-803e-36e9dcec1a79', '1kDbhHV3WoAckxLW0lU8m9UtE2ap37NR2', '1DGhIKQQ3r3QTqsEYskzdRNe0EzMyp4F3', 20, 'dilanz.anzfam@gmail.com', 'pdf', '51593378', 20, 'dilanz.anzfam@gmail.com', 1, '11', '2022-10-19 12:54:28', 1, 15),
('6c16946d-e96b-4227-b44d-f45fc197ed88', '9a77d9ac-e6c0-4557-8924-65d5823250f4', 'daeae7e6-8cb3-4134-b06b-a247e1529d63', 'ff7af783-3bc0-4e66-bb3c-1fcabf24a68c', '7 Kesalahan Fatal Penyebab Gagal Closing', '7-kesalahan-fatal-penyebab-gagal-closing', 'Sebagai seorang penjual/pemasar\r\nsebuah produk maka anda tidak boleh tidak memahami\r\nproduk anda.\r\nJika ini terjadi maka sangat wajar jika anda gagal closing.\r\nBagaiamana anda akan menjelaskan dengan baik kepada\r\ncalon pembeli jika anda sendiri belum memahami\r\nsepenuhnya produk anda', '695d2897-6626-472a-b621-08156ce13cb5', '', '', '', '', '', '1AKLemHjTaxE4FyofgnS5s7nilGUGlkpJ', '1jlwYGgDbhBq_NiMTqWNMLWyPVNQeoPzm', 20, 'dilanz.anzfam@gmail.com', 'pdf', '552464', 20, 'dilanz.anzfam@gmail.com', 1, '100', '2023-04-09 06:51:32', 1, 5),
('6cd64185-49aa-4352-afd8-74ca47aaf1a5', '981dd593-8649-491d-9415-8c9721a2eadd', '4631e5e2-5ebb-499d-9415-f6650774240c', 'ccb19e8d-8d11-48f1-9688-0d502d3555df', 'Sehat Ala Nabi', 'sehat-ala-nabi', 'Sehat itu pilihan. Memilih untuk tetap dijalan Allah SWT adalah kesehatan yang hakiki. Melalui Rasul-Nya, Allah SWT mengajarkan bagaimana agar kita sehat.', '223f1b0b-200f-4be8-8d13-e4197741d58d', '', 'a32ab0ed-6ab7-4448-9d8d-59a0f059c469', '2015', '978-602-0989-49-5', '585aa4c2-5957-45c9-a629-5293e2739131', '19Uegu6MMF7mGHQA_VesGEnc_07xuWCYg', '1vf9fNkclolIIqSF5hYd0nPINqn6ciXvX', 20, 'dilanz.anzfam@gmail.com', 'pdf', '16044385', 20, 'dilanz.anzfam@gmail.com', 1, '10', '2022-10-24 08:30:25', 1, 22),
('6d4c7de2-2ed7-4f30-90f8-702f68092c33', 'fa71c7a5-9abc-4d3e-9cd1-7e4c950bebaf', '4631e5e2-5ebb-499d-9415-f6650774240c', 'ccb19e8d-8d11-48f1-9688-0d502d3555df', '10 Alasan Membela MASJIDIL AQSHA', '10-alasan-membela-masjidil-aqsha', 'Slide-', '', '', '', '', '', '', '1aNRZ21BBFlqaaxH1Z2wIowzf6w5oCJ73', '1uG5zVddv23fr8GEZeA1r1KxovrK0suJq', 20, 'dilanz.anzfam@gmail.com', 'pdf', '414759', 20, 'dilanz.anzfam@gmail.com', 1, '100', '2022-10-23 09:26:00', 1, 12),
('6eda6c37-1068-4a30-9e01-e178c40cf335', 'be3b99b5-0858-4492-ab01-30d973aa4ed9', '4631e5e2-5ebb-499d-9415-f6650774240c', '7c07a5c6-0b34-4f55-a5f6-91dff2ab85a2', 'Ringkasan Fiqih Islam (Fiqih Al quran dan Sunnah)', 'ringkasan-fiqih-islam-fiqih-al-quran-dan-sunnah', 'Terjemah: Team Indonesia islamhouse.com, Editor: Eko Haryanto Abu Ziyad & Mohammad Latif. Lc', '4ab947c2-dd8c-4254-84de-72cf4a20bc4a', '', '', '2012', '', '', '1gvsiNIqf3F1gn4s9QE6uE1x_oVHcc0tf', '132Y0j0A3vAQyZA4lieK-QSKZAQ7R7A4l', 20, 'dilanz.anzfam@gmail.com', 'pdf', '2443989', 20, 'dilanz.anzfam@gmail.com', 1, '100', '2022-10-18 10:27:24', 1, 10),
('743a75d6-dead-4976-af3d-5de7aaaddeac', '85aaa2cd-634d-4aea-a6f0-dadec0ce6afa', 'daeae7e6-8cb3-4134-b06b-a247e1529d63', 'ff7af783-3bc0-4e66-bb3c-1fcabf24a68c', 'MARKETING DYNAMITE - 21 STRATEGI JITU MELEDAKKAN OMSET', 'marketing-dynamite-21-strategi-jitu-meledakkan-omset', '', 'd86d3ee7-bca3-49a3-a42c-17ca7433cb3c', '', '', '', '', '', '1KnUjqIqy4GD97pTpVJrPhybcHAdrYI_o', '10A2_XydHJE4hrLVb69rG_ugJpMR0SboO', 20, 'dilanz.anzfam@gmail.com', 'pdf', '7284140', 20, 'dilanz.anzfam@gmail.com', 1, '100', '2023-04-09 07:02:15', 1, 6),
('744fc7d5-47a7-402a-9a4a-1518508c131d', 'b42dd8b4-be9e-4b9d-a46b-b50575bc7e90', '4631e5e2-5ebb-499d-9415-f6650774240c', '6a28f7e6-d6a7-4ef2-b0b9-0a98e392db0d', 'Cara Sistematis Menghapal Hadits', 'cara-sistematis-menghapal-hadits', '', '092d34ee-1343-4b08-884c-962dd9886ec0', 'Cetakan Pertama', '', '2015', '', '3c188d84-e345-4da7-aaaa-fa86bd37d7a3', '1XDkLAIFl3kCHtzD85jgD9XByi-esHFzK', '1AxthdfXtbpPswxbAN0sysrc8AxcMmZRR', 20, 'dilanz.anzfam@gmail.com', 'pdf', '1093398', 20, 'dilanz.anzfam@gmail.com', 1, '100', '2022-10-25 08:12:32', 1, 2),
('74dcc008-27d8-4549-b04a-8d8ba4d459fa', '4d8aeb04-6d7b-428c-b310-8639e3482525', '4631e5e2-5ebb-499d-9415-f6650774240c', 'dd793d43-8d81-4c75-90c5-28da9700e6d0', 'Buku Saku Ramadhan', 'buku-saku-ramadhan', 'Rindu akan Datangnya Ramadhan\r\nDi antara perkataan ulama terdahulu yang menunjukkan kerinduan\r\nakan datangnya bulan Ramadhan adalah apa yang diungkapkan\r\noleh Yahya bin Abi Katsir rahimahullah. Beliau mengatakan bahwa\r\nsalah satu do’a yang dipanjatkan para salaf adalah do’a berikut:\r\n\r\n“Ya Allah, pertemukan diriku dengan bulan Ramadhan, selamatkan\r\nRamadhan untukku, dan terimalah seluruh amalku di bulan\r\nRamadhan.', '44ff543c-cd7e-4e42-a3cb-7f3a27a3d89e', '', '', '', '', '', '1k6JTP0Q9w3PylYm8oypQzqR1tgJFodxo', '1KkZHLeqCDvq966VhlWNnkmo97WF878nu', 20, 'dilanz.anzfam@gmail.com', 'pdf', '1103708', 20, 'dilanz.anzfam@gmail.com', 1, '100', '2022-10-18 09:30:44', 1, 8),
('774a4604-896a-4992-a57d-8e4c0ac0b6d0', 'cb7ce7ce-bd87-493d-b6f8-bfc0b98af11b', '588e8c54-637a-494f-b26d-30c8e76aaef5', '383516d9-a86f-4d59-bbae-361191195365', 'Buku Guru Matematika (MTK)', 'buku-guru-matematika-mtk', 'Buku Guru Mata Pelajaran Matematika kelas VII', 'be14a23a-c12b-476a-b253-326c0809b52e', 'Cetakan ke -4', 'a32ab0ed-6ab7-4448-9d8d-59a0f059c469', '2017', '978-602-282-992-8 ', '024e0646-b14e-47bd-803e-36e9dcec1a79', '1yGAjIX447uVphHeorH_I0JtEc7TNErZH', '1xMJ03gBWYeB9a9UMG9mH9loAXMStvJFl', 20, 'dilanz.anzfam@gmail.com', 'pdf', '46796149', 20, 'dilanz.anzfam@gmail.com', 1, '11', '2022-10-19 14:06:46', 1, 14),
('7faedc50-c4bb-4df9-b86f-891a0782b02d', '62c4352c-ab4b-49a7-897e-f30976a49541', '4631e5e2-5ebb-499d-9415-f6650774240c', '67612118-dc48-4f0d-a0c4-c7d0a96e772d', 'Menikah Sehat dan Islami', 'menikah-sehat-dan-islami', 'Dalam Al Qur’an pasangan yang menikah itu ibarat pakaian dan yang memakainya. Allah SWT berfirman, “Mereka adalah pakaian bagimu, dan kamupun adalah pakaian bagi mereka.” (QS Al Baqarah: 187)', '8613fe02-7b80-4089-8e92-cb7701a7679c', '', 'b87f32f2-5d4a-4624-a291-f964bbc6605f', '', '', 'ab241d99-5863-4fb6-b3c3-93415b7acc0c', '15SJA7oR1KEDp1Cf4arpmKqvuEK_CFLV4', '1gSh3CgM3xsKnoWf0LLeNayvOhtVUifqe', 20, 'dilanz.anzfam@gmail.com', 'pdf', '1926347', 20, 'dilanz.anzfam@gmail.com', 1, '100', '2023-07-18 09:59:09', 1, 1),
('817a4f00-b39a-4ce1-8a8d-12b79ef4ed1b', '15ea9882-d6d8-4aa4-8d77-1f04ef7d8667', '4631e5e2-5ebb-499d-9415-f6650774240c', 'ccb19e8d-8d11-48f1-9688-0d502d3555df', ' 7 Rahasia Doa Tak Tertolak', '7-rahasia-doa-tak-tertolak', 'Setiap orang yang hidupnya ingin lebih baik tentunya punya impian. Dan harus kita\r\nsadari, dari impian menjadi kenyataan ini ada yang namanya Rumus penciptaan;\r\n*[Ikhtiar (0%) + izin Allah (100%)]*.', '', '', '126b7678-4f71-43f4-a613-120b77111460', '', '', '', '17965K-Yp0HoLEBloBFV8hyRcWzXmElhj', '14TVIs8EvJU91fmQMu2uMt-BaKnx6sAv6', 20, 'dilanz.anzfam@gmail.com', 'pdf', '409870', 20, 'dilanz.anzfam@gmail.com', 1, '100', '2022-10-24 08:23:39', 1, 19),
('840ee026-f1d6-4ba0-b07b-0bfeaace91a1', 'b6f1f7b9-5fc7-4435-b581-dbdb2b5bbfef', '588e8c54-637a-494f-b26d-30c8e76aaef5', '383516d9-a86f-4d59-bbae-361191195365', 'Buku Guru Pendidikan Jasmani, Olahraga dan Kesehatan (PJOK)', 'buku-guru-pendidikan-jasmani-olahraga-dan-kesehatan-pjok', 'Buku guru Mata Pelajaran Pendidikan Jasmani, Olahraga, dan Kesehatan kelas VII', '88fa57b9-9d30-40fc-8344-33f85315c6ec', 'Cetakan Ke-4', 'a32ab0ed-6ab7-4448-9d8d-59a0f059c469', '2017', '978-602-427-020-9', '024e0646-b14e-47bd-803e-36e9dcec1a79', '1ZdMr8XT9yW15PxRcHSKN-NmjAQmLcKNO', '1FZNpOU3zaIxq_PcilI-gCasimIQrvKs_', 20, 'dilanz.anzfam@gmail.com', 'pdf', '42302305', 20, 'dilanz.anzfam@gmail.com', 1, '11', '2022-10-19 14:17:18', 1, 14),
('870c2d32-53f7-4228-891d-00fadefc253b', '4cf79479-5947-4974-adfb-7103c70d5191', '4631e5e2-5ebb-499d-9415-f6650774240c', 'ccb19e8d-8d11-48f1-9688-0d502d3555df', 'Kumpulan Tanya Jawab Keagamaan Islam', 'kumpulan-tanya-jawab-keagamaan-islam', 'Sebagaimana diketahui, PISS-KTB adalah berfaham Ahlus Sunnah Wal Jama\'ah. Jika terdapat artikel yang\r\nbertentangan dengan faham Ahlus Sunnah Wal Jama\'ah dalam ePustaka Islami ini, maka hal itu adalah\r\nkekhilafan dan keterbatasan kami dalam mendiskusikan dan memilih bahan dokumen, dan tidak bermaksud\r\nmenyebarkan faham tersebut. Ambil saja hikmahnya dan jadikan hal itu sebagai pembanding dari faham Ahlus\r\nSunnah Wal Jama\'ah kita.', '', '', '', '2013', '', '3a188982-5d3f-427f-8ca1-098a840d8b82', '1wPJB64wypIYa45tKIPzS55lhUbXSvplL', '10zSidkUTmJuhEw9A-tTufNPuW9lnp0it', 20, 'dilanz.anzfam@gmail.com', 'pdf', '23328610', 20, 'dilanz.anzfam@gmail.com', 1, '100', '2022-10-24 08:16:29', 1, 10),
('895a9229-72d1-4055-bc57-7a45d3679288', '83bc1dae-5916-4503-abce-62a15b31d74a', '4631e5e2-5ebb-499d-9415-f6650774240c', 'f04e8f99-48eb-4850-907b-b822f23c8f4b', '77 Tanya Jawab Shalat', '77-tanya-jawab-shalat', 'Seorang laki-laki tua datang kepada saya, rambutnya sudah memutih karena usia, setelah\r\nbersalaman ia pun berucap, “Pak Ustadz, ketika bangkit dari ruku’, saya selalu mengucapkan\r\n‘Sami’allahu li man hamidah’. Kata penceramah di kampung saya, ma’mum yang melakukan perbuatan\r\nseperti itu, maka shalatnya batal. Bagaimanakah shalat saya selama ini?”.\r\nDalam sebuah pengajian, terlihat seorang jamaah yang melaksanakan shalat, ketika TakbiratulIhram ia angkat kedua tangannya setinggi-tingginya, setiap kali tegak bangun dari sujud ia kembali\r\nmengangkat kedua tangannya', '71af0a37-a524-43f8-a963-cb2feb46c674', '', '', '', '', '', '1gUsrE-9b9J4Y2pyslsBJ1uc8XLonTB9t', '1NruKIWZ1bnsXk2ffr0kKBbK2HMmg8a18', 20, 'dilanz.anzfam@gmail.com', 'pdf', '1841284', 20, 'dilanz.anzfam@gmail.com', 1, '100', '2022-10-16 10:01:21', 1, 2),
('8a372fad-0a33-4d44-a2da-c4743fba304c', '62246b43-00bc-4fb4-9c0f-38074ee31a48', '588e8c54-637a-494f-b26d-30c8e76aaef5', '383516d9-a86f-4d59-bbae-361191195365', 'Buku Siswa Pendidikan Jasmani, Olahraga, dan Kesehatan (PJOK)', 'buku-siswa-pendidikan-jasmani-olahraga-dan-kesehatan-pjok', 'Buku Siswa Mata pelajaran Pendidikan Jasmani, Olahraga, dan Kesehatan (PJOK)', '88fa57b9-9d30-40fc-8344-33f85315c6ec', 'Cetakan ke -4', 'a32ab0ed-6ab7-4448-9d8d-59a0f059c469', '2017', '978-602-427-016-2', '024e0646-b14e-47bd-803e-36e9dcec1a79', '1R6vaEUvXXM4jtDzYf8Tuow1PDcvkojwt', '1lAnb1QC-HI2anig13TqK2tqAilwpgCtD', 20, 'dilanz.anzfam@gmail.com', 'pdf', '32844966', 20, 'dilanz.anzfam@gmail.com', 1, '11', '2022-10-19 14:19:01', 1, 14),
('8eed95b7-3fd6-453f-b40f-1106e9ab4654', 'd6b570c7-a3a2-4376-a473-09c270da4667', '4631e5e2-5ebb-499d-9415-f6650774240c', 'ccb19e8d-8d11-48f1-9688-0d502d3555df', 'The Diary of Dajjal', 'the-diary-of-dajjal', 'Buku ini menyelidiki munculnya Dajjal, Imam Mahdi, dan turunya Nabi Isa A.S', 'f54b42dd-7e62-4975-ba3f-aa62ec4f561c', 'Cetakan I', 'a32ab0ed-6ab7-4448-9d8d-59a0f059c469', '2009', '978-979-16777-4-4', '21d0ef71-67c6-4d21-bed7-18f81b10acb3', '1rJwUq7vus2Qr1OBFZfgpMvzzzviqQjW1', '1yVKX09FUL0bOiqeVh_pY7D5CClW4078y', 20, 'dilanz.anzfam@gmail.com', 'pdf', '15172294', 20, 'dilanz.anzfam@gmail.com', 1, '10', '2022-10-23 09:40:46', 1, 27),
('8fd994d3-3558-420f-9b32-431c21607188', '8d7898c2-dbc7-442b-8dc5-76891010ddec', '588e8c54-637a-494f-b26d-30c8e76aaef5', '383516d9-a86f-4d59-bbae-361191195365', 'Buku Siswa Mata Pelajaran Pendidikan Pancasila dan Kwarganegaraan (PKN)', 'buku-siswa-mata-pelajaran-pendidikan-pancasila-dan-kwarganegaraan-pkn', 'Buku Siswa Mata Pelajaran Pendidikan Pancasila dan Kwarganegaraan kelas VII', '424ab2fe-80ef-4d9b-a63a-2756c1069c54', 'Cetakan Ke-4', 'a32ab0ed-6ab7-4448-9d8d-59a0f059c469', '2017', ' 978-602-282-961-4', '024e0646-b14e-47bd-803e-36e9dcec1a79', '196lcDX2do4Lj2mJaele2S-zkUUS6awK9', '1t76THLDZS3tWPzhv79nqWdTgn4mL6hwR', 20, 'dilanz.anzfam@gmail.com', 'pdf', '8556178', 20, 'dilanz.anzfam@gmail.com', 1, '11', '2022-10-19 14:39:12', 1, 15),
('9058ce44-bc49-4878-96e7-fcc8e58a7e1b', '628673e4-2c72-47d1-84dc-e81daa094fcf', '4631e5e2-5ebb-499d-9415-f6650774240c', 'ccb19e8d-8d11-48f1-9688-0d502d3555df', 'Obat Stres Ala Islam', 'obat-stres-ala-islam', 'Stres yang dialami para juru dakwah saat menyeru manusia kepada Islam', '6b847caf-e1a9-449f-bf43-9083abceb6f8', 'Cetakan ke -1', 'a32ab0ed-6ab7-4448-9d8d-59a0f059c469', '2004', '979-3785-05-5', '8a8ffe4c-74bb-4bca-b32b-068a8fcdd98b', '17erfyDHZWGQ1lkVGLo8aLk8Lhc7pMDRY', '1nt6a3Lsg4NznvL0yDCsWSGxHrYXyzKI9', 20, 'dilanz.anzfam@gmail.com', 'pdf', '20128667', 20, 'dilanz.anzfam@gmail.com', 1, '10', '2022-10-24 08:40:25', 1, 20),
('90b83de7-6fb9-4b2c-ae6a-cf964ceeefb7', 'd074fc22-fd9d-4cf0-bf6d-65609fb4fb34', '4631e5e2-5ebb-499d-9415-f6650774240c', 'ccb19e8d-8d11-48f1-9688-0d502d3555df', 'Bisnis Ala Nabi', 'bisnis-ala-nabi', 'Dengan bahasa yang lugas dan renyah, buku ini disajikan kepada pembaca tidak hanya membicarakan ekonomi secara sederhana, tetapi juga perkembangan ekonomi dunia secara umum. ', '00d3dbec-1897-4b72-984d-5077a8bf6ad8', 'Cetakan Pertama', 'cf1b4858-7077-40e3-9514-f3afdb6e122a', '2013', '', '3819279b-40d8-4401-80eb-dc0bef8a261f', '15BPgF_qVjE2SzoR2-Jb4Pxef4Y4aq-57', '18cZAwlOW6TgQH_NzIsbH4EkITrqaSkcR', 20, 'dilanz.anzfam@gmail.com', 'pdf', '1962243', 20, 'dilanz.anzfam@gmail.com', 1, '10', '2022-10-24 09:33:37', 1, 22),
('96b4c918-9ebb-424b-9b64-225cbca474b3', '2454f808-6e5e-47c5-8afc-4afb38c4bee1', '588e8c54-637a-494f-b26d-30c8e76aaef5', '383516d9-a86f-4d59-bbae-361191195365', 'Buku Guru Ilmu Pengetahuan Sosial (IPS)', 'buku-guru-ilmu-pengetahuan-sosial-ips', 'Buku Guru Mata Pelajaran Ilmu Pengetahuan Sosial Kelas VII', '16aebcc6-2d54-47fb-9a81-0f35c1e66d1f', 'Cetakan Ke-4', 'a32ab0ed-6ab7-4448-9d8d-59a0f059c469', '2017', '978-602-427-012-4', '024e0646-b14e-47bd-803e-36e9dcec1a79', '11S5VuJE0KsqqWEIvkkbbMD6b5ciaDtjc', '1moP6JEVt6OVHt4FargFTYSx8Zy5kw6-G', 20, 'dilanz.anzfam@gmail.com', 'pdf', '27461494', 20, 'dilanz.anzfam@gmail.com', 1, '11', '2022-10-19 13:14:39', 1, 17),
('96f81321-43de-465c-a4c1-631b46882e98', '001c784b-343a-43fe-9815-7cd8b7f44b93', '4631e5e2-5ebb-499d-9415-f6650774240c', 'ccb19e8d-8d11-48f1-9688-0d502d3555df', 'Praktik Hukum Umar bin Al Khattab', 'praktik-hukum-umar-bin-al-khattab', 'Masalah hukum sangat menarik untuk dikaji, utamanya praktik\r\nhukum Umar ibn al-Khat}t}ab karena semua orang mendambakan ditegakkannya kebenaran dan keadialan. Umar ibn al-Khat}t}ab dalam\r\nmemegang tampuk pemerintahan lebih berperan dalam memecahkan\r\nmasalah hukum yang beraneka ragam. Hal ini sejalan dengan perkembangan dalam masyarakat yang lebih kompleks. ', '1eb20424-2b46-4b6b-af09-8899f646b7a7', 'Cetakan Pertama', 'cf1b4858-7077-40e3-9514-f3afdb6e122a', '2017', '978-602-453-557-5', '31543062-cc8a-4d59-adee-be3e97fc7dce', '1zmGOD4AT608OW_or8RNGiWebW_w82-Wb', '1fSCV9SHQjoXk1qF1E-0bIxGHDYPTq_Tt', 20, 'dilanz.anzfam@gmail.com', 'pdf', '3464638', 20, 'dilanz.anzfam@gmail.com', 1, '100', '2023-04-09 08:01:15', 1, 12),
('96f84444-c167-4f1b-90dc-15c8af0b73c3', '189ffa0b-cee0-4bb4-a788-9ffae49f725d', 'daeae7e6-8cb3-4134-b06b-a247e1529d63', 'ff7af783-3bc0-4e66-bb3c-1fcabf24a68c', 'WhatsApp Marketing - Ubah Temen jadi Konsumen', 'whatsapp-marketing-ubah-temen-jadi-konsumen', 'alah satu kolam uang di Internet adalah WhatsApp. Kali ini Saya akan membahas tentang WhatsApp sebagai media jualan online WhatsApp lebih cocok untuk pemasaran content dan mengubah orangorang di daftar kontak dari “Temen” menjadi “Konsumen”. Berikut ini keunggulan WhatsApp dibanding Messenger lain dan caranya memakai WhatsApp untuk bisnis online', '', '', '', '', '', '', '10nruxyqzmngx9N_vMKRivlq5Tc68sKlO', '1p5jhex9LiiZjMgY5pa2hgzWjD8V51cwR', 20, 'dilanz.anzfam@gmail.com', 'pdf', '412685', 20, 'dilanz.anzfam@gmail.com', 1, '100', '2023-04-09 06:48:04', 1, 3),
('983f8b32-04fa-41d5-89a4-fa07dc92843d', '032eacb6-6ef8-4625-a043-ec290999b0a6', '4631e5e2-5ebb-499d-9415-f6650774240c', '1b6bfec7-1953-40a3-b89a-05c953cb7531', 'Terjemah Risalah Qusyairiyah - Sumber Kajian Ilmu Tasawwuf', 'terjemah-risalah-qusyairiyah-sumber-kajian-ilmu-tasawwuf', 'Thsawuf merupakan disiplin ilrnu yang lebih banyak berbicara persoalan-persoalan batin, kondisi-kondisi rohani, dan halhal lain yang bersifat esoteris. Pengalaman-pengalamannya yang\r\ndibentuk melalui proses implementasi ajaran sufistik bersifat mistis dan hampir selalu mengarah ke dalam, yant santat pribadi,\r\ndan sulit dikomunikasikan kepada orant lain, sehingga selamanya hampir menjadi mitk pribadi. Kenyataan ini dalam perkembangannya sering memunculkan tingkah laku aneh, eksentrik,\r\ndan terkadang terkesan keluar dari batasan syar\'i, yang oleh kaum\r\nsufi justru akan dipahami sebagai bentuk pencapaian suatu maqam (tngkatan pendakian rohani) sufi tertentu, sedangkan oleh\r\nahlu zlawahir y angberpegang te$h pada ajaran standar Gol*gan syariat) akan dianggap sebagai perbuatan bid\'ah, tidak bermakna, dan bahkan tidak jarang dikatakan sesat. Perbedaan ini\r\nkebanyakan disebabkan oleh perbedaan pemahaman dasar-dasar\'\r\nIslam dan sudut pandang kajian yang pada gilirannya juga melahirkan perbedaan pemakaian istilah dan ungkapan-ungkapan\r\nkeilmuan dari masing-masing ketompok.', 'b51cd9ec-d4c0-458e-a833-0a9493507bc4', 'Cetakan II', 'a32ab0ed-6ab7-4448-9d8d-59a0f059c469', '2007', '79-1321-06', '9f4db287-d1b3-4a3d-96d1-6973024815ee', '1f5DH7ArI1A4_LlAcR4TJCsF_ELxqofSP', '131bFHcB3WcNG4pHiMR3oDZt7GNwTg4t6', 20, 'dilanz.anzfam@gmail.com', 'pdf', '32892560', 20, 'dilanz.anzfam@gmail.com', 1, '10', '2022-10-15 23:03:03', 1, 25),
('a27e225d-4c3d-4c08-8692-6975208e1750', 'abd658db-7101-472f-b899-33568d10b2d5', '4631e5e2-5ebb-499d-9415-f6650774240c', 'd2521e0d-d748-49c6-8443-5134bed139bd', 'Seleksi Sirah Nabawiyah', 'seleksi-sirah-nabawiyah', 'Studi Kritis Muhadditsin terhadap Riwayat Dhaif', '3c3836d8-4e07-4ba1-a697-6fc9472d632c', '', '', '', '', '', '13CHwczXMiRJoU89fgKqR0_QEQr41GF8q', '1u_ZUh6RFfqCmvtXd5P19aNmIZSwtCQq0', 20, 'dilanz.anzfam@gmail.com', 'pdf', '47224478', 20, 'dilanz.anzfam@gmail.com', 1, '10', '2022-10-25 10:08:38', 1, 18),
('a331526a-638d-4888-91f9-b76dd231d330', 'b08af061-96c7-4956-889c-19fd0ac21c85', '4631e5e2-5ebb-499d-9415-f6650774240c', 'd2521e0d-d748-49c6-8443-5134bed139bd', 'Tujuan Perayaan Maulid Nabi Muhammad SAW', 'tujuan-perayaan-maulid-nabi-muhammad-saw', 'Terjemah Kitab Husnul Maqsid Fi \'Amalil Maulid karya Al-Imam Al-Hafidz Jalaluddin As-Syuyuthi', 'eecd2a46-120b-4ce3-87ca-f9e623ea4681', 'Cetakan Pertama', 'bee000a8-778d-49be-a39a-ab631bcac6e5', '2021', '', '56ed6876-c651-4103-8f4f-dfceb96eb145', '18gH9g0nnaXfxREKgHunRUOYJ7NvbETC8', '1knMpK95h5CxyKlN_GSLWGOSV_nMfFhe8', 20, 'dilanz.anzfam@gmail.com', 'pdf', '3466953', 20, 'dilanz.anzfam@gmail.com', 1, '10', '2022-10-25 10:19:25', 1, 13),
('a3c02848-834d-4eea-8b1e-c4a4bb82029c', '00a4e6cd-1eeb-4843-8ca8-afd0cef058c4', '4631e5e2-5ebb-499d-9415-f6650774240c', '49c0e19c-6434-4cb4-98b2-97035f2aa57e', 'Mistik dan Makrifat Sunan Kalijaga', 'mistik-dan-makrifat-sunan-kalijaga', '', '80ea660d-395b-4ad0-a54d-88593e0d7b3f', 'Cetakan VII', 'a32ab0ed-6ab7-4448-9d8d-59a0f059c469', '2007', '979-3335-30-0', 'b3375c6a-7756-4613-a4db-aa9bd7df089e', '1YCVVJQq4YIL4TT6W4_ifLau5i26cBa8j', '1vCeIXgYMSjJ-hwOEvtVJrBgLe3JGmkLG', 20, 'dilanz.anzfam@gmail.com', 'pdf', '3834524', 20, 'dilanz.anzfam@gmail.com', 1, '11', '2022-10-23 09:06:15', 1, 13),
('a46ef44e-cdea-45ff-b4bf-6cf154264a73', 'c1d4e034-73e7-4cd3-a95d-8c8cd93fc2f6', '4631e5e2-5ebb-499d-9415-f6650774240c', '7c07a5c6-0b34-4f55-a5f6-91dff2ab85a2', 'Pokok-Pokok Fiqh Puasa', 'pokok-pokok-fiqh-puasa', 'Sseri Buku Mini Bacaan Untuk Rakyat', '061ae346-33bc-4a11-99c8-df420e813dd9', '', '', '', '', '', '1TmgySVln103DWpPsE_gYXb92leUiLfJj', '1T4IAGWkwFMmBhexXzjhGazuhdWOo-59j', 20, 'dilanz.anzfam@gmail.com', 'pdf', '1032493', 20, 'dilanz.anzfam@gmail.com', 1, '100', '2022-10-25 07:42:09', 1, 9),
('a567f9ea-c441-422e-9123-fb225c4a932c', 'f68b2ead-0071-47dd-860c-cc6e9bf2aa19', '4631e5e2-5ebb-499d-9415-f6650774240c', 'ccb19e8d-8d11-48f1-9688-0d502d3555df', 'Kitab Jual Beli', 'kitab-jual-beli', 'Jual beli adalah tukar menukar harta dengan memindahkan kepemilikan harta tersebut kepada orang lain dengan harga tertentu. Berikut ini penjelasan tentang fiqih tentang jual beli di dalam Islam. Karena orang yang tidak mengerti tentang fiqih jual beli, maka ia dikhawatirkan akan melakukan jual beli yang terlarang', '', '', '', '', '', '', '1cOQBs0otJaeUd5cKtAHexS4HmOyTlxBl', '1rDGnOmWXelleO1fseScFSA94C0Hwvf-k', 20, 'dilanz.anzfam@gmail.com', 'pdf', '1929222', 20, 'dilanz.anzfam@gmail.com', 1, '100', '2022-10-23 09:49:51', 1, 12);
INSERT INTO `e_collections` (`ecol_id`, `ecol_u`, `ecat_id`, `esubcat_id`, `ecol_title`, `ecol_slug`, `ecol_desc`, `ecol_author`, `ecol_edition`, `ecol_publishedin`, `ecol_publishedat`, `ecol_issbn`, `ecol_publisher`, `ecol_ebook`, `ecol_cover`, `ecol_coverin`, `ecol_coveracc`, `ecol_extension`, `ecol_size`, `ecol_storage`, `ecol_acc`, `ecol_status`, `ecol_topstatus`, `created_at`, `ecol_by`, `red_counter`) VALUES
('a660da73-3447-4f0c-ba65-f7c8b91087a0', 'b423be7a-c9fd-42d7-a999-084f2e159c76', 'aa599dc9-eb63-4cdb-b227-ebbd720c49b1', '4d78b58b-5197-4f2c-b7aa-67a01f0b0281', 'Strategi Melepaskan Diri Dari Jeratan Riba', 'strategi-melepaskan-diri-dari-jeratan-riba', 'Sebenarnya berat rasanya menuliskan ini.. Mengingat banyak nya ketidak sempurnaan saya\r\nsebagai seorang hamba.. sebagai seorang manusia biasa.. yang penuh dosa dan kesalahan.. Tapi\r\ndorongan untuk berbagi pengalaman membuat saya nekat menulis ini.\r\nJujur saya bukan seorang Ustadz.. saya masih belajar banyak hal.. saya pun bukan orang yang\r\ntidak punya hutang.. ya saya masih punya hutang.. tapi paling tidak pengalaman dan perjuangan\r\nsaya agar tidak lebih banyak orang yang jatuh kedalam dosa RIBA yang membuat saya\r\nmemutuskan berbagi..', 'e8571413-413d-46a1-814b-fd69c69273ff', '', '', '', '', 'a1759b47-e359-43b6-80bb-4014cbd70837', '10s17urdwTryoGU-y-M_da4oi4Hp_ayMr', '18UrDlFA_sJ5f5diPGLnrhh2gxMM9bLSA', 20, 'dilanz.anzfam@gmail.com', 'pdf', '983980', 20, 'dilanz.anzfam@gmail.com', 1, '100', '2022-10-16 09:54:53', 1, 1),
('a6932df0-00cc-4ab7-8056-79dca991f645', '720d4948-6c1f-4cd0-9fec-314c741a9689', '4631e5e2-5ebb-499d-9415-f6650774240c', 'ccb19e8d-8d11-48f1-9688-0d502d3555df', 'Hukum Ekonomi Islam', 'hukum-ekonomi-islam', 'Fokus utama buku ini membahas jaminan ekonomi rakyat dalam\r\nperspektif Islam. Buku ini terbagi dalam enam bab. Bab pertama,\r\nPolitik Ekonomi dalam Islam: Urgensi dan Perkembangan Wacana.\r\nBab ini membahas politik hukum ekonomi dalam Islam, khususnya\r\nmasalah jaminan ekonomi rakyat yang harus dilakukan oleh sebuah\r\npemerintahan.', '67559e85-528a-4379-bd54-32cf9a1c19a6', 'Hukum Ekonomi Islam', 'cf1b4858-7077-40e3-9514-f3afdb6e122a', '', '978-602-19141-2-0', '9fdef67f-6546-4568-930d-9f00015ab26e', '1PX1F3CgICTk2GUrqxbpFtdHNL4g_Z995', '1JsFc1wlJYGLSmBpojw7OCpd344FjFWAr', 20, 'dilanz.anzfam@gmail.com', 'pdf', '2602879', 20, 'dilanz.anzfam@gmail.com', 1, '100', '2022-10-18 10:43:04', 1, 12),
('ac05dd2d-b5c8-43fe-9830-12c264b519be', 'bc2d6336-1362-4292-994f-d4d2ab084f42', '4631e5e2-5ebb-499d-9415-f6650774240c', '49c0e19c-6434-4cb4-98b2-97035f2aa57e', 'Manaqib Guru Bangil-KH. Muhammad Syarwani Abdan Al-Banjari', 'manaqib-guru-bangil-kh-muhammad-syarwani-abdan-al-banjari', 'KH. Muhammad Syarwani Abdan Al-Banjari (GURU BANGIL)', '02441b52-ae26-4b05-a320-daac88c3bbb4', '', '', '', '', '', '1NDMd4CbfSMcc_cJUfECgf33R-HkWihi7', '1RWFNKKT_Uug5tRlI8Hfs44RXo25eIN8t', 20, 'dilanz.anzfam@gmail.com', 'pdf', '2579815', 20, 'dilanz.anzfam@gmail.com', 1, '100', '2022-10-25 10:05:19', 1, 13),
('ad13cb59-ac0f-4ae5-922b-8fc924fc392b', 'c88fb237-f79b-4144-aab5-38e3b4c98a49', '4631e5e2-5ebb-499d-9415-f6650774240c', 'ccb19e8d-8d11-48f1-9688-0d502d3555df', 'lmu Hikmah Antara Karomah & Perdukunan', 'lmu-hikmah-antara-karomah-perdukunan', '', 'dd7265b3-3d87-42b8-80b8-7318969f83dc', '', '', '', '', '', '1uJqex5aAuKqykXiSHsw2DD8l66jT3ZV3', '1Wy4ibckd0SgaTbhnkAoHW0XHCPMn9i95', 20, 'dilanz.anzfam@gmail.com', 'pdf', '2420913', 20, 'dilanz.anzfam@gmail.com', 1, '100', '2022-10-24 09:29:21', 1, 16),
('ae4eb3ca-6d51-43ea-9915-7a84669bfdd3', 'ac1c2e62-cc23-4487-b7a7-ec6d168313dd', '588e8c54-637a-494f-b26d-30c8e76aaef5', '383516d9-a86f-4d59-bbae-361191195365', 'Buku Guru Bahasa Inggris VII', 'buku-guru-bahasa-inggris-vii', 'Buku guru Mata Pelajaran Bahasa inggris', 'fcf49ef9-31c5-450a-b181-ae6f532d8459', 'Cetakan Ke-4', 'a32ab0ed-6ab7-4448-9d8d-59a0f059c469', '2015', '978-602-282-981-2', '024e0646-b14e-47bd-803e-36e9dcec1a79', '1cdJg0K-eDFuf63XTgaTxJmuSRd6-7gOr', '1phqlaqJGRKrHW1eNlUbYstKgsyp9acWW', 20, 'dilanz.anzfam@gmail.com', 'pdf', '1530356', 20, 'dilanz.anzfam@gmail.com', 1, '11', '2022-10-19 12:50:02', 1, 15),
('b03fba75-014c-4d34-b981-27fb766351e7', 'dd08c345-791b-4f89-bc8a-f1620041c965', '4631e5e2-5ebb-499d-9415-f6650774240c', 'ccb19e8d-8d11-48f1-9688-0d502d3555df', 'Misteri Dajjal', 'misteri-dajjal', '', '2ed68673-e24a-43b4-8491-3ab1f672461c', 'Cetakan Pertama', '792290ff-c188-473f-b347-fbe05dffaf37', '2013', '978-602-2918-52-1', '4fe2956c-b178-4581-b9b1-f99db4fa4958', '1-ilhzwCd6n1hotq4HeZLkTrHAGUTIx4U', '1UPrZNIcz5lD9FdOMn7_R1ElKPLyxOYlV', 20, 'dilanz.anzfam@gmail.com', 'pdf', '26275384', 20, 'dilanz.anzfam@gmail.com', 1, '10', '2022-10-15 23:47:45', 1, 22),
('b1ef174d-6cef-476f-bea1-79f77088678c', '89a2930b-c677-46d8-8915-e18d65f8a128', '4631e5e2-5ebb-499d-9415-f6650774240c', 'bd20792b-d6d1-4e03-a304-5e7ccc89cadc', 'Bersihkan Riba di Bank Syariah', 'bersihkan-riba-di-bank-syariah', 'Prakter Bank Syariah vs Fatwa DSN MUI', '', '', 'cf1b4858-7077-40e3-9514-f3afdb6e122a', '', '', '3f1711e0-69e6-44bd-808c-56df85a68342', '1jnnzY4POnw8kTyyiy9Zq7JmEZzVpLwjK', '1DIkahNWIlbqr_i1_I2S0gYp7qj0q0yj1', 20, 'dilanz.anzfam@gmail.com', 'pdf', '24653796', 20, 'dilanz.anzfam@gmail.com', 1, '100', '2022-10-24 08:54:31', 1, 0),
('b30f4812-c47b-4090-aa6c-e32f6677ed2e', 'e21b3ca2-e191-4697-997d-2f67f91858e4', '4631e5e2-5ebb-499d-9415-f6650774240c', 'ccb19e8d-8d11-48f1-9688-0d502d3555df', '25 Permasalahan Seputar Pernikahan', '25-permasalahan-seputar-pernikahan', 'Pernikahan adalah sesuatu yang sakral dan penting. Dan terkadang, kita yang merasa telah mengilmui dunia pernikahan mendapati bahwa sebuah teori tidaklah sama dengan realita yang kita hadapi. E-book berjudul “25 Permasalahan Seputar Pernikahan beserta Solusinya”', '', '', '', '', '', 'f65b2578-c190-4e62-8db2-5e113ce50dd7', '1bE7m4MmFYsARYCKh005JTYc_7lYrQ9HE', '1EECuhXhdA52Fd3-wXOsHn0tWehDCO7Bs', 20, 'dilanz.anzfam@gmail.com', 'pdf', '1844939', 20, 'dilanz.anzfam@gmail.com', 1, '100', '2023-03-27 17:30:30', 1, 10),
('b591e92e-a5ae-49b3-a1d0-5c43c9ee4e4e', '6f91592e-f4ff-4174-9bcf-18dcb07ca9cd', '4631e5e2-5ebb-499d-9415-f6650774240c', 'dd793d43-8d81-4c75-90c5-28da9700e6d0', 'Kupas Tuntas Fidyah', 'kupas-tuntas-fidyah', 'Allah SWT mewajibkan kita dan siapa saja yang\r\ntidak bisa menjalankan ibadah puasa untuk\r\nmenggantinya di lain hari atau dengan cara\r\nmembayar fidyah sebagai bentuk tebusan agar\r\nibadah puasa kita sempurna. Dalam buku kecil yang ada di tangan\r\npembaca ini, penulis mencoba untuk membahas\r\nbeberapa hal penting terkait fidyah. Di mana di\r\ndalamnya dibahas hal-hal seperti definisi fidyah, dalil,\r\nsiapa yang wajib membayar fidyah, dan sebagainya.', '8fe4c60c-97a6-4caf-bd9e-1036cf6a5730', 'Cetakan Pertama ', '38eac7ed-f4df-4bbb-a07c-fcae469cddfb', '2018', '', '7a2dc436-358c-4cb7-b721-5f61f79e711c', '1g1J4ot7xXn_03zvHTRZhM8MqKyJ_jgda', '1_fuZif3wnFLh6UxBPlj05P62JsUbMfGU', 20, 'dilanz.anzfam@gmail.com', 'pdf', '676168', 20, 'dilanz.anzfam@gmail.com', 1, '100', '2023-04-09 06:06:28', 1, 9),
('b7e425e2-086e-4737-ae99-6bc032c62b68', '2a32b75b-3037-4503-9c68-9ec645101962', '4631e5e2-5ebb-499d-9415-f6650774240c', '49c0e19c-6434-4cb4-98b2-97035f2aa57e', 'Biografi Abu Hanifah', 'biografi-abu-hanifah', 'Dalam sosok Imam Abu Hanifah terkumpul sifatsifat dan akhlak mulia. Beliau adalah seorang yang\r\nberparas elok, berpenampilan rapi, dan suka\r\nmemakai wangi-wangian. Imam Abu Hanifah adalah\r\nseorang yang rendah hati, tidak banyak bicara atau\r\nmelakukan hal-hal yang sia-sia.\r\nImam Abu Yusuf meriwayatkan, “tatkala aku\r\nberjalan beriringan dengan Gurunda Imam Abu\r\nHanifah, aku mendengar dua orang yang berkata\r\npada kawannya; “lihatlah beliau itu, dialah Imam Abu\r\nHanifah yang tak pernah tidur di malam hari.”', 'e55be760-3f1c-498b-af54-03c8320b6d24', 'Cetakan Pertama ', '38eac7ed-f4df-4bbb-a07c-fcae469cddfb', '2018', '', '7a2dc436-358c-4cb7-b721-5f61f79e711c', '1NcWTQK07yLFG4vVF5ISIc_xkJhDwobG5', '1XaViHvjdWFAigLFLhIy1eUy-B5qFNLZr', 20, 'dilanz.anzfam@gmail.com', 'pdf', '535046', 20, 'dilanz.anzfam@gmail.com', 1, '11', '2022-10-15 22:14:53', 1, 13),
('b8a16134-f741-40c8-b755-1f0f22b8f0c4', 'e4b1675a-07e7-43b4-9e31-cb2aa98e78ac', '588e8c54-637a-494f-b26d-30c8e76aaef5', '383516d9-a86f-4d59-bbae-361191195365', 'Bahasa Indonesia-Buku Siswa', 'bahasa-indonesia-buku-siswa', 'Buku Siswa-Bahasa Indonesia Kelas VII', '9c555795-a4e7-4050-b0cd-7309f169ffc2', 'Cetakan ke -4', 'a32ab0ed-6ab7-4448-9d8d-59a0f059c469', '2017', '978-602-282-968-3', '024e0646-b14e-47bd-803e-36e9dcec1a79', '1hJegVMMHLsZhwHO0nCxc3t6A4zeJWkBT', '1UsIHaHLuaJOH_o5RQQpA6ZKoU1_cOnB6', 20, 'dilanz.anzfam@gmail.com', 'pdf', '11415860', 20, 'dilanz.anzfam@gmail.com', 1, '11', '2022-10-19 12:45:07', 1, 14),
('b8a866c7-f155-4805-8d78-1ab144eb37b5', '4257ccf2-04c6-4a01-9d49-c268fceaf48c', '4631e5e2-5ebb-499d-9415-f6650774240c', 'bbb5d077-4153-4876-8ae4-3c08e19cd31e', '101 Kesalahan dalam Mendidik Anak', '101-kesalahan-dalam-mendidik-anak', 'ika diibaratkan sebuah kertas, maka bayi adalah\r\nselembar kertas yang polos dan putih. Di tangan orang\r\ntuanyalah sang anak akan dibentuk dan akan menjadi\r\nseperti apa ia kelak di masa mendatang. Orang tualah\r\nyang bisa membentuk, mengarahkan, membimbing, dan\r\nmendidik mereka.', 'ab1afb5f-7842-4068-80af-e7cb844f3c32', '', 'a32ab0ed-6ab7-4448-9d8d-59a0f059c469', '2014', '978-602-02-4711-3', '912d6472-0e23-4d65-9c39-55dd43467a3d', '1y13gj38Oki_MURUKcp-nB30cttqgD3E8', '199XBBERMk1XNJ-bLlGmYk7mgKHg_AVUn', 20, 'dilanz.anzfam@gmail.com', 'pdf', '5173748', 20, 'dilanz.anzfam@gmail.com', 1, '100', '2023-03-27 17:37:25', 1, 7),
('b959c3fc-b026-400f-bed2-18678e0c7841', 'a07a9c75-8012-4cc4-b550-d2b8bca480f6', '4631e5e2-5ebb-499d-9415-f6650774240c', '1b6bfec7-1953-40a3-b89a-05c953cb7531', 'Terjemah Matan Muqaddimah Al-Jazariyah', 'terjemah-matan-muqaddimah-al-jazariyah', 'ILMU TAJWID ----Terjemah disalin oleh PP Sabilun Najah', '8409ace5-89ac-47c3-b792-478e9d4e17f4', '', '', '2018', '', '', '1S3BL8Bv4Wk1YvGxv-oMIpYJm8UtCJn2N', '1-dFoNMvcVtMYhSwcfs9QuRk3SeTOCDiB', 20, 'dilanz.anzfam@gmail.com', 'pdf', '651643', 20, 'dilanz.anzfam@gmail.com', 1, '10', '2022-10-15 22:51:10', 1, 19),
('bb2d2863-38fb-4b11-84d7-bee50cddd09a', '6cee4acb-a3ac-4d0d-9ae4-e2244b1527ad', '4631e5e2-5ebb-499d-9415-f6650774240c', 'bbb5d077-4153-4876-8ae4-3c08e19cd31e', 'Cara Rasulullah SAW Mendidik Anak', 'cara-rasulullah-saw-mendidik-anak', '', 'd1b8343f-3261-4444-b7a9-7c9e069a0949', '', 'a32ab0ed-6ab7-4448-9d8d-59a0f059c469', '2013', '', '912d6472-0e23-4d65-9c39-55dd43467a3d', '1y-k4_uzGJ3WEBZtIZP2BF-oOJvo6UF5n', NULL, NULL, NULL, 'pdf', '15934086', 20, 'dilanz.anzfam@gmail.com', 1, '100', '2023-03-27 17:44:02', 1, 8),
('bdc69480-ec81-406e-a4d5-234755634274', 'faa7831c-29ce-44f2-b3d2-34529ab3b1f0', '4631e5e2-5ebb-499d-9415-f6650774240c', 'dd793d43-8d81-4c75-90c5-28da9700e6d0', 'Kumpulan Doa 30 Hari Puasa Ramadhan', 'kumpulan-doa-30-hari-puasa-ramadhan', 'Kumpulan do\'a 30 hari selama ramadhan. Untuk anak PAUD - Dewasa.', '91471c50-36f7-4fbe-816b-002a1510773e', '', '', '', '', '', '1zFhCycRg6PeVZOyd9D6ktV0VhKaNFHC5', '1D0orzsjXsTXhyR8KI6ZTtppU3nTpKLfA', 20, 'dilanz.anzfam@gmail.com', 'pdf', '479458', 20, 'dilanz.anzfam@gmail.com', 1, '100', '2022-10-18 10:06:58', 1, 22),
('bea44864-b3bb-4ced-bceb-471dd444d218', '9da734e1-9653-48ef-84bf-fea015b5d857', '4631e5e2-5ebb-499d-9415-f6650774240c', '49c0e19c-6434-4cb4-98b2-97035f2aa57e', 'Biografi Imam Syafi\'i', 'biografi-imam-syafii', 'Perjalanan hidup Imam asy-Syafi’i bermula ketika Sang Ibu membawanya kembali pulang ke tanah air ayahnya di kota Mekkah. Meski hidup dengan\r\nhimpitan kesulitan ekonomi tak lantas membuat asySyafi’i kecil patah arang dan berputus asa dari segenap cita-citanya. Dengan penuh perjuangan,\r\nbeliau belajar dari satu guru ke guru yang lain, dari satu madrasah ke madrasah, dari satu majlis ilmu ke majlis ilmu yang lain, begitulah Imam asy-Syafi’i\r\nbegitu mencintai ilmu.', 'e55be760-3f1c-498b-af54-03c8320b6d24', 'Cetakan Pertama ', '38eac7ed-f4df-4bbb-a07c-fcae469cddfb', '2018', '', '7a2dc436-358c-4cb7-b721-5f61f79e711c', '1i2uKp3_ywuk0Q6uH-mZBT4VR4xNEcpp2', '1ECvVsEf8GXNHPeWKoAaasr8I15XGm8xG', 20, 'dilanz.anzfam@gmail.com', 'pdf', '638933', 20, 'dilanz.anzfam@gmail.com', 1, '11', '2022-10-15 16:34:04', 1, 13),
('c06bb422-b235-48ee-b978-1163d02f265b', '92abd5b5-ad53-446b-aa58-6b05273148b4', 'daeae7e6-8cb3-4134-b06b-a247e1529d63', 'ff7af783-3bc0-4e66-bb3c-1fcabf24a68c', '6 Prinsip & 7 STrategi Persuasi', '6-prinsip-7-strategi-persuasi', 'Kekuatan PERSUASI dapat membantu Anda mendapat apa yang\r\nAnda inginkan lebih cepat dari trik apapun yang Anda lakukan, Itu\r\nartinya PERSUASI adalah pembatas antara SUKSES dan GAGAL.\r\nKekuatan PERSUASI Anda akan membawa Anda pada support\r\ndan respect dari Customer , Boss, Karyawan, Kolega dan Teman anda (Bryan Tracy)', '7e3a4b1f-ef6b-4e0f-90af-7a529f2f11c5', '', '', '', '', '', '17C4jEUnEDbF1vlGzNHxjH2867IbJ4NjI', '13ZZ-KxscxfjnlUev5Y6x1qXGYNg_fydK', 20, 'dilanz.anzfam@gmail.com', 'pdf', '628135', 20, 'dilanz.anzfam@gmail.com', 1, '100', '2023-04-09 06:55:23', 1, 6),
('c11643fa-1dab-4fbe-8307-f3a8d8355d38', 'e2b0bdec-2319-4329-b516-0234b314e14a', '4631e5e2-5ebb-499d-9415-f6650774240c', '1b6bfec7-1953-40a3-b89a-05c953cb7531', 'Terjemah Kitab Ar - Ruh  (Ibnul Qoyyim Al Jauziyah)', 'terjemah-kitab-ar-ruh-ibnul-qoyyim-al-jauziyah', 'Judul Asli : Ar-Ruh Li Ibnil Qoyyim, Penerbit : Darul Qalam Beirut Cet. Ke - 2 1403 H. Penerjemah: Kathur Suhardi. -- Inilah karangan yang diturunkan Syaikh yang alim, penerjemah Al-Quran yang memiliki Ilmu yang baik, nerjuluk Syaikhul Islam, yang menjadi panutan manusia, yang tajam kata katanya, yang menjadi pewaris nabi....', '1bbc44cd-5dad-4b92-ad9e-f86509dff013', 'Cetakan Ke-1 ', 'a32ab0ed-6ab7-4448-9d8d-59a0f059c469', '1999', '979-592-119-3', '17347406-d327-4c19-885d-ec056f5f25f5', '1vdgf1dtl4YyiDkYR4L8GAKAPcvj66n8Y', '197MlaV0h5GjO0LdxGX6UmIos8cWQcVJ6', 20, 'dilanz.anzfam@gmail.com', 'pdf', '84147724', 20, 'dilanz.anzfam@gmail.com', 1, '10', '2022-10-15 23:29:20', 1, 35),
('c32134ea-1a07-4bc5-89d8-9e47839f53e0', 'bcc5732a-637c-4f3f-8722-d5c1d1720108', '588e8c54-637a-494f-b26d-30c8e76aaef5', '383516d9-a86f-4d59-bbae-361191195365', 'Buku Siswa Ilmu Pengetahuan Alam (IPA) Semester 2', 'buku-siswa-ilmu-pengetahuan-alam-ipa-semester-2', 'Buku Siswa Mapel IPA Semester 2', '5c01b415-a5a4-4d0d-93a6-68d7ced5562b', '', 'a32ab0ed-6ab7-4448-9d8d-59a0f059c469', '2017', ' 978-602-427-002-5', '024e0646-b14e-47bd-803e-36e9dcec1a79', '1tb5cBYVGbEyRx3DKrXR_Oj5zyIsluw6v', '1CZTyxV6ZbQPth-emXl_Oik21WE_vz9NN', 20, 'dilanz.anzfam@gmail.com', 'pdf', '3820137', 20, 'dilanz.anzfam@gmail.com', 1, '11', '2022-10-19 13:01:52', 1, 10),
('c750f8ab-d063-40cf-a8e7-34648e7183f7', '20dc8744-671f-4253-b39e-696862a182b5', '4631e5e2-5ebb-499d-9415-f6650774240c', '134572fb-6a71-4227-95a0-09081b614927', 'Petunjuk Lengkap Tentang Shalat', 'petunjuk-lengkap-tentang-shalat', 'Judul Asli: Aholatul Mu\'min fi Dhau\'il Kitab was Sunnah', 'fe067370-9aba-4eeb-9575-dfca669ce2e0', 'Cetakan Pertama', '6ef42dc3-b621-440b-9e3b-b1e612e914f0', '2008', '', '35084e90-dc7c-4f3c-bc1a-e784a0115d24', '1DQqYSo2d9q-Ky-QQkP8q9aV7GR7rWQqQ', '1HDZD3Ot6puPy4lk8PtKqw781_RylEcMv', 20, 'dilanz.anzfam@gmail.com', 'pdf', '7492406', 20, 'dilanz.anzfam@gmail.com', 1, '100', '2022-10-25 08:31:43', 1, 1),
('cdd9abd5-f729-4e36-8d49-7773aa7a3d4a', '66062615-3eac-4a54-ada9-4c648844396b', '4631e5e2-5ebb-499d-9415-f6650774240c', '49c0e19c-6434-4cb4-98b2-97035f2aa57e', 'Biografi Imam Ghazali', 'biografi-imam-ghazali', 'Nama Imam al-Ghazali adalah diantara sederet\r\nnama ulama yang sudah tidak asing lagi di telinga,\r\nbaik di kalangan awam maupun para ulama. Beliau\r\nmerupakan tokoh sentral dalam tubuh ahlu sunnah\r\nwal jamaah yang memiliki puluhan karya fenomenal.\r\nTradisi ilmu yang beliau bangun dan\r\npersembahkan sungguh telah mengubah wajah\r\nperadaban Islam pada masa itu. Bahkan, berkat\r\nkeikhlasan dan ketulusannya, kebermanfaatan ilmu\r\nImam al-Ghazali masih dirasakan hingga dewasa ini\r\nlewat puluhan kitabnya yang masih didaras dan dikaji\r\ndi berbagai tempat diseluruh penjuru dunia.', 'e55be760-3f1c-498b-af54-03c8320b6d24', 'Cetakan Pertama ', '38eac7ed-f4df-4bbb-a07c-fcae469cddfb', '2018', '', '7a2dc436-358c-4cb7-b721-5f61f79e711c', '1W2hyafbVX5VAOWD1eBzSl_sue9i-eeh4', '1ajufaPsJ-H6kqFETzBeWKcBs74OpQRqo', 20, 'dilanz.anzfam@gmail.com', 'pdf', '887346', 20, 'dilanz.anzfam@gmail.com', 1, '11', '2022-10-15 22:17:09', 1, 14),
('ced336d6-d8fd-4884-9519-b9c75ba9d450', '1ab5da80-0114-4196-bb00-f340ca326ed8', '588e8c54-637a-494f-b26d-30c8e76aaef5', '383516d9-a86f-4d59-bbae-361191195365', 'Bahasa Indonesia-Buku Guru', 'bahasa-indonesia-buku-guru', 'BUKU GURU Pelajaran Bahasa Indonesia', '9c555795-a4e7-4050-b0cd-7309f169ffc2', 'Cetakan Ke-4 2017 (Edisi Revisi)', 'a32ab0ed-6ab7-4448-9d8d-59a0f059c469', '2017', '', '024e0646-b14e-47bd-803e-36e9dcec1a79', '18EdKNw8g7t10eh210RVb38yvigqwH83I', '1odA_kBo9qj56LGJSKQT7uGSUmHCe5bvQ', 20, 'dilanz.anzfam@gmail.com', 'pdf', '3385580', 20, 'dilanz.anzfam@gmail.com', 1, '11', '2022-10-19 10:53:29', 1, 11),
('cf12b9e6-9edb-4f72-ae27-e8805849d3ee', '47d5efc5-a307-4475-9e4f-41e0c416c027', '4631e5e2-5ebb-499d-9415-f6650774240c', 'ccb19e8d-8d11-48f1-9688-0d502d3555df', 'Faktor Pengotor Hati Dan Kiat Membersihkannya', 'faktor-pengotor-hati-dan-kiat-membersihkannya', 'Bersihnya hati atau qalbun saliim adalah pengantar kepada kedekatan dengan Allah Swt. Semakin bersih hati seseorang, maka semakin mudah baginya untuk yakin kepada Allah Swt.', '79565043-9db4-40b0-889c-4555f27046d2', 'Cetakan Ke-1', '993c3ccb-20f7-41c0-9065-b3c420bbfdb9', '2012', '', 'f24616e5-7323-48b0-9453-cfbf7d5bae72', '1pR8gUVM_ebJf6hLQQ7y5dRXxxxI5wr8i', '1L5fK4Syz9Ku1s5MBrzXub6NCKG3pz91J', 20, 'dilanz.anzfam@gmail.com', 'pdf', '1792768', 20, 'dilanz.anzfam@gmail.com', 1, '10', '2022-10-24 09:26:00', 1, 17),
('d4287720-99c8-4b9e-bc24-0db4c1f33bda', 'c7987bb1-6707-4881-b3db-67795f3ac085', '4631e5e2-5ebb-499d-9415-f6650774240c', 'ccb19e8d-8d11-48f1-9688-0d502d3555df', 'I\'tiqad Ahlussunnah Wal Jama\'ah', 'itiqad-ahlussunnah-wal-jamaah', '', 'e4480eb9-9ca4-4005-a935-ae457cc10d5c', 'Cetakan Ke-10', '79953371-9c2c-4182-88a9-ff395ae34f3f', '2009', '', '72d6498c-f426-49d9-9613-cef5aab1ba5f', '1d9DraoXityih9Wy4QAk7ZedZce1ll9r9', '1X8_QUmYnfRfL9zaZQKgKrSNIdQzvOrC-', 20, 'dilanz.anzfam@gmail.com', 'pdf', '10078774', 20, 'dilanz.anzfam@gmail.com', 1, '100', '2023-07-18 09:42:51', 1, 0),
('d5866416-ef7d-4852-9f2a-830a36e16775', '27ecd59b-71d7-4027-b8d5-16408765f441', '4631e5e2-5ebb-499d-9415-f6650774240c', 'ccb19e8d-8d11-48f1-9688-0d502d3555df', '30 Hari Bebas Hutang', '30-hari-bebas-hutang', '', '246f40ef-1c45-472a-8ada-28ef23c93b5c', '', '', '', '', '', '1e-qIAE0w_-GOJENc45W2GeK6_WufkDpn', '10dcnuaAXJvwQ1qAAMuBUyVgRHshagpgJ', 20, 'dilanz.anzfam@gmail.com', 'pdf', '987925', 20, 'dilanz.anzfam@gmail.com', 1, '100', '2022-10-23 09:16:30', 1, 10),
('d5c01a0c-fb94-4de9-9452-08e038ba3c4e', 'be2c9858-9895-4a9c-a812-68157ddaa3e2', '4631e5e2-5ebb-499d-9415-f6650774240c', 'ccb19e8d-8d11-48f1-9688-0d502d3555df', 'Kumpulan Doa & Dzikir Nabawi', 'kumpulan-doa-dzikir-nabawi', 'Buku edisi bahasa Indonesia dari judul asli Al-Kalimu Ath-Thoyyib Oleh Ibnu Taimiyah, ditahqiq oleh Muhammad Nashiruddin Al-Albani', '69cf73f3-3179-4885-a0e1-3eb7493347fd', 'Cetakan ke -1', 'a32ab0ed-6ab7-4448-9d8d-59a0f059c469', '2001', '', 'b0cdc748-9b15-4290-9d13-df2204585988', '1Gnga7-_ojfRZIUY6O-1FzGLOt7xff22B', '1qAbe4AkJcWsbqUwAoVGLaWnHH8BoTAW0', 20, 'dilanz.anzfam@gmail.com', 'pdf', '9046848', 20, 'dilanz.anzfam@gmail.com', 1, '100', '2022-10-25 07:38:12', 1, 15),
('d5c8d3ca-f5e6-4582-890a-0fa951827b9e', 'b573130e-d747-40b8-a7b8-2825988af89d', '4631e5e2-5ebb-499d-9415-f6650774240c', '1b6bfec7-1953-40a3-b89a-05c953cb7531', 'Ar-Risalah Al-Qusyairiyyah', 'ar-risalah-al-qusyairiyyah', 'Ar-Risalah Al-Qusyairiyyah versi Arab Gundul', 'b51cd9ec-d4c0-458e-a833-0a9493507bc4', '', '', '', '', '', '1FABglew5jF4npZX6J2dgKOK0401UYxv5', '1bN7_vy_v6UGSd7PHglYEOpEQDQn69jHv', 20, 'dilanz.anzfam@gmail.com', 'pdf', '12668254', 20, 'dilanz.anzfam@gmail.com', 1, '10', '2022-10-15 23:07:30', 1, 32),
('d685aca1-99f6-4fc3-b489-1427f974a914', '3aad43f1-c750-4573-aa1e-8b6488d6d3dd', '4631e5e2-5ebb-499d-9415-f6650774240c', 'dd793d43-8d81-4c75-90c5-28da9700e6d0', '30 Fatwa Ramadhan', '30-fatwa-ramadhan', 'Syekh ‘Athiyyah Shaqar, Syekh DR. Yusuf Al-Qaradhawi, Syekh DR. Ali Jum’ah.', '71af0a37-a524-43f8-a963-cb2feb46c674', '', '', '2011', '', '', '1lczdQ-xS9TgZJFr538uzIYZRsCQBg36S', '1dgs8eVZ0RRS6u8wcek36GUEwLEO1GFoJ', 20, 'dilanz.anzfam@gmail.com', 'pdf', '2050446', 20, 'dilanz.anzfam@gmail.com', 1, '11', '2022-10-18 09:38:27', 1, 18),
('d6ffd447-e5dc-4412-b9f3-8f72d95d7ec1', '31166a1f-c839-4b8f-bc03-b6bfc9723f62', '4631e5e2-5ebb-499d-9415-f6650774240c', 'ccb19e8d-8d11-48f1-9688-0d502d3555df', 'Hujjah Ilmiah Amalan di bulan Sya\'ban', 'hujjah-ilmiah-amalan-di-bulan-syaban', '', '70b2d77a-c11b-445e-a4b3-f348c33a6377', '', 'f2e3b358-a77a-4c2a-a911-19758b88dfde', '', '', '5676e3f9-0846-4a2e-b245-81594c627981', '1fgpAzwnkYknPFzqxX-p2NDBQB_TjsVko', '1N32iTkdHebqSqJFiEVPvWH6xVonL32Gz', 20, 'dilanz.anzfam@gmail.com', 'pdf', '1242967', 20, 'dilanz.anzfam@gmail.com', 1, '100', '2022-10-25 07:51:56', 1, 14),
('d8c90701-cfd3-43cb-aed5-faa224a97372', '210806c2-2d48-41b7-9f7f-8ef5122ce05e', '4631e5e2-5ebb-499d-9415-f6650774240c', 'ccb19e8d-8d11-48f1-9688-0d502d3555df', 'Manfaat Tahajjud Bagi Kesehatan', 'manfaat-tahajjud-bagi-kesehatan', 'Slide', '', '', '', '', '', '', '1ptmutpdxsYrjCK3sdPlQB1Pw9Z21_cQK', '1bCMlLzqLpAUWlUOi-xoD-FYI8Gdp9DVT', 20, 'dilanz.anzfam@gmail.com', 'pdf', '409888', 20, 'dilanz.anzfam@gmail.com', 1, '100', '2022-10-23 09:34:02', 1, 13),
('da29c264-2c06-4ec4-9c0f-874436545a60', 'aba24186-cb26-479d-8989-1153d37d6b8f', '2e7bca88-57bd-4915-a10c-d6f8a6b04300', 'b92ad91c-919c-448f-96d7-2b0c3b8de9c4', 'Kamus Ilmu Nahwu dan Sharaf', 'kamus-ilmu-nahwu-dan-sharaf', 'Nahwu dan Shorof merupakan bagian dari  \'Ulumu \'Arabiyyah, yang bertujuan untuk menjaga dari kesalahan pengucapan maupun tulisan.', '947f88c5-547d-481c-bef3-c15bf230685d', '', '', '', '', '', '1lSZg5QqzEgsG2Fg6qUgozxG4CRLEZBRN', '15oY2Nc3Oa7JcHFI1BnFFXR8bMpmeEEBF', 20, 'dilanz.anzfam@gmail.com', 'pdf', '16350548', 20, 'dilanz.anzfam@gmail.com', 1, '100', '2023-03-27 16:05:58', 1, 8),
('dc0e915d-4677-4e46-8323-6f049613a510', '80f6fa04-a598-45f2-b8f9-4b3277fd8f61', '4631e5e2-5ebb-499d-9415-f6650774240c', 'bbb5d077-4153-4876-8ae4-3c08e19cd31e', '40 HADITS PARENTING', '40-hadits-parenting', 'Keluarga itu pilar bangsa, apabila keluarga baikm aka masyarakat pun akan baik, sehingga bangsa dan negara pun akan turut baik. Keluarga yang baik terdiri dari suami dan istri yang juga baik. Istri atau ibu adalah pilar utama, ruh bagi keluarga dan madrosah pertama. Sedangkan suami adalah pemimpin dan penanggung jawabnya', 'afb343a5-199b-4c54-8fb7-6b9f6f2dac24', 'ke-4', '', '', '', '6a9c274c-96e5-494f-a929-c1dc641dcb15', '1VUEHiadDLHmC-IvCeHzWWzKQQeMzUOAN', '1EYKJIKsSiuQ-ucpKrfcm37kMP9sBQegZ', 20, 'dilanz.anzfam@gmail.com', 'pdf', '2139325', 20, 'dilanz.anzfam@gmail.com', 1, '100', '2023-03-27 17:23:01', 1, 7),
('dcfdabb5-15f0-49c2-8bdb-858ef7538d1a', 'f126d2eb-704b-4e97-9854-4a68bf4a7354', '4631e5e2-5ebb-499d-9415-f6650774240c', 'dd793d43-8d81-4c75-90c5-28da9700e6d0', 'Qadha\' dan Fidyah Puasa', 'qadha-dan-fidyah-puasa', 'Ketika seseorang meninggalkan kewajiban ibadah\r\npuasa, maka ada konsekuensi yang harus ia\r\nkerjakan. Konskuensi itu merupakan resiko yang\r\nharus ditanggung karena meninggalkan kewajiban\r\npuasa yang telah ditetapkan.', '3aee6af5-ae87-407f-9037-98c4bd1838e7', 'Cetakan Pertama', '38eac7ed-f4df-4bbb-a07c-fcae469cddfb', '2020', '', '7a2dc436-358c-4cb7-b721-5f61f79e711c', '1Oboi03yfvYL37l876i5NFnASKukQN-x3', '1l4K_tXLQCEnGaRqoveFrOcqu__5Aw8NZ', 20, 'dilanz.anzfam@gmail.com', 'pdf', '1189060', 20, 'dilanz.anzfam@gmail.com', 1, '11', '2023-04-09 06:03:45', 1, 3),
('dd50dd4f-03ff-4edc-80cc-0898f98df84b', '68144201-4fcd-4065-8a55-932e721fc1ce', '4631e5e2-5ebb-499d-9415-f6650774240c', '7c07a5c6-0b34-4f55-a5f6-91dff2ab85a2', 'Fiqih Islam - Ilmu Waris (Faroidh)', 'fiqih-islam-ilmu-waris-faroidh', 'Terjemah : Team Indonesia islamhouse.com, Editor : Eko Haryanto Abu Ziyad & Mohammad Latif. Lc', '4ab947c2-dd8c-4254-84de-72cf4a20bc4a', '', '', '2009', '', '', '1_mjG8cw6SAicjgfz6lQyA2E5T8i_iBiY', '1a6V7xlgCG8w8v_kw8SpvXe4Z-I-zZqYV', 20, 'dilanz.anzfam@gmail.com', 'pdf', '333180', 20, 'dilanz.anzfam@gmail.com', 1, '100', '2022-10-18 10:33:30', 1, 11),
('dd755a67-0940-4c7f-8984-2142940e2e41', '009c1bcd-f56f-47ca-83cf-fff25bd0cbcc', 'daeae7e6-8cb3-4134-b06b-a247e1529d63', 'ff7af783-3bc0-4e66-bb3c-1fcabf24a68c', 'LULUH LANTAKKAN MENTAL BLOK - RAHASIA PERCEPATAN SUKSES DGN ILMU NEURO LINGUISTIC PROGRAMMING', 'luluh-lantakkan-mental-blok-rahasia-percepatan-sukses-dgn-ilmu-neuro-linguistic-programming', 'Ada banyak alasan yang membuat seseorang belum mencapai sukses. Antara\r\nlain mungkin kurangnya inspirasi, lemahnya motivasi, maupun hadirnya\r\nberbagai tantangan luar yang dihadapinya.\r\nSalah satu topik yang belum banyak dibahas dan diberikan jalan keluarnya\r\nadalah tantangan yang berasal dari dalam diri sendiri, yakni mental block', 'cd493239-9c3b-441d-824e-1ded900adbd8', '', 'a32ab0ed-6ab7-4448-9d8d-59a0f059c469', '2016', '', '899d8fcf-ee0f-4634-bca3-ba0427034d8f', '1EF8ta__RUOwPRuzyES2nJf0xyzH3Y_Jm', '17wYP_K9_ClDC3dLPdEtU9hAsX4CXysJc', 20, 'dilanz.anzfam@gmail.com', 'pdf', '930482', 20, 'dilanz.anzfam@gmail.com', 1, '100', '2023-04-09 07:06:13', 1, 3),
('ddb466a9-d0e4-407e-a516-fdfa00f4e30d', 'ea07fcb5-b57a-41a9-a3c2-4e75d047120e', '588e8c54-637a-494f-b26d-30c8e76aaef5', '383516d9-a86f-4d59-bbae-361191195365', 'Buku Siswa Matematika (MTK) Semester 2', 'buku-siswa-matematika-mtk-semester-2', 'Buku Siswa Mata Pelajara Matematika kelas VII Semester 2', 'be14a23a-c12b-476a-b253-326c0809b52e', '', 'a32ab0ed-6ab7-4448-9d8d-59a0f059c469', '', '978-602-282-986-7', '024e0646-b14e-47bd-803e-36e9dcec1a79', '1SYiichlsLPnZ3W1JbpTFBQmAxS-nk5k_', '1EuCBDaLtrY4zhCYqmI69F3i5yJJfN-IM', 20, 'dilanz.anzfam@gmail.com', 'pdf', '39877016', 20, 'dilanz.anzfam@gmail.com', 1, '11', '2022-10-19 14:02:42', 1, 20),
('e032de8d-2cad-4185-bb26-93bc1a49f27d', 'a51399ee-9eb9-4827-8a9b-fd3549da5e9a', '4631e5e2-5ebb-499d-9415-f6650774240c', '134572fb-6a71-4227-95a0-09081b614927', 'Memahami Makna Bacaan Shalat', 'memahami-makna-bacaan-shalat', 'Sebuah Upaya Menikmati Indahnya Dialog Suci dengan Ilahi', '1276fdce-e5c0-46b8-8947-a1f33a3b6790', '', '', '', '', '1540fd36-d7d4-4dd8-9123-0579b429bd09', '1ngalgAPs0N82dv_nwvavh2vclIX28a6z', '1F1nKWjutJtUm5fmPSXFifjPxl7Wo-sWw', 20, 'dilanz.anzfam@gmail.com', 'pdf', '2024774', 20, 'dilanz.anzfam@gmail.com', 1, '100', '2022-10-25 08:25:33', 1, 2),
('e601e7f8-781e-414b-b4d2-c3f0d61db496', '6787be6f-06a8-4d1e-9344-32d8fa3461c2', '4631e5e2-5ebb-499d-9415-f6650774240c', 'dd793d43-8d81-4c75-90c5-28da9700e6d0', 'Ramadhan Bersama Nabi', 'ramadhan-bersama-nabi', 'Buku ini berisi panduan puasa, shalat tarawih, i’tikaf, dan lailatul\r\nqadar serta ditambahkan pula dengan dzikir pada bulan Ramadhan. Mudah-mudahan menjadi bekal bagi kaum muslimin yang\r\nmembacanya.', '0a226c71-52b8-4153-96d5-755087c247ab', 'Cetakan Pertama', 'cf1b4858-7077-40e3-9514-f3afdb6e122a', '2017', '', '6ba01a23-0037-4fde-907e-3341e65734d2', '1TSOAA8pU1U3PhK7vTg55Gi9NvbEp04B9', '1zoNUQbRkjb-hTK8OOEgXFkYwJVcXC8nR', 20, 'dilanz.anzfam@gmail.com', 'pdf', '618907', 20, 'dilanz.anzfam@gmail.com', 1, '100', '2022-10-18 10:12:08', 1, 11),
('e6acc8f2-7898-4c53-8328-6e46275176ae', '2209ddf4-6e8a-4dc5-a32d-ad5a338e9b1a', '588e8c54-637a-494f-b26d-30c8e76aaef5', '383516d9-a86f-4d59-bbae-361191195365', 'Buku Siswa Matematika (MTK) Semester 1', 'buku-siswa-matematika-mtk-semester-1', 'Buku Guru Mata Pelajara Matematika kelas VII Semester 1', 'be14a23a-c12b-476a-b253-326c0809b52e', 'Cetakan Ke-4', 'a32ab0ed-6ab7-4448-9d8d-59a0f059c469', '2017', '978-602-282-985-0', '024e0646-b14e-47bd-803e-36e9dcec1a79', '1quYjHoPlLxXwjPz3f6CvA-yBVvBs8NE8', '1KFrk2w4FxsW7XRlwyABgHhtMtDlvS8Ll', 20, 'dilanz.anzfam@gmail.com', 'pdf', '37341147', 20, 'dilanz.anzfam@gmail.com', 1, '11', '2022-10-19 14:01:08', 1, 14),
('ea8161d9-91b9-451c-99f9-635083e7b5df', 'ebaf87d8-58d2-474e-90c0-62bdb0bb15ea', '4631e5e2-5ebb-499d-9415-f6650774240c', 'ccb19e8d-8d11-48f1-9688-0d502d3555df', 'Keajaiban Sedekah', 'keajaiban-sedekah', 'Slide -- Rangkuman', 'd86d3ee7-bca3-49a3-a42c-17ca7433cb3c', '', '', '', '', '', '1ca4A8963b00qJHsu0DaSJ3z8RCgPTQxd', '1IWAwEmacmsczm_HcvaWZMb8MaCQWVZ8w', 20, 'dilanz.anzfam@gmail.com', 'pdf', '12377741', 20, 'dilanz.anzfam@gmail.com', 1, '100', '2022-10-16 09:41:18', 1, 12),
('eca0b505-0ecf-4106-a2e9-4c862fa97be1', 'be5c6efc-b77a-4e1c-99d6-b41769a4db91', '4631e5e2-5ebb-499d-9415-f6650774240c', '1b6bfec7-1953-40a3-b89a-05c953cb7531', 'Kitab Talbis Iblis Oleh Imam Ibnul Jauzi', 'kitab-talbis-iblis-oleh-imam-ibnul-jauzi', 'Kitab Gundul', 'f4b465a7-fc5c-43fc-97ff-dc0fbc2b068b', '', 'a2cb6264-a1bb-4872-b5be-63a948af274e', '', '', 'b0d1f32b-a9e4-4d05-b080-3c294c3a8d74', '1r-efzoZnxQPtZZd0ERj4Bsig_dU5Krsu', '1BG-jUKOfzP_V7ksHV1VLvOyN2n-svtPA', 20, 'dilanz.anzfam@gmail.com', 'pdf', '6740228', 20, 'dilanz.anzfam@gmail.com', 1, '10', '2022-10-24 10:01:52', 1, 19),
('edfab71e-5bb1-4d9e-aa18-b47580db7ce7', '1c2481d4-6b11-4deb-b340-0a51a3848b2f', '4631e5e2-5ebb-499d-9415-f6650774240c', 'd2521e0d-d748-49c6-8443-5134bed139bd', 'Dasar Peringatan Maulid Nabi SAW', 'dasar-peringatan-maulid-nabi-saw', 'Adanya perbedaan pendapat di antara para ulama terkait tanggal kelahiran Nabi Saw adalah benar. Dalam literatur kitab tarikh dan sirah dijumpai beberapa pendapat ulama terkait tanggal kelahiran Nabi Saw. Setidaknya dijumpai lima pendapat ulama terkait kelahiran Nabi Saw...', 'a051be9b-c113-4175-950b-5625e2e99b2a', '', '', '2019', '', '91d60882-3c46-489c-b7e2-76dedee5ef3b', '1fgNrkRHk4Obg_kkAUhoEksZgK5iXxqT6', '12WMv17JzA10cWc_5k112wss9uTlWMoQK', 20, 'dilanz.anzfam@gmail.com', 'pdf', '634180', 20, 'dilanz.anzfam@gmail.com', 1, '10', '2022-10-25 10:26:41', 1, 19),
('ee4ee625-14b4-42d3-97dc-4178dfc19b5e', '01c7ebb6-e736-420e-bffb-3cf1d88a32fb', '4631e5e2-5ebb-499d-9415-f6650774240c', '6a28f7e6-d6a7-4ef2-b0b9-0a98e392db0d', 'Buku Pintar Hadits', 'buku-pintar-hadits', '“Kamus Hadits Nabi: Penting Bagi Santri, Perlu Bagi Da’i” Oleh Prof Dr. H. Mohammad Baharun', '790db43b-cc6e-4bce-bfb6-5f90c6fcfc3d', 'Edisi Revisi', '44f30001-6512-4d7f-984b-81996fdfa80b', '2012', '', 'b277dc20-c783-4526-a64c-c4a332350760', '1Bg-F4nBgiabwT6zxPnldL0U_nNBJVxzf', '1N6TQmGp2BJGQqYztZDR-4Cs15RCvzikQ', 20, 'dilanz.anzfam@gmail.com', 'pdf', '6360371', 20, 'dilanz.anzfam@gmail.com', 1, '100', '2022-10-25 08:16:00', 1, 1),
('f2c91725-58d0-4391-b5f8-35db5d74b86c', '13a2c13f-439a-4277-97a8-a625939e58e5', '4631e5e2-5ebb-499d-9415-f6650774240c', 'ccb19e8d-8d11-48f1-9688-0d502d3555df', '5 Kiat Menghadapi Persoalan Hidup', '5-kiat-menghadapi-persoalan-hidup', 'Sahabatku, dunia dan seisinya dicip takan sebagai karunia bagi seluruhmakhluk, khususnya manusia. Untuk itulah kemudian manusia berperan sebagai khalifah atau pengelola. Namun, rupanya banyak sekali manusia yang menjadi tersiksa oleh dunia. Seolah-olah kehidupan dunia ini menjadi beban berat yang tiada hentinya. Seolah-olah segala yang terjadi adalah permasalahan yang tiada ujungnya.', '79565043-9db4-40b0-889c-4555f27046d2', 'Cetakan VI', '993c3ccb-20f7-41c0-9065-b3c420bbfdb9', '2012', '', 'f24616e5-7323-48b0-9453-cfbf7d5bae72', '1jJK0lYIQH1xlZziluVNMMnqzyp5dKMnn', '1EQkRdB8N8b-6Al3bT7UlxTTDey5Z4DkA', 20, 'dilanz.anzfam@gmail.com', 'pdf', '2143969', 20, 'dilanz.anzfam@gmail.com', 1, '10', '2022-10-23 09:31:43', 1, 22),
('f3344ee2-bbc6-490c-b40b-eb770307b45a', 'f008a6d7-3556-4e79-8a63-52eaa8342d3e', '4631e5e2-5ebb-499d-9415-f6650774240c', '49c0e19c-6434-4cb4-98b2-97035f2aa57e', ' Biografi Ahmad bin Hambal', 'biografi-ahmad-bin-hambal', 'Imam Ahmad bin Hanbal seorang yatim,\r\nayahandanya meninggal tatkala usianya masih\r\nsangat kecil, hingga tanggung jawab pendidikan dan\r\nmembesarkannya menjadi tangung jawab penuh\r\nsang ibunda. Sebuah kondisi yang hampir sama yang\r\ndialami oleh gurunya; Imam asy-Syafi’i. tetapi\r\nbegitulah laku para ulama dan orang-orang besar.\r\nKekurangan dan kesempitanlah yang justru\r\nmenempa mereka menjadi pribadi kuat, tangguh dan\r\nmandiri.', 'e55be760-3f1c-498b-af54-03c8320b6d24', 'Cetakan Pertama ', '38eac7ed-f4df-4bbb-a07c-fcae469cddfb', '2018', '', '7a2dc436-358c-4cb7-b721-5f61f79e711c', '1oJz69MBEPJ1rwncvVpbvikMhu9BBKQ4A', '1GoDRiuj302l6hLKf1JjC3e6Apcrg6law', 20, 'dilanz.anzfam@gmail.com', 'pdf', '673359', 20, 'dilanz.anzfam@gmail.com', 1, '11', '2022-10-15 22:16:18', 1, 14),
('f7593ec5-5fd0-4fb0-8df9-a94b88ae5141', '6e29387e-deea-4105-a571-b8fad2a7ef1c', '4631e5e2-5ebb-499d-9415-f6650774240c', '7c07a5c6-0b34-4f55-a5f6-91dff2ab85a2', 'FIQIH ZAKAT SARI PENTING KITAB DR. YUSUF AL-QARADHAWY', 'fiqih-zakat-sari-penting-kitab-dr-yusuf-al-qaradhawy', 'Salah satu karya besar mengenai zakat yang menjadi rujukan luas saat ini adalah Kitab Fikih Zakat, yang ditulis oleh Dr. Yusuf Qaradhawy, salah seorang Ulama Besar Mesir yang sangat terkenal karena perhatiannya yang besar terhadap perkembangan sosial dan ekonomi Ummat Islam pada abad 21 ini. Tulisan ini merupakan ringkasan selektif terhadap bab-bab dari kitab tersebut, yang sengaja dipilihkan untuk konsumsi kalangan masyarakat yang bergerak disektor industri dan jasa.', '', '', '', '', '', '', '1L6WEJY9a3bbXNauCCcvHeyubPRQeqngI', NULL, NULL, NULL, 'pdf', '205545', 20, 'dilanz.anzfam@gmail.com', 1, '100', '2022-10-18 10:37:37', 1, 11),
('f7c4f72c-1e4c-4e8e-bf3d-8d5fc7a83981', '64109bf7-fecd-4691-880c-b2cad9bc6f1e', '588e8c54-637a-494f-b26d-30c8e76aaef5', '383516d9-a86f-4d59-bbae-361191195365', 'Buku Siswa Ilmu Pengetahuan Sosial (IPS)', 'buku-siswa-ilmu-pengetahuan-sosial-ips', 'Buku Siswa Mata Pelajaran Ilmu Pengetahuan Sosial Kelas 7', '16aebcc6-2d54-47fb-9a81-0f35c1e66d1f', 'Cetakan ke -4', 'a32ab0ed-6ab7-4448-9d8d-59a0f059c469', '2017', '978-602-427-008-7', '024e0646-b14e-47bd-803e-36e9dcec1a79', '1iDOdAUQ2PhEYdI-Xc6ARq-MRN1aC26tz', '1tjw9c8REYKVFK6rdYSx95kA4zRTn3YAy', 20, 'dilanz.anzfam@gmail.com', 'pdf', '174186809', 20, 'dilanz.anzfam@gmail.com', 1, '11', '2022-10-19 13:23:24', 1, 17),
('ff3fdf37-0301-4a4a-ba63-5a43278ae8b8', 'e1acabdf-686d-40f8-8acf-526ab9887e34', '2e7bca88-57bd-4915-a10c-d6f8a6b04300', 'b92ad91c-919c-448f-96d7-2b0c3b8de9c4', 'Kamus Populer Keuangan dan Ekonomi Syariah', 'kamus-populer-keuangan-dan-ekonomi-syariah', '', 'ba1ae009-8860-4326-8c46-17b88a160a3c', 'Cetakan ke -1', 'a32ab0ed-6ab7-4448-9d8d-59a0f059c469', '2007', '', '7a7151a9-a7a4-4a27-a93d-8093cb89171d', '1lyqO8zQx_TBn1o2jOMJkqpij4uA2oQMY', '1nQX33q6RFT3yCtvRLA6r3NV3xfnt47MS', 20, 'dilanz.anzfam@gmail.com', 'pdf', '440065', 20, 'dilanz.anzfam@gmail.com', 1, '100', '2022-10-25 07:57:57', 1, 7),
('ffc98a05-b7e8-4b35-a3aa-a686feca2a65', 'e0731f3a-9e71-44c9-a445-20f8f53e1523', '2e7bca88-57bd-4915-a10c-d6f8a6b04300', 'b92ad91c-919c-448f-96d7-2b0c3b8de9c4', 'Kamu Ilmu hadits (Arab - Melayu)', 'kamu-ilmu-hadits-arab-melayu', 'Kamu Ilmu hadits (Arab - Melayu) Mengandung lebih dari 780 Istilah Istilah Hadits', '07cd6221-74f9-4e35-aad1-7472561ca7ce', '', '', '', '', 'a52bcc09-26bd-4a4b-8e50-484d120d5143', '1WN5TzLFdX0Ol6sXnRP03Pw_5Uh8l8wpT', '1pxZluVcZ-96lbey-yYgV6mF0uRBqzHjt', 20, 'dilanz.anzfam@gmail.com', 'pdf', '13492205', 20, 'dilanz.anzfam@gmail.com', 1, '100', '2023-03-27 16:12:01', 1, 6);

-- --------------------------------------------------------

--
-- Struktur dari tabel `e_comments`
--

CREATE TABLE `e_comments` (
  `comment_id` bigint(11) UNSIGNED NOT NULL,
  `commentator_name` varchar(255) NOT NULL,
  `commentator_pos` varchar(255) NOT NULL,
  `commentator_img` varchar(255) NOT NULL,
  `comments_text` longtext NOT NULL
) ENGINE=InnoDB DEFAULT CHARSET=utf8 COLLATE=utf8_general_ci;

--
-- Dumping data untuk tabel `e_comments`
--

INSERT INTO `e_comments` (`comment_id`, `commentator_name`, `commentator_pos`, `commentator_img`, `comments_text`) VALUES
(1, 'Saul Goodman', 'Kepala Sekolah', '1686201785_8d63e39f5598d840da31.jpg', ' Proin iaculis purus consequat sem cure digni ssim donec porttitora entum suscipit rhoncus. Accusantium quam, ultricies eget id, aliquam eget nibh et. Maecen aliquam, risus at semper.'),
(2, 'Sara Wilsson', 'Waka Kurikulum', '1686201983_d3dee6d904805ec0f747.jpg', 'Export tempor illum tamen malis malis eram quae irure esse labore quem cillum quid cillum eram malis quorum velit fore eram velit sunt aliqua noster fugiat irure amet legam anim culpa.'),
(3, 'Jena Karlis', 'Waka Kesiswaan', '1686201797_11497850c08b1b9f46f7.jpg', 'Enim nisi quem export duis labore cillum quae magna enim sint quorum nulla quem veniam duis minim tempor labore quem eram duis noster aute amet eram fore quis sint minim.');

-- --------------------------------------------------------

--
-- Struktur dari tabel `e_subcategories`
--

CREATE TABLE `e_subcategories` (
  `esubcat_id` varchar(255) NOT NULL,
  `ecat_id` varchar(255) NOT NULL,
  `esubcat_name` varchar(255) NOT NULL,
  `esubcat_status` int(3) NOT NULL
) ENGINE=InnoDB DEFAULT CHARSET=utf8 COLLATE=utf8_general_ci;

--
-- Dumping data untuk tabel `e_subcategories`
--

INSERT INTO `e_subcategories` (`esubcat_id`, `ecat_id`, `esubcat_name`, `esubcat_status`) VALUES
('134572fb-6a71-4227-95a0-09081b614927', '4631e5e2-5ebb-499d-9415-f6650774240c', 'Sholat', 1),
('1b6bfec7-1953-40a3-b89a-05c953cb7531', '4631e5e2-5ebb-499d-9415-f6650774240c', 'Kitab dan Terjemah', 1),
('203cfb87-8b44-4b31-a847-abed65120383', '588e8c54-637a-494f-b26d-30c8e76aaef5', 'Kelas VIII', 1),
('2aa4d9b5-81b8-4d0b-87a9-df264d4783c7', '4631e5e2-5ebb-499d-9415-f6650774240c', 'Kamus & Ensiklopedia Islam', 1),
('383516d9-a86f-4d59-bbae-361191195365', '588e8c54-637a-494f-b26d-30c8e76aaef5', 'Kelas VII', 1),
('49c0e19c-6434-4cb4-98b2-97035f2aa57e', '4631e5e2-5ebb-499d-9415-f6650774240c', 'Biografi Tokoh Agama Islam', 1),
('4d78b58b-5197-4f2c-b7aa-67a01f0b0281', 'aa599dc9-eb63-4cdb-b227-ebbd720c49b1', 'Motivasi Islami', 1),
('67612118-dc48-4f0d-a0c4-c7d0a96e772d', '4631e5e2-5ebb-499d-9415-f6650774240c', 'Rumah Tangga dan Perkawinan', 1),
('6a28f7e6-d6a7-4ef2-b0b9-0a98e392db0d', '4631e5e2-5ebb-499d-9415-f6650774240c', 'Al-Qur\'an dan Al-Hadits', 1),
('6aaa8ffb-ec10-41ba-befa-0975a2a8339d', 'daeae7e6-8cb3-4134-b06b-a247e1529d63', 'Islami', 1),
('7c07a5c6-0b34-4f55-a5f6-91dff2ab85a2', '4631e5e2-5ebb-499d-9415-f6650774240c', 'Fiqih', 1),
('b7e93625-bba6-4710-a71d-f045ff05d1d7', '588e8c54-637a-494f-b26d-30c8e76aaef5', 'Kelas IX', 1),
('b8932f99-b0d1-46c7-a990-2f4e967dd5b8', 'fa379ef2-bd2d-40a2-bf2e-6c3ada424c51', 'Biologi', 1),
('b92ad91c-919c-448f-96d7-2b0c3b8de9c4', '2e7bca88-57bd-4915-a10c-d6f8a6b04300', 'Kamus Pengetahuan Islam', 1),
('bbb5d077-4153-4876-8ae4-3c08e19cd31e', '4631e5e2-5ebb-499d-9415-f6650774240c', 'Parenting', 1),
('bd20792b-d6d1-4e03-a304-5e7ccc89cadc', '4631e5e2-5ebb-499d-9415-f6650774240c', 'Majalah Islam', 1),
('ccb19e8d-8d11-48f1-9688-0d502d3555df', '4631e5e2-5ebb-499d-9415-f6650774240c', 'Bacaan Islami', 1),
('d2521e0d-d748-49c6-8443-5134bed139bd', '4631e5e2-5ebb-499d-9415-f6650774240c', 'Nabi Muhammad S.A.W', 1),
('dd793d43-8d81-4c75-90c5-28da9700e6d0', '4631e5e2-5ebb-499d-9415-f6650774240c', 'Ramadhan', 1),
('f04e8f99-48eb-4850-907b-b822f23c8f4b', '4631e5e2-5ebb-499d-9415-f6650774240c', 'Masalah Sholat', 1),
('ff7af783-3bc0-4e66-bb3c-1fcabf24a68c', 'daeae7e6-8cb3-4134-b06b-a247e1529d63', 'Umum', 1);

-- --------------------------------------------------------

--
-- Struktur dari tabel `e_visitors`
--

CREATE TABLE `e_visitors` (
  `visitor_id` bigint(11) UNSIGNED NOT NULL,
  `visitor_ip` varchar(255) NOT NULL,
  `visit_at` date NOT NULL,
  `visit_time` time NOT NULL
) ENGINE=InnoDB DEFAULT CHARSET=utf8 COLLATE=utf8_general_ci;

--
-- Dumping data untuk tabel `e_visitors`
--

INSERT INTO `e_visitors` (`visitor_id`, `visitor_ip`, `visit_at`, `visit_time`) VALUES
(3, '114.10.19.190', '2022-10-15', '00:00:00'),
(4, '180.253.73.68', '2022-10-15', '00:00:00'),
(5, '149.154.161.201', '2022-10-15', '00:00:00'),
(6, '180.253.73.68', '2022-10-16', '00:00:00'),
(7, '125.166.119.82', '2022-10-16', '00:00:00'),
(8, '180.253.73.68', '2022-10-17', '00:00:00'),
(9, '114.142.168.60', '2022-10-17', '00:00:00'),
(10, '180.253.73.68', '2022-10-18', '00:00:00'),
(11, '180.253.70.27', '2022-10-19', '00:00:00'),
(14, '180.253.73.141', '2022-10-24', '00:00:00'),
(15, '180.253.65.218', '2022-10-25', '00:00:00'),
(16, '180.253.68.181', '2022-10-25', '00:00:00'),
(17, '180.253.75.151', '2022-10-25', '11:56:16'),
(18, '180.253.72.211', '2022-10-30', '05:33:41'),
(19, '36.65.220.175', '2022-11-03', '20:34:02'),
(20, '149.154.161.249', '2022-11-03', '12:09:08'),
(21, '125.164.0.27', '2022-11-03', '12:10:46'),
(22, '182.2.40.96', '2022-11-03', '12:19:20'),
(23, '114.122.105.218', '2022-11-03', '12:11:14'),
(24, '114.122.103.210', '2022-11-03', '12:11:56'),
(25, '36.68.54.116', '2022-11-03', '12:12:33'),
(26, '118.99.110.111', '2022-11-03', '12:25:14'),
(27, '125.163.226.66', '2022-11-03', '12:49:27'),
(28, '114.125.249.168', '2022-11-03', '12:48:00'),
(29, '114.125.237.208', '2022-11-03', '12:49:24'),
(30, '61.5.125.32', '2022-11-03', '12:54:50'),
(31, '112.215.153.139', '2022-11-03', '13:03:50'),
(32, '114.5.240.159', '2022-11-03', '13:07:23'),
(33, '103.160.150.29', '2022-11-03', '13:15:09'),
(34, '103.47.135.133', '2022-11-03', '13:17:37'),
(35, '110.138.91.92', '2022-11-03', '13:25:31'),
(36, '125.165.19.54', '2022-11-03', '13:26:43'),
(37, '114.125.197.65', '2022-11-03', '13:59:11'),
(38, '36.90.118.31', '2022-11-03', '14:39:32'),
(39, '180.243.8.221', '2022-11-03', '15:14:37'),
(40, '125.160.114.83', '2022-11-03', '15:56:24'),
(41, '114.5.247.28', '2022-11-03', '15:41:52'),
(42, '125.160.113.164', '2022-11-03', '15:42:06'),
(43, '103.159.194.115', '2022-11-03', '15:53:02'),
(44, '180.254.192.190', '2022-11-03', '16:12:31'),
(45, '182.2.40.213', '2022-11-03', '16:50:05'),
(46, '103.153.186.89', '2022-11-03', '16:50:58'),
(47, '125.166.118.233', '2022-11-03', '16:57:02'),
(48, '125.163.146.242', '2022-11-03', '18:18:54'),
(49, '103.238.202.70', '2022-11-03', '18:00:54'),
(50, '180.244.165.95', '2022-11-03', '18:07:13'),
(51, '180.244.164.82', '2022-11-03', '18:15:41'),
(52, '182.2.141.200', '2022-11-03', '22:01:43'),
(53, '112.215.65.101', '2022-11-03', '19:10:13'),
(54, '112.215.171.220', '2022-11-03', '19:10:41'),
(55, '36.74.45.17', '2022-11-03', '19:46:02'),
(56, '36.71.80.175', '2022-11-03', '19:35:46'),
(57, '36.83.230.37', '2022-11-03', '19:38:30'),
(58, '182.2.37.209', '2022-11-03', '19:41:26'),
(59, '140.213.59.53', '2022-11-03', '20:00:19'),
(60, '180.178.106.107', '2022-11-03', '20:15:13'),
(61, '180.251.147.217', '2022-11-03', '20:20:34'),
(62, '103.160.68.57', '2022-11-03', '20:23:49'),
(63, '182.2.132.210', '2022-11-03', '20:26:14'),
(64, '114.122.72.66', '2022-11-03', '20:53:35'),
(65, '180.252.81.91', '2022-11-03', '21:53:27'),
(66, '36.71.113.231', '2022-11-03', '22:18:33'),
(67, '36.85.7.14', '2022-11-03', '23:25:08'),
(68, '103.124.136.196', '2022-11-04', '06:32:21'),
(69, '125.163.146.242', '2022-11-04', '06:18:29'),
(70, '114.122.102.70', '2022-11-04', '06:52:58'),
(71, '182.1.85.111', '2022-11-04', '06:59:28'),
(72, '180.247.18.194', '2022-11-04', '06:59:13'),
(73, '140.213.142.80', '2022-11-04', '08:26:36'),
(74, '140.213.128.47', '2022-11-04', '08:27:16'),
(75, '103.111.52.42', '2022-11-04', '09:06:56'),
(76, '103.238.202.70', '2022-11-04', '12:36:05'),
(77, '36.77.251.113', '2022-11-04', '13:00:44'),
(78, '36.68.10.239', '2022-11-04', '13:31:43'),
(79, '114.125.180.228', '2022-11-04', '14:47:59'),
(80, '114.125.168.5', '2022-11-04', '14:49:15'),
(81, '114.5.110.227', '2022-11-04', '15:33:36'),
(82, '182.253.67.186', '2022-11-04', '15:43:15'),
(83, '120.188.95.251', '2022-11-05', '05:19:24'),
(84, '182.1.180.251', '2022-11-05', '06:31:09'),
(85, '114.125.167.103', '2022-11-05', '06:43:24'),
(86, '182.0.246.150', '2022-11-05', '08:55:07'),
(87, '182.0.196.198', '2022-11-05', '08:55:22'),
(88, '36.90.217.210', '2022-11-05', '09:17:33'),
(89, '36.73.67.18', '2022-11-05', '09:41:56'),
(90, '103.160.150.29', '2022-11-05', '11:42:31'),
(91, '112.215.238.108', '2022-11-05', '10:02:51'),
(92, '112.215.235.127', '2022-11-05', '10:03:32'),
(93, '140.213.33.191', '2022-11-05', '13:51:53'),
(94, '182.3.45.29', '2022-11-05', '11:48:46'),
(95, '120.188.80.113', '2022-11-05', '23:10:26'),
(96, '125.166.117.58', '2022-11-06', '15:06:28'),
(97, '125.164.17.172', '2022-11-06', '21:47:06'),
(98, '140.213.11.166', '2022-11-07', '06:46:27'),
(99, '180.253.65.120', '2022-11-07', '07:41:41'),
(100, '36.80.125.157', '2022-11-07', '08:39:08'),
(101, '103.169.255.131', '2022-11-07', '16:02:22'),
(102, '180.253.65.120', '2022-11-08', '08:12:09'),
(103, '114.10.70.157', '2022-11-08', '09:04:35'),
(104, '180.245.34.231', '2022-11-08', '11:44:03'),
(105, '103.159.224.2', '2022-11-10', '08:16:55'),
(106, '216.244.66.241', '2022-11-10', '22:28:13'),
(107, '180.253.69.147', '2022-11-11', '06:27:05'),
(108, '182.1.203.201', '2022-11-11', '12:35:01'),
(109, '210.210.136.154', '2022-11-11', '12:36:18'),
(110, '36.90.91.51', '2022-11-11', '14:13:47'),
(111, '36.83.230.177', '2022-11-14', '07:15:33'),
(112, '182.2.74.183', '2022-11-15', '05:41:24'),
(113, '114.10.23.144', '2022-11-15', '10:24:11'),
(114, '36.90.50.64', '2022-11-15', '10:27:03'),
(115, '180.253.69.147', '2022-11-15', '14:15:08'),
(116, '180.253.66.246', '2022-11-16', '05:52:56'),
(117, '45.79.116.239', '2022-11-17', '00:20:42'),
(118, '205.169.39.63', '2022-11-17', '00:20:42'),
(119, '183.129.153.157', '2022-11-18', '03:42:45'),
(120, '103.159.224.1', '2022-11-19', '16:14:14'),
(121, '182.2.40.92', '2022-11-20', '05:01:21'),
(122, '114.79.21.119', '2022-11-20', '10:41:51'),
(123, '103.169.128.143', '2022-11-20', '16:13:28'),
(124, '114.10.19.216', '2022-11-20', '18:31:10'),
(125, '36.95.223.237', '2022-11-21', '08:41:27'),
(126, '150.136.250.6', '2022-11-21', '18:10:59'),
(127, '36.90.48.193', '2022-11-23', '11:38:43'),
(128, '182.2.43.237', '2022-11-26', '18:20:04'),
(129, '180.252.167.66', '2022-11-26', '21:59:08'),
(130, '125.166.119.217', '2022-11-27', '10:14:34'),
(131, '114.4.217.224', '2022-11-27', '11:04:09'),
(132, '202.67.34.4', '2022-11-27', '11:52:50'),
(133, '140.213.35.51', '2022-11-27', '12:50:15'),
(134, '140.213.0.179', '2022-11-27', '12:51:26'),
(135, '180.249.185.54', '2022-11-27', '15:03:59'),
(136, '114.124.131.101', '2022-11-27', '15:54:44'),
(137, '36.82.35.127', '2022-11-27', '16:20:41'),
(138, '125.164.2.11', '2022-11-27', '19:45:06'),
(139, '120.188.79.127', '2022-11-27', '16:46:16'),
(140, '182.2.68.23', '2022-11-27', '19:17:49'),
(141, '103.151.34.253', '2022-11-27', '19:57:05'),
(142, '182.2.68.235', '2022-11-27', '20:10:46'),
(143, '114.5.247.72', '2022-11-27', '21:03:47'),
(144, '114.4.216.154', '2022-11-28', '09:51:37'),
(145, '112.215.171.163', '2022-11-28', '22:08:56'),
(146, '198.235.24.176', '2022-11-30', '10:03:57'),
(147, '114.122.139.155', '2022-11-30', '22:34:12'),
(148, '180.253.73.140', '2022-12-02', '18:43:04'),
(149, '114.10.6.61', '2022-12-02', '12:31:25'),
(150, '161.35.89.141', '2022-12-03', '03:18:08'),
(151, '198.235.24.45', '2022-12-03', '06:52:06'),
(152, '114.5.108.168', '2022-12-03', '07:41:14'),
(153, '205.210.31.174', '2022-12-04', '04:46:02'),
(154, '180.253.72.226', '2022-12-04', '10:03:17'),
(155, '205.210.31.22', '2022-12-04', '23:37:07'),
(156, '180.253.72.226', '2022-12-05', '05:47:42'),
(157, '180.253.72.226', '2022-12-06', '03:59:38'),
(158, '205.210.31.136', '2022-12-07', '15:24:31'),
(159, '205.169.39.25', '2022-12-08', '00:06:15'),
(160, '198.235.24.128', '2022-12-11', '16:16:22'),
(161, '205.210.31.145', '2022-12-12', '12:37:12'),
(162, '140.213.0.102', '2022-12-13', '23:05:57'),
(163, '87.236.176.85', '2022-12-14', '04:54:23'),
(164, '167.248.133.120', '2022-12-14', '20:17:54'),
(165, '114.4.221.244', '2022-12-19', '07:26:11'),
(166, '114.5.109.236', '2022-12-19', '17:15:49'),
(167, '182.138.89.7', '2022-12-20', '19:56:41'),
(168, '124.223.193.80', '2022-12-21', '02:28:33'),
(169, '175.152.148.152', '2022-12-21', '11:01:46'),
(170, '114.10.11.158', '2022-12-22', '10:15:46'),
(171, '180.253.72.111', '2022-12-22', '14:33:49'),
(172, '180.253.64.167', '2022-12-26', '06:20:04'),
(173, '114.10.18.172', '2022-12-26', '06:16:32'),
(174, '87.236.176.126', '2022-12-26', '20:14:43'),
(175, '125.166.9.172', '2022-12-27', '20:54:29'),
(176, '125.164.232.96', '2022-12-27', '20:54:50'),
(177, '125.164.16.150', '2022-12-28', '00:14:24'),
(178, '180.253.77.234', '2022-12-30', '07:36:44'),
(179, '114.125.77.126', '2023-01-01', '23:59:30'),
(180, '114.125.77.126', '2023-01-02', '01:00:50'),
(181, '114.125.93.106', '2023-01-03', '08:38:55'),
(182, '149.154.161.199', '2023-01-03', '08:39:29'),
(183, '51.158.108.61', '2023-01-03', '09:45:23'),
(184, '120.188.73.57', '2023-01-05', '09:44:37'),
(185, '205.210.31.185', '2023-01-07', '17:14:31'),
(186, '198.235.24.31', '2023-01-10', '14:10:27'),
(187, '167.94.138.60', '2023-01-10', '20:18:55'),
(188, '180.253.65.42', '2023-01-11', '18:19:35'),
(189, '103.141.47.255', '2023-01-11', '18:33:10'),
(190, '182.4.36.138', '2023-01-13', '01:20:55'),
(191, '36.65.177.134', '2023-01-13', '11:41:59'),
(192, '198.235.24.12', '2023-01-13', '15:21:54'),
(193, '205.210.31.153', '2023-01-14', '19:03:48'),
(194, '198.235.24.179', '2023-01-15', '16:25:40'),
(195, '195.211.77.140', '2023-01-17', '08:36:35'),
(196, '180.248.7.20', '2023-01-17', '11:18:23'),
(197, '114.10.5.121', '2023-01-17', '11:18:51'),
(198, '180.253.77.37', '2023-01-17', '14:32:33'),
(199, '125.166.118.70', '2023-01-17', '18:30:41'),
(200, '61.5.8.74', '2023-01-17', '21:14:43'),
(201, '125.166.118.70', '2023-01-18', '06:50:00'),
(202, '205.210.31.15', '2023-01-18', '17:38:05'),
(203, '162.142.125.210', '2023-01-18', '21:23:04'),
(204, '157.55.39.219', '2023-01-20', '16:26:35'),
(205, '198.235.24.58', '2023-01-22', '01:05:20'),
(206, '207.46.13.205', '2023-01-22', '12:48:39'),
(207, '205.210.31.151', '2023-01-23', '05:40:40'),
(208, '180.252.200.79', '2023-01-24', '09:31:21'),
(209, '207.46.13.205', '2023-01-24', '17:01:01'),
(210, '205.210.31.10', '2023-01-24', '20:19:45'),
(211, '36.85.54.108', '2023-01-25', '22:43:45'),
(212, '149.154.161.204', '2023-01-25', '22:44:46'),
(213, '66.96.225.83', '2023-01-25', '23:39:06'),
(214, '125.160.232.12', '2023-01-27', '10:08:39'),
(215, '36.85.54.108', '2023-01-27', '10:09:35'),
(216, '207.46.13.205', '2023-01-27', '22:22:31'),
(217, '205.210.31.6', '2023-01-28', '09:54:28'),
(218, '198.235.24.165', '2023-01-29', '11:46:01'),
(219, '202.57.26.122', '2023-01-29', '22:23:55'),
(220, '198.235.24.37', '2023-01-30', '05:15:59'),
(221, '120.188.82.249', '2023-01-30', '12:25:13'),
(222, '125.166.116.206', '2023-01-30', '17:08:45'),
(223, '87.236.176.69', '2023-01-30', '20:25:37'),
(224, '125.166.116.75', '2023-01-30', '20:34:18'),
(225, '205.210.31.168', '2023-01-31', '07:50:03'),
(226, '51.15.195.246', '2023-01-31', '21:04:51'),
(227, '51.158.150.72', '2023-01-31', '21:10:06'),
(228, '40.77.167.249', '2023-02-02', '20:25:10'),
(229, '125.166.117.251', '2023-02-03', '07:04:22'),
(230, '182.2.73.58', '2023-02-03', '13:13:09'),
(231, '205.210.31.55', '2023-02-04', '14:36:52'),
(232, '198.235.24.150', '2023-02-04', '15:19:43'),
(233, '40.77.167.249', '2023-02-04', '18:21:21'),
(234, '198.235.24.54', '2023-02-05', '05:38:43'),
(235, '182.3.46.58', '2023-02-06', '20:46:45'),
(236, '205.210.31.41', '2023-02-08', '12:00:01'),
(237, '40.77.167.249', '2023-02-08', '12:39:59'),
(238, '118.99.121.76', '2023-02-09', '08:19:25'),
(239, '40.77.167.249', '2023-02-09', '15:37:41'),
(240, '198.235.24.48', '2023-02-10', '09:45:08'),
(241, '198.235.24.161', '2023-02-11', '19:37:44'),
(242, '216.244.66.241', '2023-02-11', '22:45:11'),
(243, '40.77.167.249', '2023-02-11', '22:49:30'),
(244, '40.77.167.249', '2023-02-12', '19:17:38'),
(245, '40.77.167.249', '2023-02-14', '23:05:52'),
(246, '40.77.167.249', '2023-02-15', '21:08:18'),
(247, '198.235.24.56', '2023-02-15', '15:53:01'),
(248, '40.77.167.191', '2023-02-17', '02:15:23'),
(249, '205.210.31.15', '2023-02-18', '01:42:30'),
(250, '205.210.31.136', '2023-02-18', '03:33:41'),
(251, '172.104.54.46', '2023-02-18', '06:38:55'),
(252, '52.167.144.66', '2023-02-18', '18:23:35'),
(253, '87.236.176.79', '2023-02-18', '20:42:46'),
(254, '205.210.31.55', '2023-02-19', '07:27:30'),
(255, '167.248.133.120', '2023-02-19', '07:42:25'),
(256, '167.248.133.188', '2023-02-19', '08:22:05'),
(257, '36.65.207.54', '2023-02-19', '11:23:46'),
(258, '40.77.167.236', '2023-02-20', '23:23:25'),
(259, '118.99.121.60', '2023-02-21', '08:01:55'),
(260, '51.158.127.119', '2023-02-21', '22:45:36'),
(261, '20.191.45.212', '2023-02-22', '03:49:50'),
(262, '40.77.167.236', '2023-02-22', '09:55:03'),
(263, '198.235.24.9', '2023-02-22', '18:54:57'),
(264, '40.77.167.236', '2023-02-23', '05:50:04'),
(265, '40.77.167.236', '2023-02-24', '19:03:33'),
(266, '205.210.31.18', '2023-02-24', '15:56:52'),
(267, '140.213.218.56', '2023-02-24', '20:19:27'),
(268, '52.167.144.29', '2023-02-25', '15:37:24'),
(269, '198.235.24.29', '2023-02-26', '00:24:23'),
(270, '52.167.144.29', '2023-02-26', '10:41:32'),
(271, '87.236.176.64', '2023-02-26', '16:17:23'),
(272, '40.77.167.236', '2023-02-27', '03:23:42'),
(273, '52.167.144.35', '2023-02-27', '22:46:00'),
(274, '52.167.144.35', '2023-02-28', '19:58:40'),
(275, '167.248.133.186', '2023-03-01', '05:20:45'),
(276, '162.142.125.220', '2023-03-01', '10:26:43'),
(277, '52.167.144.35', '2023-03-01', '21:02:38'),
(278, '40.77.167.217', '2023-03-02', '17:49:11'),
(279, '40.77.167.217', '2023-03-03', '22:01:34'),
(280, '52.167.144.65', '2023-03-05', '14:02:53'),
(281, '52.167.144.65', '2023-03-07', '00:40:38'),
(282, '114.10.19.61', '2023-03-07', '15:23:44'),
(283, '103.153.191.126', '2023-03-07', '20:43:34'),
(284, '52.167.144.143', '2023-03-07', '23:16:54'),
(285, '180.253.70.156', '2023-03-08', '10:10:45'),
(286, '40.77.167.215', '2023-03-09', '01:16:16'),
(287, '157.55.39.210', '2023-03-10', '03:59:52'),
(288, '157.55.39.210', '2023-03-11', '10:51:31'),
(289, '207.46.13.209', '2023-03-12', '07:49:13'),
(290, '207.46.13.209', '2023-03-13', '22:49:15'),
(291, '167.248.133.34', '2023-03-13', '07:01:09'),
(292, '167.248.133.126', '2023-03-13', '15:25:12'),
(293, '202.154.37.2', '2023-03-14', '06:24:01'),
(294, '149.154.161.216', '2023-03-14', '06:23:51'),
(295, '110.137.73.221', '2023-03-14', '06:25:01'),
(296, '110.137.100.45', '2023-03-14', '06:27:00'),
(297, '103.108.21.76', '2023-03-14', '06:50:34'),
(298, '180.244.129.210', '2023-03-14', '07:06:47'),
(299, '103.130.7.34', '2023-03-14', '07:20:05'),
(300, '114.5.244.15', '2023-03-14', '10:05:25'),
(301, '103.144.227.246', '2023-03-14', '12:33:11'),
(302, '207.46.13.209', '2023-03-14', '22:12:29'),
(303, '202.67.32.5', '2023-03-15', '08:33:13'),
(304, '125.164.234.254', '2023-03-15', '11:22:10'),
(305, '207.46.13.209', '2023-03-15', '22:48:53'),
(306, '40.77.167.244', '2023-03-16', '21:26:14'),
(307, '205.210.31.50', '2023-03-17', '20:20:24'),
(308, '40.77.167.244', '2023-03-17', '21:43:23'),
(309, '205.210.31.162', '2023-03-18', '02:44:57'),
(310, '87.236.176.178', '2023-03-18', '03:14:33'),
(311, '195.211.77.140', '2023-03-19', '11:07:40'),
(312, '40.77.167.244', '2023-03-19', '22:28:51'),
(313, '114.10.17.125', '2023-03-20', '14:29:16'),
(314, '40.77.167.244', '2023-03-20', '23:16:42'),
(315, '205.210.31.163', '2023-03-21', '21:10:56'),
(316, '40.77.167.244', '2023-03-21', '22:21:02'),
(317, '202.154.37.10', '2023-03-22', '07:28:07'),
(318, '40.77.167.244', '2023-03-22', '22:39:13'),
(319, '40.77.167.244', '2023-03-23', '22:41:08'),
(320, '51.158.66.83', '2023-03-24', '06:22:05'),
(321, '35.211.248.167', '2023-03-24', '12:09:10'),
(322, '40.77.167.244', '2023-03-24', '22:21:00'),
(323, '180.253.72.93', '2023-03-24', '22:39:44'),
(324, '198.235.24.128', '2023-03-25', '02:58:23'),
(325, '198.235.24.37', '2023-03-25', '17:59:22'),
(326, '40.77.167.244', '2023-03-25', '23:16:19'),
(327, '40.77.167.244', '2023-03-27', '08:57:28'),
(328, '::1', '2023-03-27', '17:27:20'),
(329, '::1', '2023-04-07', '18:14:13'),
(330, '127.0.0.1', '2023-04-07', '16:35:19'),
(331, '::1', '2023-04-08', '15:36:43'),
(332, '180.253.79.140', '2023-04-08', '19:48:41'),
(333, '149.154.161.231', '2023-04-08', '16:41:10'),
(334, '149.154.161.216', '2023-04-08', '16:41:21'),
(335, '149.154.161.244', '2023-04-08', '16:41:22'),
(336, '149.154.161.202', '2023-04-08', '16:41:27'),
(337, '173.252.95.117', '2023-04-08', '16:46:51'),
(338, '173.252.95.116', '2023-04-08', '16:46:53'),
(339, '173.252.95.7', '2023-04-08', '16:46:54'),
(340, '198.235.24.158', '2023-04-08', '18:31:56'),
(341, '205.210.31.139', '2023-04-08', '21:21:47'),
(342, '180.253.79.140', '2023-04-09', '07:28:49'),
(343, '202.154.37.10', '2023-04-09', '12:37:49'),
(344, '110.137.72.168', '2023-04-09', '13:28:03'),
(345, '180.251.181.220', '2023-04-09', '08:01:29'),
(346, '120.188.81.211', '2023-04-09', '11:05:43'),
(347, '114.10.8.78', '2023-04-09', '08:44:41'),
(348, '114.10.10.87', '2023-04-09', '08:49:54'),
(349, '180.241.243.110', '2023-04-09', '08:58:57'),
(350, '103.108.229.75', '2023-04-09', '09:13:25'),
(351, '180.241.242.195', '2023-04-09', '09:16:08'),
(352, '180.241.241.100', '2023-04-09', '09:49:54'),
(353, '182.253.163.123', '2023-04-09', '09:29:55'),
(354, '180.241.240.47', '2023-04-09', '09:31:38'),
(355, '114.122.76.89', '2023-04-09', '09:49:28'),
(356, '114.122.82.197', '2023-04-09', '09:49:43'),
(357, '180.245.113.133', '2023-04-09', '10:01:47'),
(358, '114.122.73.201', '2023-04-09', '10:07:46'),
(359, '114.5.222.238', '2023-04-09', '10:08:42'),
(360, '114.10.23.189', '2023-04-09', '10:46:38'),
(361, '180.242.129.254', '2023-04-09', '23:28:24'),
(362, '180.244.129.146', '2023-04-09', '14:29:00'),
(363, '180.244.128.91', '2023-04-09', '11:00:21'),
(364, '114.10.121.114', '2023-04-09', '11:28:41'),
(365, '114.122.107.198', '2023-04-09', '11:41:21'),
(366, '140.213.1.56', '2023-04-09', '12:21:09'),
(367, '180.254.51.78', '2023-04-09', '12:30:11'),
(368, '112.215.221.104', '2023-04-09', '12:39:44'),
(369, '51.222.253.20', '2023-04-09', '12:55:08'),
(370, '103.242.105.169', '2023-04-09', '13:35:10'),
(371, '114.125.246.114', '2023-04-09', '13:29:45'),
(372, '103.255.157.122', '2023-04-09', '13:41:49'),
(373, '180.247.4.109', '2023-04-09', '15:02:20'),
(374, '182.1.236.147', '2023-04-09', '14:15:22'),
(375, '182.1.235.247', '2023-04-09', '14:15:57'),
(376, '114.122.83.233', '2023-04-09', '14:32:36'),
(377, '103.3.220.14', '2023-04-09', '14:31:34'),
(378, '103.127.65.43', '2023-04-09', '14:38:22'),
(379, '140.0.25.23', '2023-04-09', '17:14:12'),
(380, '180.214.233.76', '2023-04-09', '17:42:18'),
(381, '182.2.38.76', '2023-04-09', '17:41:39'),
(382, '103.144.175.165', '2023-04-09', '18:18:25'),
(383, '103.107.85.120', '2023-04-09', '18:31:14'),
(384, '180.253.237.24', '2023-04-09', '20:40:39'),
(385, '114.10.17.113', '2023-04-09', '20:39:44'),
(386, '140.213.35.222', '2023-04-09', '21:07:01'),
(387, '103.142.254.85', '2023-04-09', '22:05:45'),
(388, '120.188.82.21', '2023-04-09', '22:46:02'),
(389, '182.3.37.98', '2023-04-09', '23:56:43'),
(390, '103.242.105.169', '2023-04-10', '20:58:30'),
(391, '103.107.85.121', '2023-04-10', '03:59:59'),
(392, '180.246.6.101', '2023-04-10', '09:31:23'),
(393, '103.113.120.46', '2023-04-10', '08:56:54'),
(394, '114.10.22.140', '2023-04-10', '09:05:56'),
(395, '103.144.227.246', '2023-04-10', '10:10:43'),
(396, '103.26.211.4', '2023-04-10', '16:24:40'),
(397, '36.72.88.160', '2023-04-10', '16:24:54'),
(398, '180.253.79.140', '2023-04-10', '20:28:49'),
(399, '140.213.42.195', '2023-04-10', '20:31:46'),
(400, '114.5.222.241', '2023-04-10', '21:57:48'),
(401, '180.253.79.140', '2023-04-11', '04:58:02'),
(402, '103.105.34.65', '2023-04-11', '04:49:11'),
(403, '36.78.74.191', '2023-04-11', '09:53:16'),
(404, '140.213.1.22', '2023-04-11', '13:58:30'),
(405, '180.253.68.61', '2023-04-12', '13:45:28'),
(406, '180.254.44.187', '2023-04-12', '21:13:33'),
(407, '180.243.13.65', '2023-04-13', '06:13:20'),
(408, '36.82.84.49', '2023-04-13', '09:58:46'),
(409, '207.46.13.215', '2023-04-13', '09:13:02'),
(410, '180.242.129.235', '2023-04-13', '19:19:04'),
(411, '125.164.8.126', '2023-04-13', '19:24:32'),
(412, '140.213.187.24', '2023-04-13', '20:51:30'),
(413, '207.46.13.215', '2023-04-14', '00:16:36'),
(414, '140.213.187.24', '2023-04-14', '07:03:54'),
(415, '125.167.118.155', '2023-04-14', '13:32:38'),
(416, '140.213.227.65', '2023-04-14', '18:22:04'),
(417, '202.43.172.4', '2023-04-14', '18:23:05'),
(418, '182.4.38.108', '2023-04-15', '08:43:26'),
(419, '180.253.74.83', '2023-04-15', '19:42:11'),
(420, '69.63.184.118', '2023-04-16', '07:56:40'),
(421, '103.142.254.85', '2023-04-16', '15:59:25'),
(422, '180.253.68.186', '2023-04-18', '15:17:07'),
(423, '54.36.149.24', '2023-04-18', '21:52:30'),
(424, '140.0.25.23', '2023-04-22', '04:10:43'),
(425, '140.213.226.149', '2023-04-24', '15:57:57'),
(426, '36.68.9.42', '2023-04-24', '16:07:12'),
(427, '202.67.33.45', '2023-04-24', '16:16:59'),
(428, '182.4.134.33', '2023-04-24', '16:30:30'),
(429, '180.244.129.141', '2023-04-24', '16:44:54'),
(430, '110.138.200.199', '2023-04-24', '18:31:05'),
(431, '202.80.216.73', '2023-04-24', '21:08:44'),
(432, '140.213.1.78', '2023-04-25', '18:53:48'),
(433, '103.127.65.56', '2023-04-25', '12:33:07'),
(434, '140.213.7.118', '2023-04-25', '12:41:22'),
(435, '180.251.229.162', '2023-04-25', '13:06:42'),
(436, '36.68.10.28', '2023-04-25', '15:44:00'),
(437, '180.251.115.19', '2023-04-25', '21:11:21'),
(438, '114.4.221.175', '2023-04-26', '20:00:25'),
(439, '51.222.253.12', '2023-04-27', '06:27:10'),
(440, '36.71.71.139', '2023-04-27', '09:02:49'),
(441, '35.215.8.122', '2023-04-30', '00:17:41'),
(442, '103.189.207.56', '2023-05-03', '00:32:50'),
(443, '140.213.170.152', '2023-05-03', '15:40:25'),
(444, '103.189.207.56', '2023-05-04', '00:03:36'),
(445, '125.161.202.161', '2023-05-05', '00:19:26'),
(446, '103.189.207.70', '2023-05-05', '22:47:28'),
(447, '180.247.55.52', '2023-05-05', '01:53:19'),
(448, '140.0.25.23', '2023-05-05', '03:03:02'),
(449, '36.68.9.189', '2023-05-05', '05:01:33'),
(450, '180.253.163.118', '2023-05-05', '05:15:11'),
(451, '110.137.101.33', '2023-05-05', '05:16:08'),
(452, '223.25.111.10', '2023-05-05', '05:21:54'),
(453, '180.245.200.29', '2023-05-05', '07:56:25'),
(454, '110.137.72.47', '2023-05-05', '05:43:55'),
(455, '103.108.20.122', '2023-05-05', '06:43:55'),
(456, '180.214.232.14', '2023-05-05', '06:45:22'),
(457, '103.175.237.17', '2023-05-05', '06:55:33'),
(458, '222.124.49.101', '2023-05-05', '08:52:40'),
(459, '180.245.121.57', '2023-05-05', '09:26:23'),
(460, '180.252.249.44', '2023-05-05', '11:29:14'),
(461, '103.153.191.126', '2023-05-06', '06:36:04'),
(462, '114.10.123.186', '2023-05-06', '10:32:06'),
(463, '180.253.73.165', '2023-05-06', '22:24:33'),
(464, '104.28.245.128', '2023-05-06', '22:38:09'),
(465, '114.122.115.99', '2023-05-06', '22:41:58'),
(466, '114.122.198.219', '2023-05-06', '23:17:51'),
(467, '118.137.251.103', '2023-05-07', '07:41:50'),
(468, '111.94.130.164', '2023-05-07', '09:49:02'),
(469, '182.1.112.220', '2023-05-08', '05:24:00'),
(470, '36.72.215.145', '2023-05-08', '05:43:06'),
(471, '52.167.144.42', '2023-05-08', '20:03:00'),
(472, '52.167.144.42', '2023-05-09', '12:55:21'),
(473, '118.137.221.70', '2023-05-09', '09:10:31'),
(474, '111.95.33.7', '2023-05-09', '09:12:57'),
(475, '114.122.138.98', '2023-05-09', '09:20:50'),
(476, '118.137.251.103', '2023-05-09', '09:22:04'),
(477, '114.122.15.19', '2023-05-09', '19:35:41'),
(478, '180.253.71.103', '2023-05-09', '18:07:52'),
(479, '114.122.15.19', '2023-05-10', '00:40:04'),
(480, '202.67.42.25', '2023-05-10', '08:51:23'),
(481, '52.167.144.42', '2023-05-10', '08:59:21'),
(482, '114.122.12.114', '2023-05-10', '12:02:30'),
(483, '114.122.22.154', '2023-05-10', '18:26:38'),
(484, '180.253.65.58', '2023-05-10', '19:50:11'),
(485, '36.68.96.253', '2023-05-10', '20:04:46'),
(486, '114.10.7.103', '2023-05-10', '20:25:13'),
(487, '114.122.21.121', '2023-05-10', '23:49:55'),
(488, '180.253.65.58', '2023-05-11', '08:46:07'),
(489, '110.137.83.18', '2023-05-11', '09:45:08'),
(490, '52.167.144.39', '2023-05-11', '10:01:59'),
(491, '40.77.167.92', '2023-05-12', '05:35:24'),
(492, '40.77.167.92', '2023-05-13', '19:08:20'),
(493, '40.77.167.92', '2023-05-14', '16:55:00'),
(494, '180.242.128.58', '2023-05-14', '14:59:00'),
(495, '103.127.65.38', '2023-05-14', '15:13:22'),
(496, '103.228.246.54', '2023-05-14', '15:31:36'),
(497, '182.2.47.160', '2023-05-14', '15:58:37'),
(498, '140.213.98.240', '2023-05-14', '16:17:55'),
(499, '103.127.65.33', '2023-05-14', '16:33:57'),
(500, '36.73.132.217', '2023-05-14', '19:37:48'),
(501, '125.166.119.172', '2023-05-14', '20:04:35'),
(502, '103.212.179.81', '2023-05-14', '20:27:13'),
(503, '103.212.179.80', '2023-05-14', '20:35:38'),
(504, '182.2.137.42', '2023-05-14', '23:42:48'),
(505, '114.122.22.26', '2023-05-15', '00:58:47'),
(506, '157.55.39.210', '2023-05-15', '05:35:16'),
(507, '128.14.197.98', '2023-05-15', '06:52:46'),
(508, '114.122.9.240', '2023-05-15', '07:39:46'),
(509, '216.244.66.241', '2023-05-15', '10:08:53'),
(510, '36.74.145.239', '2023-05-15', '11:01:10'),
(511, '207.46.13.217', '2023-05-15', '19:12:30'),
(512, '36.80.72.26', '2023-05-15', '15:51:31'),
(513, '180.242.68.164', '2023-05-15', '23:06:59'),
(514, '207.46.13.217', '2023-05-16', '20:47:47'),
(515, '110.137.72.88', '2023-05-16', '18:26:22'),
(516, '207.46.13.217', '2023-05-17', '23:29:39'),
(517, '182.2.77.81', '2023-05-17', '10:50:59'),
(518, '114.122.102.56', '2023-05-18', '19:31:21'),
(519, '182.1.229.140', '2023-05-18', '19:46:58'),
(520, '114.10.31.228', '2023-05-18', '21:49:53'),
(521, '207.46.13.217', '2023-05-18', '21:52:21'),
(522, '180.253.71.73', '2023-05-19', '05:56:03'),
(523, '114.10.31.228', '2023-05-19', '07:05:21'),
(524, '110.138.193.128', '2023-05-19', '09:07:01'),
(525, '114.10.116.122', '2023-05-19', '11:17:06'),
(526, '103.233.89.50', '2023-05-19', '14:19:15'),
(527, '114.122.15.251', '2023-05-19', '19:18:42'),
(528, '120.188.93.29', '2023-05-19', '23:39:00'),
(529, '207.46.13.217', '2023-05-20', '14:41:14'),
(530, '120.188.93.29', '2023-05-20', '13:01:57'),
(531, '103.153.191.90', '2023-05-20', '14:23:11'),
(532, '36.71.84.242', '2023-05-20', '22:25:49'),
(533, '103.153.191.90', '2023-05-21', '09:13:38'),
(534, '114.4.82.63', '2023-05-21', '20:29:29'),
(535, '114.122.84.165', '2023-05-21', '15:12:21'),
(536, '182.4.71.183', '2023-05-21', '17:44:17'),
(537, '114.10.68.232', '2023-05-21', '22:11:59'),
(538, '207.46.13.217', '2023-05-22', '06:04:17'),
(539, '180.241.45.56', '2023-05-22', '11:31:45'),
(540, '114.122.76.225', '2023-05-22', '14:49:22'),
(541, '36.71.85.63', '2023-05-22', '17:19:33'),
(542, '114.10.31.104', '2023-05-22', '22:38:34'),
(543, '125.162.2.124', '2023-05-22', '23:18:09'),
(544, '182.4.69.159', '2023-05-23', '08:43:20'),
(545, '110.137.80.235', '2023-05-23', '09:45:13'),
(546, '207.46.13.217', '2023-05-23', '11:10:58'),
(547, '182.4.68.79', '2023-05-23', '12:18:22'),
(548, '114.10.127.18', '2023-05-23', '19:55:30'),
(549, '36.65.179.90', '2023-05-24', '06:25:57'),
(550, '40.77.167.170', '2023-05-24', '15:19:04'),
(551, '54.226.0.96', '2023-05-24', '16:55:58'),
(552, '180.241.47.171', '2023-05-25', '11:25:50'),
(553, '180.241.45.55', '2023-05-25', '11:34:52'),
(554, '40.77.167.170', '2023-05-25', '16:10:04'),
(555, '114.122.8.20', '2023-05-26', '10:14:00'),
(556, '40.77.167.170', '2023-05-26', '11:51:02'),
(557, '125.164.156.243', '2023-05-26', '21:53:46'),
(558, '114.122.21.172', '2023-05-27', '08:22:13'),
(559, '40.77.167.170', '2023-05-27', '10:23:24'),
(560, '36.68.88.64', '2023-05-27', '14:57:38'),
(561, '3.71.70.235', '2023-05-27', '19:25:31'),
(562, '40.77.167.170', '2023-05-28', '04:11:15'),
(563, '125.165.5.7', '2023-05-28', '19:41:45'),
(564, '125.162.247.172', '2023-05-29', '19:00:48'),
(565, '40.77.167.170', '2023-05-29', '19:17:13'),
(566, '180.253.70.104', '2023-05-29', '21:28:09'),
(567, '125.166.117.199', '2023-05-30', '08:19:48'),
(568, '125.167.128.255', '2023-05-30', '18:49:32'),
(569, '40.77.167.170', '2023-05-31', '13:44:29'),
(570, '103.156.249.15', '2023-05-31', '15:10:03'),
(571, '40.77.167.170', '2023-06-01', '18:27:32'),
(572, '180.253.74.156', '2023-06-01', '03:49:05'),
(573, '40.77.167.170', '2023-06-03', '21:58:27'),
(574, '40.77.167.170', '2023-06-04', '23:42:13'),
(575, '198.235.24.47', '2023-06-04', '07:30:31'),
(576, '180.243.13.70', '2023-06-04', '19:01:52'),
(577, '36.68.53.226', '2023-06-04', '22:44:57'),
(578, '40.77.167.170', '2023-06-05', '15:27:11'),
(579, '180.253.70.86', '2023-06-06', '10:35:56'),
(580, '40.77.167.170', '2023-06-06', '12:12:15'),
(581, '36.90.214.96', '2023-06-06', '15:51:53'),
(582, '180.241.119.50', '2023-06-06', '15:37:42'),
(583, '114.10.29.147', '2023-06-06', '16:11:36'),
(584, '103.189.122.173', '2023-06-06', '21:20:00'),
(585, '40.77.167.170', '2023-06-07', '04:09:41'),
(586, '36.90.78.215', '2023-06-07', '12:50:52'),
(587, '103.153.191.90', '2023-06-07', '08:58:33'),
(588, '114.10.23.14', '2023-06-08', '14:06:03'),
(589, '110.137.72.163', '2023-06-08', '12:40:52'),
(590, '182.3.44.101', '2023-06-08', '19:16:02'),
(591, '18.188.197.196', '2023-06-08', '12:37:46'),
(592, '185.162.223.68', '2023-06-08', '12:40:24'),
(593, '36.65.184.93', '2023-06-08', '17:29:25'),
(594, '175.158.43.193', '2023-06-08', '13:31:46'),
(595, '114.122.15.14', '2023-06-08', '13:39:55'),
(596, '180.241.119.50', '2023-06-08', '15:00:06'),
(597, '114.122.23.144', '2023-06-09', '09:58:40'),
(598, '51.222.253.8', '2023-06-09', '14:25:14'),
(599, '182.0.179.84', '2023-06-09', '18:28:18'),
(600, '182.0.133.132', '2023-06-09', '17:59:17'),
(601, '114.125.200.229', '2023-06-09', '21:25:23'),
(602, '114.125.219.203', '2023-06-09', '21:26:17'),
(603, '114.124.180.174', '2023-06-10', '05:31:44'),
(604, '180.253.77.54', '2023-06-10', '11:02:45'),
(605, '114.10.125.69', '2023-06-10', '08:31:38'),
(606, '103.255.156.117', '2023-06-10', '08:35:20'),
(607, '182.0.240.133', '2023-06-10', '19:14:12'),
(608, '182.0.238.149', '2023-06-10', '17:36:42'),
(609, '103.189.122.166', '2023-06-10', '18:20:09'),
(610, '182.0.206.201', '2023-06-10', '19:35:49'),
(611, '40.77.167.170', '2023-06-12', '08:52:57'),
(612, '180.253.72.100', '2023-06-13', '08:14:35'),
(613, '182.2.41.141', '2023-06-13', '09:13:01'),
(614, '114.10.75.163', '2023-06-14', '09:12:19'),
(615, '114.122.13.166', '2023-06-14', '09:47:55'),
(616, '36.90.78.215', '2023-06-14', '14:17:35'),
(617, '162.142.125.225', '2023-06-15', '05:48:36'),
(618, '140.213.183.249', '2023-06-15', '07:12:19'),
(619, '140.213.67.9', '2023-06-15', '07:25:46'),
(620, '120.188.86.156', '2023-06-15', '18:12:15'),
(621, '110.137.39.57', '2023-06-16', '13:57:02'),
(622, '36.74.13.210', '2023-06-16', '21:47:52'),
(623, '140.213.191.187', '2023-06-17', '06:29:32'),
(624, '87.250.224.215', '2023-06-17', '07:43:37'),
(625, '87.250.224.202', '2023-06-17', '06:39:25'),
(626, '95.108.213.100', '2023-06-17', '06:49:38'),
(627, '95.108.213.85', '2023-06-17', '07:03:01'),
(628, '95.108.213.90', '2023-06-17', '07:13:07'),
(629, '213.180.203.63', '2023-06-17', '08:22:01'),
(630, '213.180.203.189', '2023-06-17', '08:47:53'),
(631, '36.90.78.215', '2023-06-17', '10:25:18'),
(632, '182.0.235.49', '2023-06-17', '18:22:53'),
(633, '167.94.138.124', '2023-06-18', '18:44:10'),
(634, '162.142.125.224', '2023-06-18', '19:29:20'),
(635, '178.63.52.223', '2023-06-18', '20:28:43'),
(636, '65.109.155.184', '2023-06-18', '22:15:09'),
(637, '95.108.213.116', '2023-06-19', '00:31:18'),
(638, '213.180.203.9', '2023-06-19', '00:51:02'),
(639, '180.247.200.48', '2023-06-19', '09:16:23'),
(640, '95.108.213.132', '2023-06-19', '10:18:59'),
(641, '180.248.19.190', '2023-06-19', '15:24:46'),
(642, '103.144.227.246', '2023-06-19', '15:11:32'),
(643, '36.90.20.83', '2023-06-19', '15:14:01'),
(644, '182.4.132.107', '2023-06-19', '20:28:17'),
(645, '182.4.132.160', '2023-06-20', '11:39:32'),
(646, '182.1.69.77', '2023-06-20', '15:23:14'),
(647, '36.71.85.67', '2023-06-20', '15:46:52'),
(648, '180.248.19.190', '2023-06-20', '15:52:27'),
(649, '110.50.81.202', '2023-06-20', '15:52:52'),
(650, '180.241.95.47', '2023-06-20', '18:55:16'),
(651, '180.247.6.93', '2023-06-20', '20:31:45'),
(652, '103.189.201.59', '2023-06-20', '23:24:57'),
(653, '36.83.118.11', '2023-06-21', '06:45:56'),
(654, '182.4.102.159', '2023-06-21', '17:49:37'),
(655, '139.162.52.34', '2023-06-21', '18:10:43'),
(656, '180.254.130.161', '2023-06-21', '18:43:55'),
(657, '180.245.46.245', '2023-06-21', '19:15:19'),
(658, '36.71.81.16', '2023-06-21', '20:07:10'),
(659, '114.124.240.21', '2023-06-21', '21:23:54'),
(660, '114.122.104.188', '2023-06-21', '21:35:10'),
(661, '114.122.107.8', '2023-06-21', '21:36:02'),
(662, '51.222.253.15', '2023-06-22', '06:26:03'),
(663, '125.167.50.120', '2023-06-22', '09:06:32'),
(664, '182.3.100.98', '2023-06-22', '09:11:38'),
(665, '114.79.5.168', '2023-06-22', '09:57:01'),
(666, '114.5.105.128', '2023-06-22', '10:55:07'),
(667, '114.10.17.152', '2023-06-22', '11:45:58'),
(668, '182.2.144.59', '2023-06-22', '13:48:52'),
(669, '180.253.76.141', '2023-06-22', '14:44:59'),
(670, '125.162.120.214', '2023-06-22', '16:01:47'),
(671, '103.47.135.163', '2023-06-22', '23:36:26'),
(672, '103.212.179.21', '2023-06-23', '06:44:31'),
(673, '36.82.9.42', '2023-06-23', '07:39:48'),
(674, '180.253.78.109', '2023-06-23', '09:38:31'),
(675, '180.248.19.190', '2023-06-23', '15:53:09'),
(676, '36.90.79.74', '2023-06-24', '13:03:13'),
(677, '40.77.167.238', '2023-06-27', '01:45:11'),
(678, '180.253.76.61', '2023-06-28', '07:13:01'),
(679, '54.147.210.8', '2023-06-28', '09:30:21'),
(680, '202.80.213.66', '2023-06-28', '13:25:30'),
(681, '5.255.231.28', '2023-06-28', '13:49:08'),
(682, '40.77.167.238', '2023-06-28', '21:55:18'),
(683, '114.122.107.99', '2023-06-30', '08:36:46'),
(684, '118.96.212.190', '2023-06-30', '08:44:11'),
(685, '36.90.77.205', '2023-06-30', '09:33:20'),
(686, '54.36.149.103', '2023-06-30', '11:34:48'),
(687, '40.77.167.238', '2023-07-01', '07:07:45'),
(688, '110.137.81.169', '2023-07-01', '09:24:42'),
(689, '40.77.167.238', '2023-07-02', '14:12:00'),
(690, '125.164.232.108', '2023-07-03', '18:38:05'),
(691, '149.154.161.245', '2023-07-03', '19:38:50'),
(692, '125.166.8.164', '2023-07-03', '20:20:18'),
(693, '180.253.64.236', '2023-07-04', '18:17:12'),
(694, '36.71.84.198', '2023-07-04', '10:30:21'),
(695, '40.77.167.97', '2023-07-04', '13:34:55'),
(696, '125.164.232.108', '2023-07-04', '17:42:14'),
(697, '103.189.122.166', '2023-07-04', '22:54:14'),
(698, '103.189.122.166', '2023-07-05', '00:02:23'),
(699, '180.253.74.138', '2023-07-05', '09:06:41'),
(700, '114.10.21.249', '2023-07-05', '22:13:06'),
(701, '36.90.76.241', '2023-07-06', '08:36:00'),
(702, '34.254.29.179', '2023-07-06', '19:48:45'),
(703, '40.77.167.97', '2023-07-06', '21:48:20'),
(704, '114.10.119.181', '2023-07-07', '08:16:50'),
(705, '125.163.76.220', '2023-07-07', '17:17:08'),
(706, '114.122.102.71', '2023-07-07', '19:29:49'),
(707, '54.36.148.221', '2023-07-08', '20:45:39'),
(708, '114.10.4.7', '2023-07-09', '12:51:54'),
(709, '68.183.5.222', '2023-07-09', '16:23:43'),
(710, '52.167.144.114', '2023-07-10', '03:20:15'),
(711, '182.2.78.102', '2023-07-10', '18:37:42'),
(712, '125.166.163.44', '2023-07-10', '20:10:42'),
(713, '140.213.57.92', '2023-07-11', '08:37:45'),
(714, '125.167.51.127', '2023-07-11', '10:00:41'),
(715, '52.167.144.114', '2023-07-11', '16:18:18'),
(716, '114.10.20.126', '2023-07-11', '22:14:36'),
(717, '114.10.8.155', '2023-07-12', '13:13:20'),
(718, '103.189.122.166', '2023-07-12', '14:21:42'),
(719, '207.46.13.206', '2023-07-12', '19:19:52'),
(720, '207.46.13.206', '2023-07-13', '04:25:55'),
(721, '213.180.203.64', '2023-07-13', '09:22:29'),
(722, '180.251.156.193', '2023-07-13', '16:42:51'),
(723, '157.55.39.216', '2023-07-14', '07:18:14'),
(724, '94.130.237.95', '2023-07-14', '16:06:59'),
(725, '180.253.66.222', '2023-07-14', '19:51:48'),
(726, '180.241.240.133', '2023-07-15', '08:32:14'),
(727, '110.137.102.53', '2023-07-15', '07:07:25'),
(728, '52.167.144.74', '2023-07-15', '14:41:53'),
(729, '114.10.11.121', '2023-07-16', '03:06:21'),
(730, '180.253.73.66', '2023-07-16', '13:48:24'),
(731, '182.2.77.147', '2023-07-16', '20:25:34'),
(732, '54.36.148.143', '2023-07-17', '03:24:23'),
(733, '114.10.122.28', '2023-07-17', '18:33:55'),
(734, '103.189.122.166', '2023-07-17', '18:47:40'),
(735, '140.213.56.39', '2023-07-18', '07:50:25'),
(736, '180.253.65.80', '2023-07-18', '10:05:22'),
(737, '66.249.83.6', '2023-07-18', '10:19:35'),
(738, '52.167.144.74', '2023-07-18', '15:50:10'),
(739, '52.167.144.74', '2023-07-20', '02:59:01'),
(740, '40.77.167.215', '2023-07-21', '06:53:22'),
(741, '103.117.31.250', '2023-07-22', '08:12:01'),
(742, '52.167.144.74', '2023-07-22', '10:57:30'),
(743, '223.255.231.141', '2023-07-23', '14:17:04'),
(744, '52.167.144.74', '2023-07-23', '15:46:32'),
(745, '52.167.144.74', '2023-07-24', '01:07:30'),
(746, '52.167.144.74', '2023-07-25', '02:15:09'),
(747, '64.225.26.40', '2023-07-25', '10:52:11'),
(748, '180.253.71.88', '2023-07-25', '15:23:10');

-- --------------------------------------------------------

--
-- Struktur dari tabel `institution`
--

CREATE TABLE `institution` (
  `inst_id` int(11) UNSIGNED NOT NULL,
  `inst_name` varchar(200) NOT NULL,
  `inst_npsn` varchar(200) NOT NULL,
  `inst_nsm` varchar(200) DEFAULT NULL,
  `inst_headmaster` varchar(200) DEFAULT NULL,
  `inst_telp` varchar(200) DEFAULT NULL,
  `inst_address` varchar(255) DEFAULT NULL,
  `inst_village` varchar(255) DEFAULT NULL,
  `inst_district` varchar(255) DEFAULT NULL,
  `inst_regency` varchar(255) DEFAULT NULL,
  `inst_province` varchar(255) DEFAULT NULL,
  `inst_img` varchar(255) DEFAULT NULL,
  `inst_web` varchar(255) DEFAULT NULL,
  `inst_email` varchar(255) DEFAULT NULL
) ENGINE=InnoDB DEFAULT CHARSET=utf8 COLLATE=utf8_general_ci;

--
-- Dumping data untuk tabel `institution`
--

INSERT INTO `institution` (`inst_id`, `inst_name`, `inst_npsn`, `inst_nsm`, `inst_headmaster`, `inst_telp`, `inst_address`, `inst_village`, `inst_district`, `inst_regency`, `inst_province`, `inst_img`, `inst_web`, `inst_email`) VALUES
(1, 'ANZFAM', '007281772', '21212121', 'AnzFam, M.Pd.', '08766656255', 'Jl. Indah - Megah', 'Lahar', 'Telagabiru', 'Semarang', 'Jawa Tengah', '1680946453_728a34f6a9387972421f.png', 'https://anzfam.com', 'email@anzfam.com');

-- --------------------------------------------------------

--
-- Struktur dari tabel `lib_authors`
--

CREATE TABLE `lib_authors` (
  `author_id` varchar(255) NOT NULL,
  `author_name` varchar(255) NOT NULL
) ENGINE=InnoDB DEFAULT CHARSET=utf8 COLLATE=utf8_general_ci;

--
-- Dumping data untuk tabel `lib_authors`
--

INSERT INTO `lib_authors` (`author_id`, `author_name`) VALUES
('00d3dbec-1897-4b72-984d-5077a8bf6ad8', 'Mustofa  Kmal Rokan, S.H.I, M.H.I'),
('02441b52-ae26-4b05-a320-daac88c3bbb4', 'Tim Majelis Ta’lim Wa Dzikir Wa Maulid Raudhatut Thalibin'),
('061ae346-33bc-4a11-99c8-df420e813dd9', 'Edi Purwanto'),
('07cd6221-74f9-4e35-aad1-7472561ca7ce', 'Abdurrahman bin Ibrahim al-Khumais'),
('092d34ee-1343-4b08-884c-962dd9886ec0', 'Irham Maulana, Lc'),
('0a226c71-52b8-4153-96d5-755087c247ab', 'Muhammad Abduh Tuasikal'),
('0ee0e90b-4bf6-49fd-a84b-aedcf68dc0e7', 'Imam Muhsin'),
('1276fdce-e5c0-46b8-8947-a1f33a3b6790', 'Abu Utsman Kharisman'),
('14d8f16e-9cbc-4320-99ff-0049ba9ac2d8', 'Ustaz H. Mohd Asraff Ayob Al-Hafiz'),
('16aebcc6-2d54-47fb-9a81-0f35c1e66d1f', 'Iwan Setiawan, Dedi, Suciati, dan A. Mushlih'),
('18b756e7-3140-42ea-a6b0-c20991acffe2', ' Muhammad Luthfi Ghozali'),
('1ae57ae7-e40a-42bf-a1e9-98020738fae2', 'Khalid Muhammad Khalid'),
('1bbc44cd-5dad-4b92-ad9e-f86509dff013', 'Ibnul Qoyyim Al Jauziyah'),
('1eb20424-2b46-4b6b-af09-8899f646b7a7', 'St. Halimang'),
('223f1b0b-200f-4be8-8d13-e4197741d58d', 'dr. Mohammad Ali Toha Assegaf'),
('246f40ef-1c45-472a-8ada-28ef23c93b5c', 'Arli Kurnia'),
('2ed68673-e24a-43b4-8491-3ab1f672461c', 'Wiyanto Suud'),
('33764e2e-87fd-4910-a04e-0e4b98b41af7', 'Prof Dr. H. Mohammad Baharun'),
('3aee6af5-ae87-407f-9037-98c4bd1838e7', 'Maharati Marfuah, Lc'),
('3ba0f14a-f2eb-42bf-a41b-7dee98bdb12b', 'Ragwan M Al-Aydrus'),
('3c3836d8-4e07-4ba1-a697-6fc9472d632c', 'Dr. Akrom Dhiyo\' Al-Umuri'),
('3d7643af-fda4-42ff-bd26-4ca17130640b', 'Abu Malik Kamal bin as-Sayyid Salim'),
('424ab2fe-80ef-4d9b-a63a-2756c1069c54', 'Lukman Surya Saputra, Aa Nurdiaman, dan Salikun'),
('434014d9-4b3d-4e02-bce1-16a9219bdf1f', 'Dr Yusuf Al-Qaradawi'),
('44ff543c-cd7e-4e42-a3cb-7f3a27a3d89e', 'Muhammad Bin Shalih Al-Munajjid'),
('4ab947c2-dd8c-4254-84de-72cf4a20bc4a', 'Syaikh Muhammad bin Ibrahim At-Tuwaijri'),
('557bb9cf-6ecc-4e54-9ed9-59b262316d0b', 'Hikmadi'),
('5c01b415-a5a4-4d0d-93a6-68d7ced5562b', 'Wahono Widodo, Fida Rachmadiarti, dan Siti Nurul Hidayati'),
('60da219a-fba4-4caf-b1af-24d20fa002c7', 'Nor Kandir'),
('67559e85-528a-4379-bd54-32cf9a1c19a6', 'Drs. Agus Triyanta, MA, MH., Ph.D'),
('695d2897-6626-472a-b621-08156ce13cb5', 'FATONI-DIGIPRENENUR'),
('69cf73f3-3179-4885-a0e1-3eb7493347fd', 'Syaikhul Islam Ibn Taimiyah'),
('6a7ce9d3-69ce-470c-aedf-835ba2c7eb88', 'Campbell.Reece'),
('6b847caf-e1a9-449f-bf43-9083abceb6f8', 'Syaikh Muhammad Sholih Al-Munajjid'),
('6e38923b-c9ab-45a8-8c01-b4f27db2557e', 'Mas Wantik'),
('6fe05fcc-de56-4010-aa12-2e9eaf0b2b2d', 'Imam Abi Abdillah Muhammad Bin Sulaiman Al Jazuli'),
('70b2d77a-c11b-445e-a4b3-f348c33a6377', 'Buya Yahya'),
('713989d5-3587-4886-8203-fb3e4a7780f1', 'Yuswohady'),
('71acfaef-3693-41dd-bc16-5818a45ca2ec', 'Andre Raditya'),
('71af0a37-a524-43f8-a963-cb2feb46c674', 'H. Abdul Shomad, LC.'),
('72200029-3b18-4580-8f45-d38ff13d49e6', 'Ust. Arafat'),
('790db43b-cc6e-4bce-bfb6-5f90c6fcfc3d', 'Syamsul Rijal Hamid'),
('79565043-9db4-40b0-889c-4555f27046d2', 'Abdullah Gymnastiar'),
('7c29c2b5-6941-4bcb-a0b9-e3ecd3a6d137', 'Fahmi Arafat Daulay'),
('7c33b5c3-46c0-46a4-9db2-a00353d58b7b', 'M. Ubaidillah Arsyad'),
('7e3a4b1f-ef6b-4e0f-90af-7a529f2f11c5', 'Ahmad Mubarok'),
('7ed95e07-bcce-4a4b-9c09-bc86cc625588', 'H. Abdul Somad, Lc., MA.'),
('80ea660d-395b-4ad0-a54d-88593e0d7b3f', 'Ahmad Chodjim'),
('83b9c6ac-cdbe-42b6-91d5-5596fa257ba8', 'Abu Anas Ali Bin Husain Abu Lauz'),
('8409ace5-89ac-47c3-b792-478e9d4e17f4', 'Imam Ibnul Jazariy '),
('8613fe02-7b80-4089-8e92-cb7701a7679c', 'dr Nia Kurniasih, Ihsanul Muttaqien'),
('88fa57b9-9d30-40fc-8344-33f85315c6ec', 'Muhajir'),
('8b7ae30e-9b63-4af9-ba2b-190ce25191fa', 'Totong Hendriana'),
('8fe4c60c-97a6-4caf-bd9e-1036cf6a5730', 'Luki Nugroho, Lc.'),
('91471c50-36f7-4fbe-816b-002a1510773e', 'Nurhayati, MA, Nufa'),
('947f88c5-547d-481c-bef3-c15bf230685d', 'Imam Saiful Mu\'min'),
('96029824-fa9e-42b8-bd7b-abc37a1e8048', 'Abu Azka, Lukman Mohammad Baga'),
('9c555795-a4e7-4050-b0cd-7309f169ffc2', 'Titik Harsiati, Agus Trianto, dan E. Kosasih'),
('a051be9b-c113-4175-950b-5625e2e99b2a', 'Tim Harakah Islamiyah'),
('ab1afb5f-7842-4068-80af-e7cb844f3c32', 'Dewi Iriani'),
('afb343a5-199b-4c54-8fb7-6b9f6f2dac24', 'Syaikh Abdul Aziz Al-Huwaithan'),
('b51cd9ec-d4c0-458e-a833-0a9493507bc4', 'Abul Qasim Abdul Karim Hawazin Al-Qusyairi An-Naisaburi'),
('ba1ae009-8860-4326-8c46-17b88a160a3c', 'M. Nadratuzzaman Hosen, AM. Hasan Ali'),
('be14a23a-c12b-476a-b253-326c0809b52e', 'Abdur Rahman As’ari, Mohammad Tohir, Erik Valentino,\nZainul Imron, dan Ibnu Taufiq'),
('beaf3934-d5f4-4b8c-bfd6-ac7259746250', 'Muhammad Ajib, Lc., MA'),
('c3ca4a0a-2016-4552-9055-2c43447fad05', 'Saptuari Sugiharto'),
('c57e1649-d4bf-4418-a0b9-8b22b7799170', 'Syaikh Iman Al-Wakil'),
('cc53b5f4-3587-43b9-90ae-0f6c1b25b4cf', 'Fadhilatus Syaikh al-Mujahid Turkiy Al-Bin\'aliy'),
('cd493239-9c3b-441d-824e-1ded900adbd8', 'RONNY F. RONODIRDJO'),
('d1b8343f-3261-4444-b7a9-7c9e069a0949', 'Ayu Agus Rianti'),
('d86d3ee7-bca3-49a3-a42c-17ca7433cb3c', 'Dewa Eka Prayoga'),
('d99acedc-fc08-4aaf-8343-2bb37d89e692', 'SYIHABUDDIN'),
('dd7265b3-3d87-42b8-80b8-7318969f83dc', 'Perdana Ahmad'),
('e4480eb9-9ca4-4005-a935-ae457cc10d5c', 'K.H Sirajuddin Abbas'),
('e55be760-3f1c-498b-af54-03c8320b6d24', 'Wildan Jauhari, L.C.'),
('e8571413-413d-46a1-814b-fd69c69273ff', 'Wisnu Andrianto'),
('ee50415b-5c2d-4ff3-9dd5-e0a69773ee93', 'Saktiyono B. Purwoko, S.Psi'),
('eecd2a46-120b-4ce3-87ca-f9e623ea4681', 'Bachrudin Achmad'),
('f140c973-aac2-44fa-9aee-c4e10dbdb1d7', '@Inspirasi Al-Quran'),
('f4b465a7-fc5c-43fc-97ff-dc0fbc2b068b', 'Ibnul Jauzi'),
('f54b42dd-7e62-4975-ba3f-aa62ec4f561c', 'Noriagaa & Archenar'),
('fcf49ef9-31c5-450a-b181-ae6f532d8459', 'Siti Wachidah, Asep Gunawan, Diyantari, dan Yuli Rulani Khatimah'),
('fe067370-9aba-4eeb-9575-dfca669ce2e0', 'Dr. Said Bin Ali Al-Qahthani');

-- --------------------------------------------------------

--
-- Struktur dari tabel `lib_places`
--

CREATE TABLE `lib_places` (
  `place_id` varchar(255) NOT NULL,
  `place_name` varchar(255) NOT NULL
) ENGINE=InnoDB DEFAULT CHARSET=utf8 COLLATE=utf8_general_ci;

--
-- Dumping data untuk tabel `lib_places`
--

INSERT INTO `lib_places` (`place_id`, `place_name`) VALUES
('126b7678-4f71-43f4-a613-120b77111460', 'Semarang'),
('38eac7ed-f4df-4bbb-a07c-fcae469cddfb', 'Jakarta Selatan'),
('44f30001-6512-4d7f-984b-81996fdfa80b', 'Jakarta Barat'),
('533c8c9d-8438-4b0b-8b50-12bd1240ac1b', 'Pekanbaru'),
('6ef42dc3-b621-440b-9e3b-b1e612e914f0', 'Riyadh'),
('792290ff-c188-473f-b347-fbe05dffaf37', 'Bogor'),
('79953371-9c2c-4182-88a9-ff395ae34f3f', 'Kelantan'),
('7d377cf4-64c7-4a3a-9c5e-4bc6f8ae04fd', 'Surabaya'),
('993c3ccb-20f7-41c0-9065-b3c420bbfdb9', 'Bandung'),
('9dae756d-4716-468f-a0f0-01f3de389ca5', 'Suriya'),
('a2cb6264-a1bb-4872-b5be-63a948af274e', 'Beirut, Lebanon'),
('a32ab0ed-6ab7-4448-9d8d-59a0f059c469', 'Jakarta'),
('b87f32f2-5d4a-4624-a291-f964bbc6605f', 'Jakarta Timur'),
('bee000a8-778d-49be-a39a-ab631bcac6e5', 'Bekasi'),
('cf1b4858-7077-40e3-9514-f3afdb6e122a', 'Yogyakarta'),
('f2e3b358-a77a-4c2a-a911-19758b88dfde', 'Cirebon');

-- --------------------------------------------------------

--
-- Struktur dari tabel `lib_publishers`
--

CREATE TABLE `lib_publishers` (
  `publisher_id` varchar(255) NOT NULL,
  `publisher_name` varchar(255) NOT NULL
) ENGINE=InnoDB DEFAULT CHARSET=utf8 COLLATE=utf8_general_ci;

--
-- Dumping data untuk tabel `lib_publishers`
--

INSERT INTO `lib_publishers` (`publisher_id`, `publisher_name`) VALUES
('01fba332-d7bf-4db8-9f1f-9e7cff6a622c', 'Saktiyono Wordpress'),
('024e0646-b14e-47bd-803e-36e9dcec1a79', 'Pusat Kurikulum dan Perbukuan, Balitbang, Kemendikbud'),
('0c9383c2-d124-40f2-8fc1-93582cb480ba', 'Semesta Aksara'),
('1540fd36-d7d4-4dd8-9123-0579b429bd09', 'Pustaka Hudaya'),
('17347406-d327-4c19-885d-ec056f5f25f5', 'Pustaka Al-Kautsar'),
('18d70e80-8028-4fe0-be3b-db121367947a', 'Pandiva Buku'),
('1bb50e68-0661-4a76-bc7c-2c5726f6fe8d', 'Mizania'),
('21d0ef71-67c6-4d21-bed7-18f81b10acb3', 'Papyrus Publishing'),
('225ca4d5-19b1-4b20-89fc-b86711087d9b', 'Universitas Pendidikan Indonesia'),
('31235bae-9abc-4857-8250-507b0f0c49b2', 'Pustaka Syabab'),
('31543062-cc8a-4d59-adee-be3e97fc7dce', 'DEEPUBLISH'),
('346b1b89-4ca3-4a83-b988-0550e1fc6f0f', 'Penyebar Berita'),
('35084e90-dc7c-4f3c-bc1a-e784a0115d24', 'Al-Maktab At-Ta\'awuni Lidda\'wah Wal-Irsyad bis-Sulay'),
('3819279b-40d8-4401-80eb-dc0bef8a261f', 'Bunyan'),
('3a188982-5d3f-427f-8ca1-098a840d8b82', ' www.piss-ktb.com'),
('3c188d84-e345-4da7-aaaa-fa86bd37d7a3', 'JD Publishing'),
('3f1711e0-69e6-44bd-808c-56df85a68342', 'Pengusaha Muslim'),
('4fe2956c-b178-4581-b9b1-f99db4fa4958', 'Belanoor'),
('5083bcb4-da52-490c-92f4-fc8a71e7ca52', 'Pustaka Ibnu Katsir'),
('5676e3f9-0846-4a2e-b245-81594c627981', 'Pustaka Al-Bahjah'),
('56ed6876-c651-4103-8f4f-dfceb96eb145', 'Pustaka Al-Maqsith'),
('585aa4c2-5957-45c9-a629-5293e2739131', 'Noura Books'),
('5f6946f8-c729-4293-9fb0-15904be1ba0b', 'www.inventure.id'),
('6a9c274c-96e5-494f-a929-c1dc641dcb15', 'Anak Teladan Digital Publishing'),
('6ba01a23-0037-4fde-907e-3341e65734d2', 'Rumaysho'),
('6eefaff7-29c3-455b-ac26-4f2218f15166', 'Islam House'),
('72d6498c-f426-49d9-9613-cef5aab1ba5f', 'Pustaka Aman Press SDN. BHD.'),
('7a2dc436-358c-4cb7-b721-5f61f79e711c', 'Rumah Fiqih Publishing'),
('7a7151a9-a7a4-4a27-a93d-8093cb89171d', 'Pusat Komunikasi Ekonomi Syariah (PKES Publishing)'),
('7a91d443-549e-4642-bf11-e3c1a63e551c', 'Darunnur Al Qodiriyyah (Suriyah)'),
('899d8fcf-ee0f-4634-bca3-ba0427034d8f', 'Sinergy Lintas Batas'),
('8a8ffe4c-74bb-4bca-b32b-068a8fcdd98b', 'Cakrawala Publishing'),
('912d6472-0e23-4d65-9c39-55dd43467a3d', 'PT Elex Media Komputindo'),
('91d60882-3c46-489c-b7e2-76dedee5ef3b', 'harakahislamiyah.com'),
('94ad1b17-8b56-4e05-9c58-62de9c4fb4a7', 'Tim Pustaka Muslim'),
('9f4db287-d1b3-4a3d-96d1-6973024815ee', 'PUSTAKA AMANI'),
('9fdef67f-6546-4568-930d-9f00015ab26e', 'FH UII Press'),
('a1759b47-e359-43b6-80bb-4014cbd70837', 'Muslim Enterpreneur University'),
('a52bcc09-26bd-4a4b-8e50-484d120d5143', 'Jahabersa'),
('ab241d99-5863-4fb6-b3c3-93415b7acc0c', 'Senyum Publishing'),
('abfac7d8-af9d-42cc-8244-f9e66340313b', 'Abshor'),
('b0cdc748-9b15-4290-9d13-df2204585988', 'Dar Eel Hujjah'),
('b0d1f32b-a9e4-4d05-b080-3c294c3a8d74', 'Daarul Qolam'),
('b277dc20-c783-4526-a64c-c4a332350760', 'Qibla'),
('b3375c6a-7756-4613-a4db-aa9bd7df089e', 'PT Serambi Ilmu Semesta'),
('ca0e4a5e-f6ba-4853-8a09-ed3522e83b5b', 'Wahyu Qolbu'),
('df2a61cc-112a-4480-b2ac-6ce51225f66e', 'Darus Sunnah'),
('f24616e5-7323-48b0-9453-cfbf7d5bae72', 'SMS Tauhiid'),
('f65b2578-c190-4e62-8db2-5e113ce50dd7', 'Pustaka Sunnah'),
('f8f12d49-1988-48c3-b118-a06953010570', 'Erlangga'),
('fc792c28-bc6b-43fe-803d-f4fcc9fc9b81', 'TAFAQQUH PRESS'),
('fdaf2d38-3a04-47b4-8446-12d860e161a9', 'Syarikah Darul Arqom Ibnu Abi Al Arqom');

-- --------------------------------------------------------

--
-- Struktur dari tabel `lib_rules`
--

CREATE TABLE `lib_rules` (
  `rule_id` bigint(11) UNSIGNED NOT NULL,
  `cover_size` varchar(255) NOT NULL,
  `cover_extension` varchar(255) NOT NULL,
  `e_size` varchar(255) NOT NULL,
  `e_extension` varchar(255) NOT NULL,
  `e_covergid` varchar(255) DEFAULT NULL,
  `e_ebookgid` varchar(255) DEFAULT NULL
) ENGINE=InnoDB DEFAULT CHARSET=utf8 COLLATE=utf8_general_ci;

--
-- Dumping data untuk tabel `lib_rules`
--

INSERT INTO `lib_rules` (`rule_id`, `cover_size`, `cover_extension`, `e_size`, `e_extension`, `e_covergid`, `e_ebookgid`) VALUES
(1, '102400', 'jpg,jpeg,png', '104857600', 'pdf', '1ghTEm73HybfRAT4HMu0MhYZBxusvdFPH', '1xVbdkIUHXvj_yp_wwe4mpkECOlnncRvw');

-- --------------------------------------------------------

--
-- Struktur dari tabel `migrations`
--

CREATE TABLE `migrations` (
  `id` bigint(20) UNSIGNED NOT NULL,
  `version` varchar(255) NOT NULL,
  `class` varchar(255) NOT NULL,
  `group` varchar(255) NOT NULL,
  `namespace` varchar(255) NOT NULL,
  `time` int(11) NOT NULL,
  `batch` int(11) UNSIGNED NOT NULL
) ENGINE=InnoDB DEFAULT CHARSET=utf8 COLLATE=utf8_general_ci;

--
-- Dumping data untuk tabel `migrations`
--

INSERT INTO `migrations` (`id`, `version`, `class`, `group`, `namespace`, `time`, `batch`) VALUES
(24, '2022-05-19-065227', 'App\\Database\\Migrations\\Admin', 'default', 'App', 1665906077, 1),
(25, '2022-05-19-070659', 'App\\Database\\Migrations\\Institution', 'default', 'App', 1665906077, 1),
(26, '2022-08-25-080716', 'App\\Database\\Migrations\\Kategori', 'default', 'App', 1665906077, 1),
(27, '2022-08-25-230133', 'App\\Database\\Migrations\\ECategories', 'default', 'App', 1665906077, 1),
(28, '2022-08-29-074100', 'App\\Database\\Migrations\\ESubcategories', 'default', 'App', 1665906077, 1),
(29, '2022-09-02-055502', 'App\\Database\\Migrations\\ECollections', 'default', 'App', 1665906077, 1),
(30, '2022-09-04-135641', 'App\\Database\\Migrations\\LibRules', 'default', 'App', 1665906077, 1),
(31, '2022-10-12-082414', 'App\\Database\\Migrations\\LibAuthors', 'default', 'App', 1665906077, 1),
(32, '2022-10-12-082505', 'App\\Database\\Migrations\\LibPlaces', 'default', 'App', 1665906077, 1),
(33, '2022-10-12-082525', 'App\\Database\\Migrations\\LibPublishers', 'default', 'App', 1665906077, 1),
(34, '2022-10-15-072200', 'App\\Database\\Migrations\\Visitors', 'default', 'App', 1665906077, 1);

--
-- Indexes for dumped tables
--

--
-- Indeks untuk tabel `categories`
--
ALTER TABLE `categories`
  ADD PRIMARY KEY (`cat_id`);

--
-- Indeks untuk tabel `customizations`
--
ALTER TABLE `customizations`
  ADD PRIMARY KEY (`custom_id`);

--
-- Indeks untuk tabel `e_categories`
--
ALTER TABLE `e_categories`
  ADD PRIMARY KEY (`ecat_id`),
  ADD UNIQUE KEY `ecat_id` (`ecat_id`);

--
-- Indeks untuk tabel `e_collections`
--
ALTER TABLE `e_collections`
  ADD PRIMARY KEY (`ecol_id`),
  ADD UNIQUE KEY `ecol_id` (`ecol_id`),
  ADD UNIQUE KEY `ecol_u` (`ecol_u`);

--
-- Indeks untuk tabel `e_comments`
--
ALTER TABLE `e_comments`
  ADD PRIMARY KEY (`comment_id`);

--
-- Indeks untuk tabel `e_subcategories`
--
ALTER TABLE `e_subcategories`
  ADD PRIMARY KEY (`esubcat_id`),
  ADD UNIQUE KEY `esubcat_id` (`esubcat_id`);

--
-- Indeks untuk tabel `e_visitors`
--
ALTER TABLE `e_visitors`
  ADD PRIMARY KEY (`visitor_id`);

--
-- Indeks untuk tabel `institution`
--
ALTER TABLE `institution`
  ADD PRIMARY KEY (`inst_id`);

--
-- Indeks untuk tabel `lib_authors`
--
ALTER TABLE `lib_authors`
  ADD PRIMARY KEY (`author_id`),
  ADD UNIQUE KEY `author_id` (`author_id`);

--
-- Indeks untuk tabel `lib_places`
--
ALTER TABLE `lib_places`
  ADD PRIMARY KEY (`place_id`),
  ADD UNIQUE KEY `place_id` (`place_id`);

--
-- Indeks untuk tabel `lib_publishers`
--
ALTER TABLE `lib_publishers`
  ADD PRIMARY KEY (`publisher_id`),
  ADD UNIQUE KEY `publisher_id` (`publisher_id`);

--
-- Indeks untuk tabel `lib_rules`
--
ALTER TABLE `lib_rules`
  ADD PRIMARY KEY (`rule_id`);

--
-- Indeks untuk tabel `migrations`
--
ALTER TABLE `migrations`
  ADD PRIMARY KEY (`id`);

--
-- AUTO_INCREMENT untuk tabel yang dibuang
--

--
-- AUTO_INCREMENT untuk tabel `categories`
--
ALTER TABLE `categories`
  MODIFY `cat_id` bigint(11) UNSIGNED NOT NULL AUTO_INCREMENT;

--
-- AUTO_INCREMENT untuk tabel `customizations`
--
ALTER TABLE `customizations`
  MODIFY `custom_id` bigint(11) UNSIGNED NOT NULL AUTO_INCREMENT, AUTO_INCREMENT=2;

--
-- AUTO_INCREMENT untuk tabel `e_comments`
--
ALTER TABLE `e_comments`
  MODIFY `comment_id` bigint(11) UNSIGNED NOT NULL AUTO_INCREMENT, AUTO_INCREMENT=4;

--
-- AUTO_INCREMENT untuk tabel `e_visitors`
--
ALTER TABLE `e_visitors`
  MODIFY `visitor_id` bigint(11) UNSIGNED NOT NULL AUTO_INCREMENT, AUTO_INCREMENT=749;

--
-- AUTO_INCREMENT untuk tabel `institution`
--
ALTER TABLE `institution`
  MODIFY `inst_id` int(11) UNSIGNED NOT NULL AUTO_INCREMENT, AUTO_INCREMENT=2;

--
-- AUTO_INCREMENT untuk tabel `lib_rules`
--
ALTER TABLE `lib_rules`
  MODIFY `rule_id` bigint(11) UNSIGNED NOT NULL AUTO_INCREMENT, AUTO_INCREMENT=2;

--
-- AUTO_INCREMENT untuk tabel `migrations`
--
ALTER TABLE `migrations`
  MODIFY `id` bigint(20) UNSIGNED NOT NULL AUTO_INCREMENT, AUTO_INCREMENT=35;
COMMIT;

